{"id":9218,"date":"2024-05-10T01:58:31","date_gmt":"2024-05-10T01:58:31","guid":{"rendered":"https:\/\/qghome.vn\/?post_type=product&#038;p=9218"},"modified":"2024-05-10T01:58:33","modified_gmt":"2024-05-10T01:58:33","slug":"ghe-sofa-vang-da-cao-cap-2m","status":"publish","type":"product","link":"https:\/\/luan.webrt.net\/qhome\/san-pham\/ghe-sofa-vang-da-cao-cap-2m\/","title":{"rendered":"Gh\u1ebf sofa v\u0103ng da cao c\u1ea5p 2m"},"content":{"rendered":"<p>Gh\u1ebf sofa v\u0103ng da cao c\u1ea5p 2m m\u00e0u kem \u2013 QGSF02. Nh\u01b0\u0303ng ai y\u00eau thi\u0301ch m\u1eabu sofa vu\u00f4ng v\u1eafn \u0111\u01a1n gi\u1ea3n thi\u0300 n\u00ean l\u01b0\u0323a cho\u0323n Gh\u1ebf sofa v\u0103ng da cao c\u1ea5p 2m m\u00e0u kem \u2013 QGSF02 cu\u0309a qghome.vn, M\u00e2\u0303u sofa na\u0300y co\u0301 thi\u1ebft k\u1ebf \u0111\u01a1n gi\u1ea3n, tinh t\u1ebf, mang l\u1ea1i c\u1ea3m gi\u00e1c ng\u1ed3i v\u00f4 c\u00f9ng tho\u1ea3i m\u00e1i, th\u1eddi gian s\u1eed d\u1ee5ng ch\u1ea5t li\u1ec7u da cao c\u1ea5p b\u00ea\u0300n bi\u0309 v\u01a1\u0301i th\u01a1\u0300i gian.<\/p>\n<p><img loading=\"lazy\" decoding=\"async\" class=\"aligncenter size-full wp-image-9220\" src=\"http:\/\/qghome.vn\/wp-content\/uploads\/2024\/05\/sofa-da-van-phong.jpg\" alt=\"\" width=\"800\" height=\"800\" srcset=\"https:\/\/luan.webrt.net\/qhome\/wp-content\/uploads\/2024\/05\/sofa-da-van-phong.jpg 800w, https:\/\/luan.webrt.net\/qhome\/wp-content\/uploads\/2024\/05\/sofa-da-van-phong-100x100.jpg 100w, https:\/\/luan.webrt.net\/qhome\/wp-content\/uploads\/2024\/05\/sofa-da-van-phong-510x510.jpg 510w, https:\/\/luan.webrt.net\/qhome\/wp-content\/uploads\/2024\/05\/sofa-da-van-phong-400x400.jpg 400w, https:\/\/luan.webrt.net\/qhome\/wp-content\/uploads\/2024\/05\/sofa-da-van-phong-280x280.jpg 280w, https:\/\/luan.webrt.net\/qhome\/wp-content\/uploads\/2024\/05\/sofa-da-van-phong-768x768.jpg 768w\" sizes=\"auto, (max-width: 800px) 100vw, 800px\" \/><\/p>\n<p><img loading=\"lazy\" decoding=\"async\" class=\"aligncenter size-full wp-image-9219\" src=\"http:\/\/qghome.vn\/wp-content\/uploads\/2024\/05\/sofa-da-van-phong-qg3.jpg\" alt=\"\" width=\"789\" height=\"555\" srcset=\"https:\/\/luan.webrt.net\/qhome\/wp-content\/uploads\/2024\/05\/sofa-da-van-phong-qg3.jpg 789w, https:\/\/luan.webrt.net\/qhome\/wp-content\/uploads\/2024\/05\/sofa-da-van-phong-qg3-510x359.jpg 510w, https:\/\/luan.webrt.net\/qhome\/wp-content\/uploads\/2024\/05\/sofa-da-van-phong-qg3-569x400.jpg 569w, https:\/\/luan.webrt.net\/qhome\/wp-content\/uploads\/2024\/05\/sofa-da-van-phong-qg3-768x540.jpg 768w\" sizes=\"auto, (max-width: 789px) 100vw, 789px\" \/><\/p>\n<p>T\u00ednh n\u0103ng n\u1ed5i b\u1eadt c\u1ee7a Gh\u1ebf sofa v\u0103ng da cao c\u1ea5p 2m m\u00e0u kem \u2013 QGSF02<br \/>\nGh\u1ebf sofa v\u0103ng da cao c\u1ea5p 2m m\u00e0u kem \u2013 QGSF02 c\u00f3 thi\u1ebft k\u1ebf 2 ph\u1ea7n gh\u1ebf ng\u1ed3i d\u00e0i, ph\u1ea7n \u0111\u1ec7m gh\u1ebf li\u1ec1n k\u1ebft h\u1ee3p l\u00f2 xo \u0111\u00e0n h\u1ed3i nh\u1eadp kh\u1ea9u mang l\u1ea1i c\u1ea3m gi\u00e1c ng\u1ed3i m\u1ed9t c\u00e1i t\u1ef1 do v\u00e0 tho\u1ea3i m\u00e1i.<br \/>\nL\u00e0 d\u00f2ng s\u1ea3n ph\u1ea9m cao c\u1ea5p v\u1edbi ch\u1ea5t li\u1ec7u da cleo b\u1ec1n \u0111\u1eb9p, \u0111\u00e2y l\u00e0 d\u00f2ng gi\u1ea3 da t\u1ed1t nh\u1ea5t, mang ch\u1ee9ng nh\u1eadn v\u1ec1 \u0111\u1ed9 b\u1ec1n c\u01a1 h\u1ecdc cao c\u0169ng nh\u01b0 r\u1ea5t ph\u00f9 h\u1ee3p v\u1edbi kh\u00ed h\u1eadu t\u1ea1i Vi\u1ec7t nam<br \/>\nCh\u00e2n gh\u1ebf b\u1eb1ng inox s\u00e1ng b\u00f3ng t\u1ea1o n\u00ean v\u1ebb \u0111\u1eb9p sang tr\u1ecdng khi k\u1ebft h\u1ee3p v\u1edbi th\u00e2n gh\u1ebf b\u1ecdc da.<br \/>\nM\u1eabu sofa v\u0103ng da n\u00e0y r\u1ea5t ph\u00f9 h\u1ee3p v\u1edbi c\u00e1c c\u0103n h\u1ed9 c\u00f3 thi\u1ebft k\u1ebf hi\u1ec7n \u0111\u1ea1i, nh\u1ecf g\u1ecdn hay c\u00e1c qu\u00e1n cafe, khu ngh\u1ec9 d\u01b0\u1ee1ng.<br \/>\nK\u00edch th\u01b0\u1edbc 2m s\u00e2u 90cm.<br \/>\nL\u01b0u \u00fd gi\u00e1 ch\u1ec9 c\u00f3 1 gh\u1ebf da d\u00e0i 2m<\/p>\n","protected":false},"excerpt":{"rendered":"<p>&#8211; Sofa da v\u0103n ph\u00f2ng t\u1ef1a b\u00f4ng M\u00e3 QGSF02<br \/>\n-K\u00edch th\u01b0\u1edbc V\u0103ng 2m2<br \/>\n-T\u1eb7ng k\u00e8m 2 \u0111\u00f4n nh\u1ecf + 5 g\u1ed1i<br \/>\n-b\u00e0n tr\u00e0 60x1m2 g\u1ed7 CN<\/p>\n","protected":false},"featured_media":9220,"comment_status":"open","ping_status":"closed","template":"","meta":[],"product_cat":[494],"product_tag":[501,502,503],"class_list":["post-9218","product","type-product","status-publish","has-post-thumbnail","hentry","product_cat-ghe-sofa","product_tag-ghe-sofa","product_tag-ghe-sofa-vang-da-cao-cap-2m","product_tag-sofa-van-phong"],"yoast_head":"<!-- This site is optimized with the Yoast SEO plugin v19.9 - https:\/\/yoast.com\/wordpress\/plugins\/seo\/ -->\n<title>Gh\u1ebf sofa v\u0103ng da cao c\u1ea5p 2m<\/title>\n<meta name=\"description\" content=\"Gh\u1ebf sofa v\u0103ng da cao c\u1ea5p 2m, M\u1eabu Sofa V\u0103n Ph\u00f2ng M\u1edbi 2024 . T\u1ed5ng H\u1ee3p Nh\u1eefng M\u1eabu Gh\u1ebf Sofa B\u00e1n Ch\u1ea1y Nh\u1ea5t V\u1edbi Nhi\u1ec1u K\u00edch Th\u01b0\u1edbc, Ch\u1ea5t Li\u1ec7u Cho Qu\u00fd Kh\u00e1ch.\" \/>\n<meta name=\"robots\" content=\"index, follow, max-snippet:-1, max-image-preview:large, max-video-preview:-1\" \/>\n<link rel=\"canonical\" href=\"https:\/\/luan.webrt.net\/qhome\/san-pham\/ghe-sofa-vang-da-cao-cap-2m\/\" \/>\n<meta property=\"og:locale\" content=\"vi_VN\" \/>\n<meta property=\"og:type\" content=\"article\" \/>\n<meta property=\"og:title\" content=\"Gh\u1ebf sofa v\u0103ng da cao c\u1ea5p 2m\" \/>\n<meta property=\"og:description\" content=\"Gh\u1ebf sofa v\u0103ng da cao c\u1ea5p 2m, M\u1eabu Sofa V\u0103n Ph\u00f2ng M\u1edbi 2024 . T\u1ed5ng H\u1ee3p Nh\u1eefng M\u1eabu Gh\u1ebf Sofa B\u00e1n Ch\u1ea1y Nh\u1ea5t V\u1edbi Nhi\u1ec1u K\u00edch Th\u01b0\u1edbc, Ch\u1ea5t Li\u1ec7u Cho Qu\u00fd Kh\u00e1ch.\" \/>\n<meta property=\"og:url\" content=\"https:\/\/luan.webrt.net\/qhome\/san-pham\/ghe-sofa-vang-da-cao-cap-2m\/\" \/>\n<meta property=\"og:site_name\" content=\"M\u1eabu web n\u1ed9i th\u1ea5t\" \/>\n<meta property=\"article:publisher\" content=\"https:\/\/www.facebook.com\/noithatqghome\" \/>\n<meta property=\"article:modified_time\" content=\"2024-05-10T01:58:33+00:00\" \/>\n<meta property=\"og:image\" content=\"https:\/\/luan.webrt.net\/qhome\/wp-content\/uploads\/2024\/05\/sofa-da-van-phong.jpg\" \/>\n\t<meta property=\"og:image:width\" content=\"800\" \/>\n\t<meta property=\"og:image:height\" content=\"800\" \/>\n\t<meta property=\"og:image:type\" content=\"image\/jpeg\" \/>\n<meta name=\"twitter:card\" content=\"summary_large_image\" \/>\n<meta name=\"twitter:label1\" content=\"\u01af\u1edbc t\u00ednh th\u1eddi gian \u0111\u1ecdc\" \/>\n\t<meta name=\"twitter:data1\" content=\"2 ph\u00fat\" \/>\n<script type=\"application\/ld+json\" class=\"yoast-schema-graph\">{\"@context\":\"https:\/\/schema.org\",\"@graph\":[{\"@type\":\"WebPage\",\"@id\":\"https:\/\/luan.webrt.net\/qhome\/san-pham\/ghe-sofa-vang-da-cao-cap-2m\/\",\"url\":\"https:\/\/luan.webrt.net\/qhome\/san-pham\/ghe-sofa-vang-da-cao-cap-2m\/\",\"name\":\"Gh\u1ebf sofa v\u0103ng da cao c\u1ea5p 2m\",\"isPartOf\":{\"@id\":\"https:\/\/luan.webrt.net\/qhome\/#website\"},\"datePublished\":\"2024-05-10T01:58:31+00:00\",\"dateModified\":\"2024-05-10T01:58:33+00:00\",\"description\":\"Gh\u1ebf sofa v\u0103ng da cao c\u1ea5p 2m, M\u1eabu Sofa V\u0103n Ph\u00f2ng M\u1edbi 2024 . T\u1ed5ng H\u1ee3p Nh\u1eefng M\u1eabu Gh\u1ebf Sofa B\u00e1n Ch\u1ea1y Nh\u1ea5t V\u1edbi Nhi\u1ec1u K\u00edch Th\u01b0\u1edbc, Ch\u1ea5t Li\u1ec7u Cho Qu\u00fd Kh\u00e1ch.\",\"breadcrumb\":{\"@id\":\"https:\/\/luan.webrt.net\/qhome\/san-pham\/ghe-sofa-vang-da-cao-cap-2m\/#breadcrumb\"},\"inLanguage\":\"vi\",\"potentialAction\":[{\"@type\":\"ReadAction\",\"target\":[\"https:\/\/luan.webrt.net\/qhome\/san-pham\/ghe-sofa-vang-da-cao-cap-2m\/\"]}]},{\"@type\":\"BreadcrumbList\",\"@id\":\"https:\/\/luan.webrt.net\/qhome\/san-pham\/ghe-sofa-vang-da-cao-cap-2m\/#breadcrumb\",\"itemListElement\":[{\"@type\":\"ListItem\",\"position\":1,\"name\":\"Trang ch\u1ee7\",\"item\":\"https:\/\/luan.webrt.net\/qhome\/\"},{\"@type\":\"ListItem\",\"position\":2,\"name\":\"Shop\",\"item\":\"https:\/\/luan.webrt.net\/qhome\/shop\/\"},{\"@type\":\"ListItem\",\"position\":3,\"name\":\"Gh\u1ebf sofa v\u0103ng da cao c\u1ea5p 2m\"}]},{\"@type\":\"WebSite\",\"@id\":\"https:\/\/luan.webrt.net\/qhome\/#website\",\"url\":\"https:\/\/luan.webrt.net\/qhome\/\",\"name\":\"M\u1eabu web n\u1ed9i th\u1ea5t\",\"description\":\"QGHome Vi\u1ec7t Nam\",\"publisher\":{\"@id\":\"https:\/\/luan.webrt.net\/qhome\/#organization\"},\"potentialAction\":[{\"@type\":\"SearchAction\",\"target\":{\"@type\":\"EntryPoint\",\"urlTemplate\":\"https:\/\/luan.webrt.net\/qhome\/?s={search_term_string}\"},\"query-input\":\"required name=search_term_string\"}],\"inLanguage\":\"vi\"},{\"@type\":\"Organization\",\"@id\":\"https:\/\/luan.webrt.net\/qhome\/#organization\",\"name\":\"QGHome\",\"url\":\"https:\/\/luan.webrt.net\/qhome\/\",\"logo\":{\"@type\":\"ImageObject\",\"inLanguage\":\"vi\",\"@id\":\"https:\/\/luan.webrt.net\/qhome\/#\/schema\/logo\/image\/\",\"url\":\"https:\/\/qghome.vn\/wp-content\/uploads\/2025\/08\/logo-mau-MauTH-21.png\",\"contentUrl\":\"https:\/\/qghome.vn\/wp-content\/uploads\/2025\/08\/logo-mau-MauTH-21.png\",\"width\":253,\"height\":99,\"caption\":\"QGHome\"},\"image\":{\"@id\":\"https:\/\/luan.webrt.net\/qhome\/#\/schema\/logo\/image\/\"},\"sameAs\":[\"https:\/\/www.tiktok.com\/@qghome.official\",\"https:\/\/www.youtube.com\/channel\/UCeVBuKTXkv-u94DS421cklw\",\"https:\/\/www.facebook.com\/noithatqghome\"]}]}<\/script>\n<!-- \/ Yoast SEO plugin. -->","yoast_head_json":{"title":"Gh\u1ebf sofa v\u0103ng da cao c\u1ea5p 2m","description":"Gh\u1ebf sofa v\u0103ng da cao c\u1ea5p 2m, M\u1eabu Sofa V\u0103n Ph\u00f2ng M\u1edbi 2024 . T\u1ed5ng H\u1ee3p Nh\u1eefng M\u1eabu Gh\u1ebf Sofa B\u00e1n Ch\u1ea1y Nh\u1ea5t V\u1edbi Nhi\u1ec1u K\u00edch Th\u01b0\u1edbc, Ch\u1ea5t Li\u1ec7u Cho Qu\u00fd Kh\u00e1ch.","robots":{"index":"index","follow":"follow","max-snippet":"max-snippet:-1","max-image-preview":"max-image-preview:large","max-video-preview":"max-video-preview:-1"},"canonical":"https:\/\/luan.webrt.net\/qhome\/san-pham\/ghe-sofa-vang-da-cao-cap-2m\/","og_locale":"vi_VN","og_type":"article","og_title":"Gh\u1ebf sofa v\u0103ng da cao c\u1ea5p 2m","og_description":"Gh\u1ebf sofa v\u0103ng da cao c\u1ea5p 2m, M\u1eabu Sofa V\u0103n Ph\u00f2ng M\u1edbi 2024 . T\u1ed5ng H\u1ee3p Nh\u1eefng M\u1eabu Gh\u1ebf Sofa B\u00e1n Ch\u1ea1y Nh\u1ea5t V\u1edbi Nhi\u1ec1u K\u00edch Th\u01b0\u1edbc, Ch\u1ea5t Li\u1ec7u Cho Qu\u00fd Kh\u00e1ch.","og_url":"https:\/\/luan.webrt.net\/qhome\/san-pham\/ghe-sofa-vang-da-cao-cap-2m\/","og_site_name":"M\u1eabu web n\u1ed9i th\u1ea5t","article_publisher":"https:\/\/www.facebook.com\/noithatqghome","article_modified_time":"2024-05-10T01:58:33+00:00","og_image":[{"width":800,"height":800,"url":"https:\/\/luan.webrt.net\/qhome\/wp-content\/uploads\/2024\/05\/sofa-da-van-phong.jpg","type":"image\/jpeg"}],"twitter_card":"summary_large_image","twitter_misc":{"\u01af\u1edbc t\u00ednh th\u1eddi gian \u0111\u1ecdc":"2 ph\u00fat"},"schema":{"@context":"https:\/\/schema.org","@graph":[{"@type":"WebPage","@id":"https:\/\/luan.webrt.net\/qhome\/san-pham\/ghe-sofa-vang-da-cao-cap-2m\/","url":"https:\/\/luan.webrt.net\/qhome\/san-pham\/ghe-sofa-vang-da-cao-cap-2m\/","name":"Gh\u1ebf sofa v\u0103ng da cao c\u1ea5p 2m","isPartOf":{"@id":"https:\/\/luan.webrt.net\/qhome\/#website"},"datePublished":"2024-05-10T01:58:31+00:00","dateModified":"2024-05-10T01:58:33+00:00","description":"Gh\u1ebf sofa v\u0103ng da cao c\u1ea5p 2m, M\u1eabu Sofa V\u0103n Ph\u00f2ng M\u1edbi 2024 . T\u1ed5ng H\u1ee3p Nh\u1eefng M\u1eabu Gh\u1ebf Sofa B\u00e1n Ch\u1ea1y Nh\u1ea5t V\u1edbi Nhi\u1ec1u K\u00edch Th\u01b0\u1edbc, Ch\u1ea5t Li\u1ec7u Cho Qu\u00fd Kh\u00e1ch.","breadcrumb":{"@id":"https:\/\/luan.webrt.net\/qhome\/san-pham\/ghe-sofa-vang-da-cao-cap-2m\/#breadcrumb"},"inLanguage":"vi","potentialAction":[{"@type":"ReadAction","target":["https:\/\/luan.webrt.net\/qhome\/san-pham\/ghe-sofa-vang-da-cao-cap-2m\/"]}]},{"@type":"BreadcrumbList","@id":"https:\/\/luan.webrt.net\/qhome\/san-pham\/ghe-sofa-vang-da-cao-cap-2m\/#breadcrumb","itemListElement":[{"@type":"ListItem","position":1,"name":"Trang ch\u1ee7","item":"https:\/\/luan.webrt.net\/qhome\/"},{"@type":"ListItem","position":2,"name":"Shop","item":"https:\/\/luan.webrt.net\/qhome\/shop\/"},{"@type":"ListItem","position":3,"name":"Gh\u1ebf sofa v\u0103ng da cao c\u1ea5p 2m"}]},{"@type":"WebSite","@id":"https:\/\/luan.webrt.net\/qhome\/#website","url":"https:\/\/luan.webrt.net\/qhome\/","name":"M\u1eabu web n\u1ed9i th\u1ea5t","description":"QGHome Vi\u1ec7t Nam","publisher":{"@id":"https:\/\/luan.webrt.net\/qhome\/#organization"},"potentialAction":[{"@type":"SearchAction","target":{"@type":"EntryPoint","urlTemplate":"https:\/\/luan.webrt.net\/qhome\/?s={search_term_string}"},"query-input":"required name=search_term_string"}],"inLanguage":"vi"},{"@type":"Organization","@id":"https:\/\/luan.webrt.net\/qhome\/#organization","name":"QGHome","url":"https:\/\/luan.webrt.net\/qhome\/","logo":{"@type":"ImageObject","inLanguage":"vi","@id":"https:\/\/luan.webrt.net\/qhome\/#\/schema\/logo\/image\/","url":"https:\/\/qghome.vn\/wp-content\/uploads\/2025\/08\/logo-mau-MauTH-21.png","contentUrl":"https:\/\/qghome.vn\/wp-content\/uploads\/2025\/08\/logo-mau-MauTH-21.png","width":253,"height":99,"caption":"QGHome"},"image":{"@id":"https:\/\/luan.webrt.net\/qhome\/#\/schema\/logo\/image\/"},"sameAs":["https:\/\/www.tiktok.com\/@qghome.official","https:\/\/www.youtube.com\/channel\/UCeVBuKTXkv-u94DS421cklw","https:\/\/www.facebook.com\/noithatqghome"]}]}},"_links":{"self":[{"href":"https:\/\/luan.webrt.net\/qhome\/wp-json\/wp\/v2\/product\/9218","targetHints":{"allow":["GET"]}}],"collection":[{"href":"https:\/\/luan.webrt.net\/qhome\/wp-json\/wp\/v2\/product"}],"about":[{"href":"https:\/\/luan.webrt.net\/qhome\/wp-json\/wp\/v2\/types\/product"}],"replies":[{"embeddable":true,"href":"https:\/\/luan.webrt.net\/qhome\/wp-json\/wp\/v2\/comments?post=9218"}],"wp:featuredmedia":[{"embeddable":true,"href":"https:\/\/luan.webrt.net\/qhome\/wp-json\/wp\/v2\/media\/9220"}],"wp:attachment":[{"href":"https:\/\/luan.webrt.net\/qhome\/wp-json\/wp\/v2\/media?parent=9218"}],"wp:term":[{"taxonomy":"product_cat","embeddable":true,"href":"https:\/\/luan.webrt.net\/qhome\/wp-json\/wp\/v2\/product_cat?post=9218"},{"taxonomy":"product_tag","embeddable":true,"href":"https:\/\/luan.webrt.net\/qhome\/wp-json\/wp\/v2\/product_tag?post=9218"}],"curies":[{"name":"wp","href":"https:\/\/api.w.org\/{rel}","templated":true}]}}