{"id":9215,"date":"2024-05-10T01:16:45","date_gmt":"2024-05-10T01:16:45","guid":{"rendered":"https:\/\/qghome.vn\/?post_type=product&#038;p=9215"},"modified":"2024-11-14T21:12:49","modified_gmt":"2024-11-14T21:12:49","slug":"sofa-vang-ni-cao-cap","status":"publish","type":"product","link":"https:\/\/luan.webrt.net\/qhome\/san-pham\/sofa-vang-ni-cao-cap\/","title":{"rendered":"Sofa v\u0103ng n\u1ec9 cao c\u1ea5p"},"content":{"rendered":"<div>Sofa V\u0103ng N\u1ec9 Cao C\u1ea5p QGSOFA01 \u0111\u01b0\u1ee3c s\u1ea3n xu\u1ea5t t\u1eeb v\u1ea3i n\u1ec9 cao c\u1ea5p. C\u00e1c b\u1ed9 ph\u1eadn \u0111\u01b0\u1ee3c b\u1ecdc m\u00fat v\u00e0 g\u1ed7 th\u1ecbt \u0111\u00e3 qua t\u1ea9m s\u1ea5y \u0111\u1ea3m b\u1ea3o kh\u00f4ng b\u1ecb m\u1ed1i m\u1ecdt. Sofa V\u0103ng N\u1ec9 bao g\u1ed3m 1 gh\u1ebf d\u00e0i 1.6m . S\u1ea3n ph\u1ea9m th\u01b0\u1eddng \u0111\u01b0\u1ee3c s\u1eed d\u1ee5ng trong ph\u00f2ng kh\u00e1ch c\u00f3 kh\u00f4ng gian v\u1eeba v\u00e0 sang tr\u1ecdng. Sofa v\u0103ng n\u1ec9 cao c\u00e2\u0301p\u00a0 c\u00f3 th\u1ec3 \u0111i k\u00e8m c\u00e1c lo\u1ea1i b\u00e0n tr\u00e0 ho\u1eb7c sofa v\u0103ng \u0111\u01a1n nh\u1ecf \u0111\u1ec3 th\u00e0nh b\u1ed9 ho\u00e0n ch\u1ec9nh<\/div>\n<div><\/div>\n<div>\n<p><img loading=\"lazy\" decoding=\"async\" class=\"size-full wp-image-9217\" src=\"http:\/\/qghome.vn\/wp-content\/uploads\/2024\/05\/vang-sofa-ni-2.jpg\" alt=\"\" width=\"800\" height=\"800\" srcset=\"https:\/\/luan.webrt.net\/qhome\/wp-content\/uploads\/2024\/05\/vang-sofa-ni-2.jpg 800w, https:\/\/luan.webrt.net\/qhome\/wp-content\/uploads\/2024\/05\/vang-sofa-ni-2-100x100.jpg 100w, https:\/\/luan.webrt.net\/qhome\/wp-content\/uploads\/2024\/05\/vang-sofa-ni-2-510x510.jpg 510w, https:\/\/luan.webrt.net\/qhome\/wp-content\/uploads\/2024\/05\/vang-sofa-ni-2-400x400.jpg 400w, https:\/\/luan.webrt.net\/qhome\/wp-content\/uploads\/2024\/05\/vang-sofa-ni-2-280x280.jpg 280w, https:\/\/luan.webrt.net\/qhome\/wp-content\/uploads\/2024\/05\/vang-sofa-ni-2-768x768.jpg 768w\" sizes=\"auto, (max-width: 800px) 100vw, 800px\" \/><\/p>\n<\/div>\n<div><\/div>\n<div>N\u1ed9i th\u1ea5t QG Home lu\u00f4n l\u00e0 \u0111\u01a1n v\u1ecb \u0111i \u0111\u1ea7u tr\u1ecdng vi\u1ec7c s\u1ea3n xu\u1ea5t n\u1ed9i th\u1ea5t gi\u00e1 r\u1ebb, nh\u01b0ng ch\u1ea5t l\u01b0\u1ee3ng. C\u00e1c sofa \u0111\u01b0\u1ee3c kh\u00e1ch h\u00e0ng tin d\u00f9ng v\u1edbi nhi\u1ec1u ki\u1ec3u d\u00e1ng v\u00e0 m\u1eabu sofa n\u1ec9 ch\u1eef L l\u00e0 m\u1ed9t ki\u1ec3u m\u1eabu sofa th\u00edch h\u1ee3p. B\u1edfi ki\u1ec3u d\u00e1ng sang tr\u1ecdng,ch\u1ea5t li\u1ec7u v\u00e0 ch\u1ea5t l\u01b0\u1ee3ng t\u01b0\u01a1ng \u0111\u01b0\u01a1ng v\u1edbi gi\u00e1 th\u00e0nh qu\u00fd kh\u00e1ch b\u1ecf ra.<\/div>\n<div><\/div>\n<div>\u0110\u0103\u0323c \u0111i\u00ea\u0309m Sofa V\u0103ng N\u1ec9 Cao C\u1ea5p QGSOFA01<\/div>\n<div>Ch\u1ea5t li\u1ec7u : V\u1ea3i n\u1ec9, khung g\u1ed7 th\u1ecbt cao c\u1ea5p<\/div>\n<div>K\u00edch th\u01b0\u1edbc: 1600 x 800mm<\/div>\n<div>M\u00e0u s\u1eafc: v\u00e0ng, kem, \u0111\u1ecf, m\u1eadn, \u0111en\u2026. r\u1ea5t nhi\u1ec1u m\u00e0u.<\/div>\n<div><img loading=\"lazy\" decoding=\"async\" class=\"aligncenter size-full wp-image-9216\" src=\"http:\/\/qghome.vn\/wp-content\/uploads\/2024\/05\/ghe-sofa-vang-ni.webp\" alt=\"\" width=\"480\" height=\"480\" srcset=\"https:\/\/luan.webrt.net\/qhome\/wp-content\/uploads\/2024\/05\/ghe-sofa-vang-ni.webp 480w, https:\/\/luan.webrt.net\/qhome\/wp-content\/uploads\/2024\/05\/ghe-sofa-vang-ni-100x100.webp 100w, https:\/\/luan.webrt.net\/qhome\/wp-content\/uploads\/2024\/05\/ghe-sofa-vang-ni-400x400.webp 400w, https:\/\/luan.webrt.net\/qhome\/wp-content\/uploads\/2024\/05\/ghe-sofa-vang-ni-280x280.webp 280w\" sizes=\"auto, (max-width: 480px) 100vw, 480px\" \/><\/div>\n<div>B\u00ean c\u1ea1nh m\u1eabu gh\u1ebf sofa n\u00e0y th\u00ec t\u1ea1i gian h\u00e0ng c\u1ee7a ch\u00fang t\u00f4i v\u1eabn c\u00f2n r\u1ea5t nhi\u1ec1u <span style=\"color: #3366ff;\"><a style=\"color: #3366ff;\" href=\"https:\/\/qghome.vn\/noi-that-chung-cu\/noi-that-phong-khach\/ghe-sofa\/\">m\u1eabu m\u00e3 sofa kh\u00e1c<\/a><\/span> ch\u1edd b\u1ea1n kh\u00e1m ph\u00e1 nh\u00e9!<\/div>\n","protected":false},"excerpt":{"rendered":"<div>\u0110\u0103\u0323c \u0111i\u00ea\u0309m Sofa V\u0103ng N\u1ec9 Cao C\u1ea5p QGSOFA01<\/div>\n<div>Ch\u1ea5t li\u1ec7u : V\u1ea3i n\u1ec9, khung g\u1ed7 th\u1ecbt cao c\u1ea5p<\/div>\n<div>K\u00edch th\u01b0\u1edbc: 1600 x 800mm<\/div>\n<div>M\u00e0u s\u1eafc: v\u00e0ng, kem, \u0111\u1ecf, m\u1eadn, \u0111en\u2026. r\u1ea5t nhi\u1ec1u m\u00e0u.<\/div>\n","protected":false},"featured_media":9216,"comment_status":"open","ping_status":"closed","template":"","meta":[],"product_cat":[494,221],"product_tag":[],"class_list":["post-9215","product","type-product","status-publish","has-post-thumbnail","hentry","product_cat-ghe-sofa","product_cat-ghe-van-phong"],"yoast_head":"<!-- This site is optimized with the Yoast SEO plugin v19.9 - https:\/\/yoast.com\/wordpress\/plugins\/seo\/ -->\n<title>Sofa v\u0103ng n\u1ec9 cao c\u1ea5p<\/title>\n<meta name=\"description\" content=\"QGHome chuy\u00ean cung c\u1ea5p Sofa V\u0103ng N\u1ec9 Cao C\u1ea5p QGSOFA01 \u0111\u01b0\u1ee3c s\u1ea3n xu\u1ea5t t\u1eeb v\u1ea3i n\u1ec9 cao c\u1ea5p\" \/>\n<meta name=\"robots\" content=\"index, follow, max-snippet:-1, max-image-preview:large, max-video-preview:-1\" \/>\n<link rel=\"canonical\" href=\"https:\/\/luan.webrt.net\/qhome\/san-pham\/sofa-vang-ni-cao-cap\/\" \/>\n<meta property=\"og:locale\" content=\"vi_VN\" \/>\n<meta property=\"og:type\" content=\"article\" \/>\n<meta property=\"og:title\" content=\"Sofa v\u0103ng n\u1ec9 cao c\u1ea5p\" \/>\n<meta property=\"og:description\" content=\"QGHome chuy\u00ean cung c\u1ea5p Sofa V\u0103ng N\u1ec9 Cao C\u1ea5p QGSOFA01 \u0111\u01b0\u1ee3c s\u1ea3n xu\u1ea5t t\u1eeb v\u1ea3i n\u1ec9 cao c\u1ea5p\" \/>\n<meta property=\"og:url\" content=\"https:\/\/luan.webrt.net\/qhome\/san-pham\/sofa-vang-ni-cao-cap\/\" \/>\n<meta property=\"og:site_name\" content=\"M\u1eabu web n\u1ed9i th\u1ea5t\" \/>\n<meta property=\"article:publisher\" content=\"https:\/\/www.facebook.com\/noithatqghome\" \/>\n<meta property=\"article:modified_time\" content=\"2024-11-14T21:12:49+00:00\" \/>\n<meta property=\"og:image\" content=\"https:\/\/luan.webrt.net\/qhome\/wp-content\/uploads\/2024\/05\/ghe-sofa-vang-ni.webp\" \/>\n\t<meta property=\"og:image:width\" content=\"480\" \/>\n\t<meta property=\"og:image:height\" content=\"480\" \/>\n\t<meta property=\"og:image:type\" content=\"image\/webp\" \/>\n<meta name=\"twitter:card\" content=\"summary_large_image\" \/>\n<meta name=\"twitter:label1\" content=\"\u01af\u1edbc t\u00ednh th\u1eddi gian \u0111\u1ecdc\" \/>\n\t<meta name=\"twitter:data1\" content=\"2 ph\u00fat\" \/>\n<script type=\"application\/ld+json\" class=\"yoast-schema-graph\">{\"@context\":\"https:\/\/schema.org\",\"@graph\":[{\"@type\":\"WebPage\",\"@id\":\"https:\/\/luan.webrt.net\/qhome\/san-pham\/sofa-vang-ni-cao-cap\/\",\"url\":\"https:\/\/luan.webrt.net\/qhome\/san-pham\/sofa-vang-ni-cao-cap\/\",\"name\":\"Sofa v\u0103ng n\u1ec9 cao c\u1ea5p\",\"isPartOf\":{\"@id\":\"https:\/\/luan.webrt.net\/qhome\/#website\"},\"datePublished\":\"2024-05-10T01:16:45+00:00\",\"dateModified\":\"2024-11-14T21:12:49+00:00\",\"description\":\"QGHome chuy\u00ean cung c\u1ea5p Sofa V\u0103ng N\u1ec9 Cao C\u1ea5p QGSOFA01 \u0111\u01b0\u1ee3c s\u1ea3n xu\u1ea5t t\u1eeb v\u1ea3i n\u1ec9 cao c\u1ea5p\",\"breadcrumb\":{\"@id\":\"https:\/\/luan.webrt.net\/qhome\/san-pham\/sofa-vang-ni-cao-cap\/#breadcrumb\"},\"inLanguage\":\"vi\",\"potentialAction\":[{\"@type\":\"ReadAction\",\"target\":[\"https:\/\/luan.webrt.net\/qhome\/san-pham\/sofa-vang-ni-cao-cap\/\"]}]},{\"@type\":\"BreadcrumbList\",\"@id\":\"https:\/\/luan.webrt.net\/qhome\/san-pham\/sofa-vang-ni-cao-cap\/#breadcrumb\",\"itemListElement\":[{\"@type\":\"ListItem\",\"position\":1,\"name\":\"Trang ch\u1ee7\",\"item\":\"https:\/\/luan.webrt.net\/qhome\/\"},{\"@type\":\"ListItem\",\"position\":2,\"name\":\"Shop\",\"item\":\"https:\/\/luan.webrt.net\/qhome\/shop\/\"},{\"@type\":\"ListItem\",\"position\":3,\"name\":\"Sofa v\u0103ng n\u1ec9 cao c\u1ea5p\"}]},{\"@type\":\"WebSite\",\"@id\":\"https:\/\/luan.webrt.net\/qhome\/#website\",\"url\":\"https:\/\/luan.webrt.net\/qhome\/\",\"name\":\"M\u1eabu web n\u1ed9i th\u1ea5t\",\"description\":\"QGHome Vi\u1ec7t Nam\",\"publisher\":{\"@id\":\"https:\/\/luan.webrt.net\/qhome\/#organization\"},\"potentialAction\":[{\"@type\":\"SearchAction\",\"target\":{\"@type\":\"EntryPoint\",\"urlTemplate\":\"https:\/\/luan.webrt.net\/qhome\/?s={search_term_string}\"},\"query-input\":\"required name=search_term_string\"}],\"inLanguage\":\"vi\"},{\"@type\":\"Organization\",\"@id\":\"https:\/\/luan.webrt.net\/qhome\/#organization\",\"name\":\"QGHome\",\"url\":\"https:\/\/luan.webrt.net\/qhome\/\",\"logo\":{\"@type\":\"ImageObject\",\"inLanguage\":\"vi\",\"@id\":\"https:\/\/luan.webrt.net\/qhome\/#\/schema\/logo\/image\/\",\"url\":\"https:\/\/qghome.vn\/wp-content\/uploads\/2025\/08\/logo-mau-MauTH-21.png\",\"contentUrl\":\"https:\/\/qghome.vn\/wp-content\/uploads\/2025\/08\/logo-mau-MauTH-21.png\",\"width\":253,\"height\":99,\"caption\":\"QGHome\"},\"image\":{\"@id\":\"https:\/\/luan.webrt.net\/qhome\/#\/schema\/logo\/image\/\"},\"sameAs\":[\"https:\/\/www.tiktok.com\/@qghome.official\",\"https:\/\/www.youtube.com\/channel\/UCeVBuKTXkv-u94DS421cklw\",\"https:\/\/www.facebook.com\/noithatqghome\"]}]}<\/script>\n<!-- \/ Yoast SEO plugin. -->","yoast_head_json":{"title":"Sofa v\u0103ng n\u1ec9 cao c\u1ea5p","description":"QGHome chuy\u00ean cung c\u1ea5p Sofa V\u0103ng N\u1ec9 Cao C\u1ea5p QGSOFA01 \u0111\u01b0\u1ee3c s\u1ea3n xu\u1ea5t t\u1eeb v\u1ea3i n\u1ec9 cao c\u1ea5p","robots":{"index":"index","follow":"follow","max-snippet":"max-snippet:-1","max-image-preview":"max-image-preview:large","max-video-preview":"max-video-preview:-1"},"canonical":"https:\/\/luan.webrt.net\/qhome\/san-pham\/sofa-vang-ni-cao-cap\/","og_locale":"vi_VN","og_type":"article","og_title":"Sofa v\u0103ng n\u1ec9 cao c\u1ea5p","og_description":"QGHome chuy\u00ean cung c\u1ea5p Sofa V\u0103ng N\u1ec9 Cao C\u1ea5p QGSOFA01 \u0111\u01b0\u1ee3c s\u1ea3n xu\u1ea5t t\u1eeb v\u1ea3i n\u1ec9 cao c\u1ea5p","og_url":"https:\/\/luan.webrt.net\/qhome\/san-pham\/sofa-vang-ni-cao-cap\/","og_site_name":"M\u1eabu web n\u1ed9i th\u1ea5t","article_publisher":"https:\/\/www.facebook.com\/noithatqghome","article_modified_time":"2024-11-14T21:12:49+00:00","og_image":[{"width":480,"height":480,"url":"https:\/\/luan.webrt.net\/qhome\/wp-content\/uploads\/2024\/05\/ghe-sofa-vang-ni.webp","type":"image\/webp"}],"twitter_card":"summary_large_image","twitter_misc":{"\u01af\u1edbc t\u00ednh th\u1eddi gian \u0111\u1ecdc":"2 ph\u00fat"},"schema":{"@context":"https:\/\/schema.org","@graph":[{"@type":"WebPage","@id":"https:\/\/luan.webrt.net\/qhome\/san-pham\/sofa-vang-ni-cao-cap\/","url":"https:\/\/luan.webrt.net\/qhome\/san-pham\/sofa-vang-ni-cao-cap\/","name":"Sofa v\u0103ng n\u1ec9 cao c\u1ea5p","isPartOf":{"@id":"https:\/\/luan.webrt.net\/qhome\/#website"},"datePublished":"2024-05-10T01:16:45+00:00","dateModified":"2024-11-14T21:12:49+00:00","description":"QGHome chuy\u00ean cung c\u1ea5p Sofa V\u0103ng N\u1ec9 Cao C\u1ea5p QGSOFA01 \u0111\u01b0\u1ee3c s\u1ea3n xu\u1ea5t t\u1eeb v\u1ea3i n\u1ec9 cao c\u1ea5p","breadcrumb":{"@id":"https:\/\/luan.webrt.net\/qhome\/san-pham\/sofa-vang-ni-cao-cap\/#breadcrumb"},"inLanguage":"vi","potentialAction":[{"@type":"ReadAction","target":["https:\/\/luan.webrt.net\/qhome\/san-pham\/sofa-vang-ni-cao-cap\/"]}]},{"@type":"BreadcrumbList","@id":"https:\/\/luan.webrt.net\/qhome\/san-pham\/sofa-vang-ni-cao-cap\/#breadcrumb","itemListElement":[{"@type":"ListItem","position":1,"name":"Trang ch\u1ee7","item":"https:\/\/luan.webrt.net\/qhome\/"},{"@type":"ListItem","position":2,"name":"Shop","item":"https:\/\/luan.webrt.net\/qhome\/shop\/"},{"@type":"ListItem","position":3,"name":"Sofa v\u0103ng n\u1ec9 cao c\u1ea5p"}]},{"@type":"WebSite","@id":"https:\/\/luan.webrt.net\/qhome\/#website","url":"https:\/\/luan.webrt.net\/qhome\/","name":"M\u1eabu web n\u1ed9i th\u1ea5t","description":"QGHome Vi\u1ec7t Nam","publisher":{"@id":"https:\/\/luan.webrt.net\/qhome\/#organization"},"potentialAction":[{"@type":"SearchAction","target":{"@type":"EntryPoint","urlTemplate":"https:\/\/luan.webrt.net\/qhome\/?s={search_term_string}"},"query-input":"required name=search_term_string"}],"inLanguage":"vi"},{"@type":"Organization","@id":"https:\/\/luan.webrt.net\/qhome\/#organization","name":"QGHome","url":"https:\/\/luan.webrt.net\/qhome\/","logo":{"@type":"ImageObject","inLanguage":"vi","@id":"https:\/\/luan.webrt.net\/qhome\/#\/schema\/logo\/image\/","url":"https:\/\/qghome.vn\/wp-content\/uploads\/2025\/08\/logo-mau-MauTH-21.png","contentUrl":"https:\/\/qghome.vn\/wp-content\/uploads\/2025\/08\/logo-mau-MauTH-21.png","width":253,"height":99,"caption":"QGHome"},"image":{"@id":"https:\/\/luan.webrt.net\/qhome\/#\/schema\/logo\/image\/"},"sameAs":["https:\/\/www.tiktok.com\/@qghome.official","https:\/\/www.youtube.com\/channel\/UCeVBuKTXkv-u94DS421cklw","https:\/\/www.facebook.com\/noithatqghome"]}]}},"_links":{"self":[{"href":"https:\/\/luan.webrt.net\/qhome\/wp-json\/wp\/v2\/product\/9215","targetHints":{"allow":["GET"]}}],"collection":[{"href":"https:\/\/luan.webrt.net\/qhome\/wp-json\/wp\/v2\/product"}],"about":[{"href":"https:\/\/luan.webrt.net\/qhome\/wp-json\/wp\/v2\/types\/product"}],"replies":[{"embeddable":true,"href":"https:\/\/luan.webrt.net\/qhome\/wp-json\/wp\/v2\/comments?post=9215"}],"wp:featuredmedia":[{"embeddable":true,"href":"https:\/\/luan.webrt.net\/qhome\/wp-json\/wp\/v2\/media\/9216"}],"wp:attachment":[{"href":"https:\/\/luan.webrt.net\/qhome\/wp-json\/wp\/v2\/media?parent=9215"}],"wp:term":[{"taxonomy":"product_cat","embeddable":true,"href":"https:\/\/luan.webrt.net\/qhome\/wp-json\/wp\/v2\/product_cat?post=9215"},{"taxonomy":"product_tag","embeddable":true,"href":"https:\/\/luan.webrt.net\/qhome\/wp-json\/wp\/v2\/product_tag?post=9215"}],"curies":[{"name":"wp","href":"https:\/\/api.w.org\/{rel}","templated":true}]}}