{"id":8601,"date":"2024-04-10T09:23:47","date_gmt":"2024-04-10T09:23:47","guid":{"rendered":"https:\/\/qghome.vn\/?post_type=product&#038;p=8601"},"modified":"2024-08-30T10:30:41","modified_gmt":"2024-08-30T10:30:41","slug":"ke-trang-tri-qtke01","status":"publish","type":"product","link":"https:\/\/luan.webrt.net\/qhome\/san-pham\/ke-trang-tri-qtke01\/","title":{"rendered":"K\u1ec7 trang tr\u00ed QTKE01"},"content":{"rendered":"<h2 style=\"text-align: center;\"><span style=\"font-size: 140%; color: #333399;\"><strong>K\u1ec7 trang tr\u00ed <span style=\"color: #333399;\">QTKE01<\/span><\/strong><\/span><\/h2>\n<p><span style=\"color: #333399;\"><em><strong>K\u1ec7 trang tr\u00ed QTKE01 <\/strong><\/em><\/span>K\u1ec7 trang tr\u00ed kh\u00f4ng ch\u1ec9 l\u00e0 m\u1ed9t ph\u1ea7n c\u1ee7a trang tr\u00ed n\u1ed9i th\u1ea5t, m\u00e0 c\u00f2n l\u00e0 m\u1ed9t y\u1ebfu t\u1ed1 quan tr\u1ecdng trong vi\u1ec7c t\u0103ng t\u00ednh th\u1ea9m m\u1ef9 v\u00e0 phong c\u00e1ch cho c\u0103n ph\u00f2ng c\u1ee7a b\u1ea1n. B\u1eb1ng c\u00e1ch ch\u1ecdn l\u1ef1a k\u1ec7 ph\u00f9 h\u1ee3p v\u1edbi phong c\u00e1ch trang tr\u00ed v\u00e0 kh\u00f4ng gian c\u1ee7a b\u1ea1n, b\u1ea1n c\u00f3 th\u1ec3 t\u1ea1o ra m\u1ed9t kh\u00f4ng gian s\u1ed1ng \u0111\u1eb9p m\u1eaft v\u00e0 \u1ea5n t\u01b0\u1ee3ng. K\u1ec7 trang tr\u00ed l\u00e0 n\u01a1i l\u00fd t\u01b0\u1edfng \u0111\u1ec3 tr\u01b0ng b\u00e0y c\u00e1c v\u1eadt d\u1ee5ng nh\u01b0 s\u00e1ch, \u0111\u1ed3 trang tr\u00ed, t\u00e1c ph\u1ea9m ngh\u1ec7 thu\u1eadt, hoa v\u0103n, v\u00e0 c\u00e1c \u0111\u1ed3 v\u1eadt c\u00f3 \u00fd ngh\u0129a c\u00e1 nh\u00e2n kh\u00e1c. K\u1ec7 trang tr\u00ed gi\u00fap b\u1ea1n t\u1ed5 ch\u1ee9c kh\u00f4ng gian s\u1ed1ng m\u1ed9t c\u00e1ch hi\u1ec7u qu\u1ea3 h\u01a1n b\u1eb1ng c\u00e1ch gi\u1eef cho c\u00e1c v\u1eadt d\u1ee5ng \u0111\u01b0\u1ee3c s\u1eafp x\u1ebfp g\u1ecdn g\u00e0ng v\u00e0 ti\u1ec7n l\u1ee3i.<\/p>\n<h2 style=\"text-align: center;\"><span style=\"color: #333399;\"><span style=\"font-size: 32.256px;\"><b>\u0110\u1eb6C \u0110I\u1ec2M S\u1ea2N PH\u1ea8M<\/b><\/span><\/span><\/h2>\n<table style=\"border-collapse: collapse; width: 93.4675%;\">\n<tbody>\n<tr>\n<td style=\"width: 17.9079%; text-align: center;\">K\u00edch th\u01b0\u1edbc<\/td>\n<td style=\"width: 75.5603%; text-align: left;\">\n<ul>\n<li>W1200 x D250 x H2000 mm<\/li>\n<\/ul>\n<\/td>\n<\/tr>\n<tr>\n<td style=\"width: 17.9079%; text-align: center;\">Ch\u1ea5t li\u1ec7u<\/td>\n<td style=\"width: 75.5603%; text-align: left;\">\n<ul>\n<li style=\"text-align: left;\">Ch\u1ea5t li\u1ec7u g\u1ed7 <em class=\"Highlight\">c\u00f4<\/em>ng nghi\u1ec7p cao c\u1ea5p ph\u1ee7 Melamine ch\u1ed1ng \u1ea9m m\u1ed1c, gi\u00fap h\u1ea1n ch\u1ebf t\u1ed1i \u0111a t\u00ecnh tr\u1ea1ng cong v\u00eanh v\u00e0 bi\u1ebfn d\u1ea1ng c\u1ee7a s\u1ea3n ph\u1ea9m.<\/li>\n<li style=\"text-align: left;\">\u0110\u1eb7c bi\u1ec7t, ch\u1ea5t li\u1ec7u n\u00e0y kh\u00f4ng ch\u1ec9 th\u00e2n thi\u1ec7n v\u1edbi m\u00f4i tr\u01b0\u1eddng m\u00e0 c\u00f2n an to\u00e0n cho s\u1ee9c kh\u1ecfe c\u1ee7a ng\u01b0\u1eddi s\u1eed d\u1ee5ng.<\/li>\n<li style=\"text-align: left;\">D\u1ec5 d\u00e0ng lau ch\u00f9i v\u00e0 v\u1ec7 sinh h\u00e0ng ng\u00e0y.<\/li>\n<\/ul>\n<\/td>\n<\/tr>\n<tr>\n<td style=\"width: 17.9079%; text-align: center;\">Ki\u1ec3u d\u00e1ng<\/td>\n<td style=\"width: 75.5603%; text-align: left;\">\n<ul>\n<li>Thi\u1ebft k\u1ebf th\u00f4ng minh r\u1ea5t th\u00edch h\u1ee3p \u0111\u1ec3 t\u00e0i li\u1ec7u hay \u0111\u1ed3 trang tr\u00ed, ch\u1eadu c\u00e2y nh\u1ecf<\/li>\n<li>Ki\u1ec3u d\u00e1ng hi\u1ec7n \u0111\u1ea1i gi\u00fap kh\u00f4ng gian th\u00eam th\u1ea9m m\u1ef9 v\u00e0 ti\u1ec7n nghi<\/li>\n<\/ul>\n<\/td>\n<\/tr>\n<\/tbody>\n<\/table>\n<h2 style=\"text-align: center;\"><span style=\"color: #333399;\"><strong><span style=\"font-size: 140%;\">CH\u1ea4T LI\u1ec6U<\/span><\/strong><\/span><\/h2>\n<figure id=\"attachment_10643\" aria-describedby=\"caption-attachment-10643\" style=\"width: 800px\" class=\"wp-caption aligncenter\"><img loading=\"lazy\" decoding=\"async\" class=\"wp-image-10643 size-large\" src=\"http:\/\/qghome.vn\/wp-content\/uploads\/2024\/04\/Ke-trang-tri-QTKE01-Kich-thuoc-800x800.jpg\" alt=\"K\u1ec7 trang tr\u00ed QTKE01 - K\u00edch th\u01b0\u1edbc\" width=\"800\" height=\"800\" srcset=\"https:\/\/luan.webrt.net\/qhome\/wp-content\/uploads\/2024\/04\/Ke-trang-tri-QTKE01-Kich-thuoc-800x800.jpg 800w, https:\/\/luan.webrt.net\/qhome\/wp-content\/uploads\/2024\/04\/Ke-trang-tri-QTKE01-Kich-thuoc-100x100.jpg 100w, https:\/\/luan.webrt.net\/qhome\/wp-content\/uploads\/2024\/04\/Ke-trang-tri-QTKE01-Kich-thuoc-510x510.jpg 510w, https:\/\/luan.webrt.net\/qhome\/wp-content\/uploads\/2024\/04\/Ke-trang-tri-QTKE01-Kich-thuoc-400x400.jpg 400w, https:\/\/luan.webrt.net\/qhome\/wp-content\/uploads\/2024\/04\/Ke-trang-tri-QTKE01-Kich-thuoc-280x280.jpg 280w, https:\/\/luan.webrt.net\/qhome\/wp-content\/uploads\/2024\/04\/Ke-trang-tri-QTKE01-Kich-thuoc-768x768.jpg 768w, https:\/\/luan.webrt.net\/qhome\/wp-content\/uploads\/2024\/04\/Ke-trang-tri-QTKE01-Kich-thuoc.jpg 1080w\" sizes=\"auto, (max-width: 800px) 100vw, 800px\" \/><figcaption id=\"caption-attachment-10643\" class=\"wp-caption-text\">K\u00edch th\u01b0\u1edbc<\/figcaption><\/figure>\n<p>K\u1ec7 trang tr\u00ed v\u0103n ph\u00f2ng mang l\u1ea1i nhi\u1ec1u l\u1ee3i \u00edch \u0111\u00e1ng k\u1ec3, gi\u00fap c\u1ea3i thi\u1ec7n kh\u00f4ng gian l\u00e0m vi\u1ec7c c\u0169ng nh\u01b0 t\u0103ng hi\u1ec7u qu\u1ea3 c\u00f4ng vi\u1ec7c. D\u01b0\u1edbi \u0111\u00e2y l\u00e0 m\u1ed9t s\u1ed1 l\u1ee3i \u00edch c\u1ee7a vi\u1ec7c s\u1eed d\u1ee5ng k\u1ec7 trang tr\u00ed trong v\u0103n ph\u00f2ng:<\/p>\n<h3><strong>T\u1ed1i \u01b0u h\u00f3a kh\u00f4ng gian<\/strong><\/h3>\n<p>K\u1ec7 trang tr\u00ed gi\u00fap t\u1eadn d\u1ee5ng t\u1ed1i \u0111a kh\u00f4ng gian l\u00e0m vi\u1ec7c, \u0111\u1eb7c bi\u1ec7t l\u00e0 trong c\u00e1c v\u0103n ph\u00f2ng nh\u1ecf. B\u1ea1n c\u00f3 th\u1ec3 s\u1eafp x\u1ebfp t\u00e0i li\u1ec7u, s\u00e1ch v\u1edf, v\u00e0 c\u00e1c v\u1eadt d\u1ee5ng v\u0103n ph\u00f2ng kh\u00e1c m\u1ed9t c\u00e1ch g\u1ecdn g\u00e0ng, gi\u00fap kh\u00f4ng gian tr\u1edf n\u00ean tho\u00e1ng \u0111\u00e3ng v\u00e0 chuy\u00ean nghi\u1ec7p h\u01a1n.<\/p>\n<h3><strong>T\u0103ng t\u00ednh th\u1ea9m m\u1ef9<\/strong><\/h3>\n<p>K\u1ec7 trang tr\u00ed c\u00f3 nhi\u1ec1u ki\u1ec3u d\u00e1ng v\u00e0 m\u00e0u s\u1eafc kh\u00e1c nhau, gi\u00fap l\u00e0m \u0111\u1eb9p th\u00eam cho v\u0103n ph\u00f2ng. M\u1ed9t kh\u00f4ng gian l\u00e0m vi\u1ec7c \u0111\u01b0\u1ee3c b\u00e0y bi\u1ec7n h\u00e0i h\u00f2a s\u1ebd t\u1ea1o c\u1ea3m h\u1ee9ng l\u00e0m vi\u1ec7c v\u00e0 n\u00e2ng cao tinh th\u1ea7n c\u1ee7a nh\u00e2n vi\u00ean.<\/p>\n<h3><strong>D\u1ec5 d\u00e0ng t\u1ed5 ch\u1ee9c v\u00e0 qu\u1ea3n l\u00fd<\/strong><\/h3>\n<p>K\u1ec7 trang tr\u00ed gi\u00fap b\u1ea1n d\u1ec5 d\u00e0ng s\u1eafp x\u1ebfp v\u00e0 qu\u1ea3n l\u00fd c\u00e1c t\u00e0i li\u1ec7u, \u0111\u1ed3 d\u00f9ng v\u0103n ph\u00f2ng. M\u1ecdi th\u1ee9 \u0111\u01b0\u1ee3c b\u1ed1 tr\u00ed m\u1ed9t c\u00e1ch c\u00f3 t\u1ed5 ch\u1ee9c s\u1ebd gi\u00fap b\u1ea1n ti\u1ebft ki\u1ec7m th\u1eddi gian khi c\u1ea7n t\u00ecm ki\u1ebfm v\u00e0 s\u1eed d\u1ee5ng.<\/p>\n<h3><strong>T\u1ea1o kh\u00f4ng gian s\u00e1ng t\u1ea1o<\/strong><\/h3>\n<p>K\u1ec7 trang tr\u00ed c\u00f3 th\u1ec3 \u0111\u01b0\u1ee3c s\u1eed d\u1ee5ng \u0111\u1ec3 tr\u01b0ng b\u00e0y c\u00e1c v\u1eadt ph\u1ea9m s\u00e1ng t\u1ea1o, nh\u01b0 c\u00e1c t\u00e1c ph\u1ea9m ngh\u1ec7 thu\u1eadt, c\u00e2y c\u1ea3nh, hay \u0111\u1ed3 l\u01b0u ni\u1ec7m. \u0110i\u1ec1u n\u00e0y kh\u00f4ng ch\u1ec9 l\u00e0m kh\u00f4ng gian tr\u1edf n\u00ean s\u1ed1ng \u0111\u1ed9ng h\u01a1n m\u00e0 c\u00f2n k\u00edch th\u00edch s\u1ef1 s\u00e1ng t\u1ea1o v\u00e0 n\u0103ng su\u1ea5t l\u00e0m vi\u1ec7c.<\/p>\n<p>S\u1eed d\u1ee5ng k\u1ec7 trang tr\u00ed v\u0103n ph\u00f2ng kh\u00f4ng ch\u1ec9 l\u00e0 c\u00e1ch \u0111\u1ec3 t\u1ed5 ch\u1ee9c v\u00e0 l\u01b0u tr\u1eef hi\u1ec7u qu\u1ea3, m\u00e0 c\u00f2n l\u00e0 c\u00e1ch \u0111\u1ec3 n\u00e2ng cao gi\u00e1 tr\u1ecb th\u1ea9m m\u1ef9 v\u00e0 tinh th\u1ea7n l\u00e0m vi\u1ec7c c\u1ee7a to\u00e0n b\u1ed9 \u0111\u1ed9i ng\u0169.<\/p>\n<figure id=\"attachment_7915\" aria-describedby=\"caption-attachment-7915\" style=\"width: 800px\" class=\"wp-caption aligncenter\"><img loading=\"lazy\" decoding=\"async\" class=\"wp-image-7915 size-large\" src=\"http:\/\/qghome.vn\/wp-content\/uploads\/2024\/04\/Go-cong-nghiep-phu-Melamine-8-800x800.png\" alt=\"G\u1ed7 MDF ph\u1ee7 melamine \" width=\"800\" height=\"800\" srcset=\"https:\/\/luan.webrt.net\/qhome\/wp-content\/uploads\/2024\/04\/Go-cong-nghiep-phu-Melamine-8-800x800.png 800w, https:\/\/luan.webrt.net\/qhome\/wp-content\/uploads\/2024\/04\/Go-cong-nghiep-phu-Melamine-8-100x100.png 100w, https:\/\/luan.webrt.net\/qhome\/wp-content\/uploads\/2024\/04\/Go-cong-nghiep-phu-Melamine-8-510x510.png 510w, https:\/\/luan.webrt.net\/qhome\/wp-content\/uploads\/2024\/04\/Go-cong-nghiep-phu-Melamine-8-400x400.png 400w, https:\/\/luan.webrt.net\/qhome\/wp-content\/uploads\/2024\/04\/Go-cong-nghiep-phu-Melamine-8-280x280.png 280w, https:\/\/luan.webrt.net\/qhome\/wp-content\/uploads\/2024\/04\/Go-cong-nghiep-phu-Melamine-8-768x768.png 768w, https:\/\/luan.webrt.net\/qhome\/wp-content\/uploads\/2024\/04\/Go-cong-nghiep-phu-Melamine-8.png 1080w\" sizes=\"auto, (max-width: 800px) 100vw, 800px\" \/><figcaption id=\"caption-attachment-7915\" class=\"wp-caption-text\"><em>G\u1ed7 MDF ph\u1ee7 melamine<\/em><\/figcaption><\/figure>\n<figure id=\"attachment_7916\" aria-describedby=\"caption-attachment-7916\" style=\"width: 800px\" class=\"wp-caption aligncenter\"><img loading=\"lazy\" decoding=\"async\" class=\"wp-image-7916 size-large\" src=\"http:\/\/qghome.vn\/wp-content\/uploads\/2024\/04\/Go-cong-nghiep-phu-Melamine-7-800x800.png\" alt=\"G\u1ed7 MDF ph\u1ee7 melamine\" width=\"800\" height=\"800\" srcset=\"https:\/\/luan.webrt.net\/qhome\/wp-content\/uploads\/2024\/04\/Go-cong-nghiep-phu-Melamine-7-800x800.png 800w, https:\/\/luan.webrt.net\/qhome\/wp-content\/uploads\/2024\/04\/Go-cong-nghiep-phu-Melamine-7-100x100.png 100w, https:\/\/luan.webrt.net\/qhome\/wp-content\/uploads\/2024\/04\/Go-cong-nghiep-phu-Melamine-7-510x510.png 510w, https:\/\/luan.webrt.net\/qhome\/wp-content\/uploads\/2024\/04\/Go-cong-nghiep-phu-Melamine-7-400x400.png 400w, https:\/\/luan.webrt.net\/qhome\/wp-content\/uploads\/2024\/04\/Go-cong-nghiep-phu-Melamine-7-280x280.png 280w, https:\/\/luan.webrt.net\/qhome\/wp-content\/uploads\/2024\/04\/Go-cong-nghiep-phu-Melamine-7-768x768.png 768w, https:\/\/luan.webrt.net\/qhome\/wp-content\/uploads\/2024\/04\/Go-cong-nghiep-phu-Melamine-7.png 1080w\" sizes=\"auto, (max-width: 800px) 100vw, 800px\" \/><figcaption id=\"caption-attachment-7916\" class=\"wp-caption-text\"><em><span style=\"vertical-align: inherit;\">G\u1ed7 MDF ph\u1ee7 melamine<\/span><\/em><\/figcaption><\/figure>\n<figure id=\"attachment_7914\" aria-describedby=\"caption-attachment-7914\" style=\"width: 800px\" class=\"wp-caption aligncenter\"><img loading=\"lazy\" decoding=\"async\" class=\"wp-image-7914 size-large\" src=\"http:\/\/qghome.vn\/wp-content\/uploads\/2024\/04\/Go-cong-nghiep-phu-Melamine-9-800x800.png\" alt=\"G\u1ed7 MDF ph\u1ee7 melamine\" width=\"800\" height=\"800\" srcset=\"https:\/\/luan.webrt.net\/qhome\/wp-content\/uploads\/2024\/04\/Go-cong-nghiep-phu-Melamine-9-800x800.png 800w, https:\/\/luan.webrt.net\/qhome\/wp-content\/uploads\/2024\/04\/Go-cong-nghiep-phu-Melamine-9-100x100.png 100w, https:\/\/luan.webrt.net\/qhome\/wp-content\/uploads\/2024\/04\/Go-cong-nghiep-phu-Melamine-9-510x510.png 510w, https:\/\/luan.webrt.net\/qhome\/wp-content\/uploads\/2024\/04\/Go-cong-nghiep-phu-Melamine-9-400x400.png 400w, https:\/\/luan.webrt.net\/qhome\/wp-content\/uploads\/2024\/04\/Go-cong-nghiep-phu-Melamine-9-280x280.png 280w, https:\/\/luan.webrt.net\/qhome\/wp-content\/uploads\/2024\/04\/Go-cong-nghiep-phu-Melamine-9-768x768.png 768w, https:\/\/luan.webrt.net\/qhome\/wp-content\/uploads\/2024\/04\/Go-cong-nghiep-phu-Melamine-9.png 1080w\" sizes=\"auto, (max-width: 800px) 100vw, 800px\" \/><figcaption id=\"caption-attachment-7914\" class=\"wp-caption-text\"><em><span style=\"vertical-align: inherit;\">G\u1ed7 MDF ph\u1ee7 melamine<\/span><\/em><\/figcaption><\/figure>\n<h2 style=\"text-align: center;\"><span style=\"color: #333399; font-size: 140%;\"><strong>NH\u00c0 M\u00c1Y S\u1ea2N XU\u1ea4T QGHOME<\/strong><\/span><\/h2>\n<figure id=\"attachment_7785\" aria-describedby=\"caption-attachment-7785\" style=\"width: 684px\" class=\"wp-caption aligncenter\"><img loading=\"lazy\" decoding=\"async\" class=\"size-medium wp-image-7785\" src=\"http:\/\/qghome.vn\/wp-content\/uploads\/2024\/04\/nha-may-san-xuat-noi-that-qghome-viet-nam-684x400.jpg\" alt=\"Nh\u00e0 m\u00e1y s\u1ea3n xu\u1ea5t n\u1ed9i th\u1ea5t QGHOME Vi\u1ec7t Nam\" width=\"684\" height=\"400\" srcset=\"https:\/\/luan.webrt.net\/qhome\/wp-content\/uploads\/2024\/04\/nha-may-san-xuat-noi-that-qghome-viet-nam-684x400.jpg 684w, https:\/\/luan.webrt.net\/qhome\/wp-content\/uploads\/2024\/04\/nha-may-san-xuat-noi-that-qghome-viet-nam-510x298.jpg 510w, https:\/\/luan.webrt.net\/qhome\/wp-content\/uploads\/2024\/04\/nha-may-san-xuat-noi-that-qghome-viet-nam-768x449.jpg 768w, https:\/\/luan.webrt.net\/qhome\/wp-content\/uploads\/2024\/04\/nha-may-san-xuat-noi-that-qghome-viet-nam.jpg 800w\" sizes=\"auto, (max-width: 684px) 100vw, 684px\" \/><figcaption id=\"caption-attachment-7785\" class=\"wp-caption-text\"><em>Nh\u00e0 m\u00e1y s\u1ea3n xu\u1ea5t n\u1ed9i th\u1ea5t QGHOME Vi\u1ec7t Nam<\/em><\/figcaption><\/figure>\n<figure id=\"attachment_7782\" aria-describedby=\"caption-attachment-7782\" style=\"width: 684px\" class=\"wp-caption aligncenter\"><img loading=\"lazy\" decoding=\"async\" class=\"size-medium wp-image-7782\" src=\"http:\/\/qghome.vn\/wp-content\/uploads\/2024\/04\/nha-may-noi-that-qghome-viet-nam-684x400.jpg\" alt=\"Nh\u00e0 m\u00e1y n\u1ed9i th\u1ea5t QGHOME Vi\u1ec7t Nam\" width=\"684\" height=\"400\" srcset=\"https:\/\/luan.webrt.net\/qhome\/wp-content\/uploads\/2024\/04\/nha-may-noi-that-qghome-viet-nam-684x400.jpg 684w, https:\/\/luan.webrt.net\/qhome\/wp-content\/uploads\/2024\/04\/nha-may-noi-that-qghome-viet-nam-510x298.jpg 510w, https:\/\/luan.webrt.net\/qhome\/wp-content\/uploads\/2024\/04\/nha-may-noi-that-qghome-viet-nam-768x449.jpg 768w, https:\/\/luan.webrt.net\/qhome\/wp-content\/uploads\/2024\/04\/nha-may-noi-that-qghome-viet-nam.jpg 800w\" sizes=\"auto, (max-width: 684px) 100vw, 684px\" \/><figcaption id=\"caption-attachment-7782\" class=\"wp-caption-text\"><em>Nh\u00e0 m\u00e1y n\u1ed9i th\u1ea5t QGHOME Vi\u1ec7t Nam<\/em><\/figcaption><\/figure>\n<figure id=\"attachment_7783\" aria-describedby=\"caption-attachment-7783\" style=\"width: 684px\" class=\"wp-caption aligncenter\"><img loading=\"lazy\" decoding=\"async\" class=\"size-medium wp-image-7783\" src=\"http:\/\/qghome.vn\/wp-content\/uploads\/2024\/04\/nha-may-qghome-viet-nam-684x400.jpg\" alt=\"\u0110\u01a1n v\u1ecb thi\u1ebft k\u1ebf n\u1ed9i th\u1ea5t uy t\u00edn - QGHOME\" width=\"684\" height=\"400\" srcset=\"https:\/\/luan.webrt.net\/qhome\/wp-content\/uploads\/2024\/04\/nha-may-qghome-viet-nam-684x400.jpg 684w, https:\/\/luan.webrt.net\/qhome\/wp-content\/uploads\/2024\/04\/nha-may-qghome-viet-nam-510x298.jpg 510w, https:\/\/luan.webrt.net\/qhome\/wp-content\/uploads\/2024\/04\/nha-may-qghome-viet-nam-768x449.jpg 768w, https:\/\/luan.webrt.net\/qhome\/wp-content\/uploads\/2024\/04\/nha-may-qghome-viet-nam.jpg 800w\" sizes=\"auto, (max-width: 684px) 100vw, 684px\" \/><figcaption id=\"caption-attachment-7783\" class=\"wp-caption-text\"><em>\u0110\u01a1n v\u1ecb thi\u1ebft k\u1ebf n\u1ed9i th\u1ea5t uy t\u00edn &#8211; QGHOME<\/em><\/figcaption><\/figure>\n","protected":false},"excerpt":{"rendered":"<p><strong>Th\u01b0\u01a1ng hi\u1ec7u<\/strong>: QGHome<br \/>\n<strong>Ch\u1ea5t li\u1ec7u:<\/strong> G\u1ed7 c\u00f4ng nghi\u1ec7p MDF ph\u1ee7 melamine d\u00e0y 15mm, ch\u1ed1ng th\u1ea5m cao c\u1ea5p, c\u1ea1nh t\u1ee7 \u0111\u01b0\u1ee3c m\u00e0i c\u1ea1nh an to\u00e0n<br \/>\n<b>Quy c\u00e1ch:<\/b>\u00a014 ng\u0103n \u0111\u1ec3 \u0111\u1ed3 ti\u1ec7n l\u1ee3i<br \/>\n<strong>K\u00edch th\u01b0\u1edbc:<\/strong> W1200 x D250 x H2000 mm<br \/>\n<strong>M\u00e0u s\u1eafc:<\/strong>Tr\u1eafng<br \/>\n<strong>B\u1ea3o h\u00e0nh:<\/strong> 12 th\u00e1ng theo ti\u00eau chu\u1ea9n nh\u00e0 m\u00e1y, l\u1eafp gh\u00e9p ho\u00e0n thi\u1ec7n.<\/p>\n","protected":false},"featured_media":10645,"comment_status":"open","ping_status":"closed","template":"","meta":[],"product_cat":[421],"product_tag":[422,423,368,394],"class_list":["post-8601","product","type-product","status-publish","has-post-thumbnail","hentry","product_cat-ke-trang-tri","product_tag-ke-trang-tri","product_tag-ke-trang-tri-dep","product_tag-tu-van-phong","product_tag-tu-van-phong-dep"],"yoast_head":"<!-- This site is optimized with the Yoast SEO plugin v19.9 - https:\/\/yoast.com\/wordpress\/plugins\/seo\/ -->\n<title>K\u1ec7 trang tr\u00ed QTKE01<\/title>\n<meta name=\"description\" content=\"K\u1ec7 trang tr\u00ed QTKE01 \u0111\u00e3 g\u00e2y \u1ea5n t\u01b0\u1ee3ng s\u00e2u s\u1eafc v\u1edbi kh\u00e1ch h\u00e0ng ngay t\u1eeb l\u1ea7n \u0111\u1ea7u nh\u1edd v\u00e0o thi\u1ebft k\u1ebf \u0111\u1ed9c \u0111\u00e1o v\u00e0 hi\u1ec7n \u0111\u1ea1i c\u1ee7a n\u00f3. M\u00e0u s\u1eafc nh\u1eb9 nh\u00e0ng v\u00e0 tinh t\u1ebf\" \/>\n<meta name=\"robots\" content=\"index, follow, max-snippet:-1, max-image-preview:large, max-video-preview:-1\" \/>\n<link rel=\"canonical\" href=\"https:\/\/luan.webrt.net\/qhome\/san-pham\/ke-trang-tri-qtke01\/\" \/>\n<meta property=\"og:locale\" content=\"vi_VN\" \/>\n<meta property=\"og:type\" content=\"article\" \/>\n<meta property=\"og:title\" content=\"K\u1ec7 trang tr\u00ed QTKE01\" \/>\n<meta property=\"og:description\" content=\"K\u1ec7 trang tr\u00ed QTKE01 \u0111\u00e3 g\u00e2y \u1ea5n t\u01b0\u1ee3ng s\u00e2u s\u1eafc v\u1edbi kh\u00e1ch h\u00e0ng ngay t\u1eeb l\u1ea7n \u0111\u1ea7u nh\u1edd v\u00e0o thi\u1ebft k\u1ebf \u0111\u1ed9c \u0111\u00e1o v\u00e0 hi\u1ec7n \u0111\u1ea1i c\u1ee7a n\u00f3. M\u00e0u s\u1eafc nh\u1eb9 nh\u00e0ng v\u00e0 tinh t\u1ebf\" \/>\n<meta property=\"og:url\" content=\"https:\/\/luan.webrt.net\/qhome\/san-pham\/ke-trang-tri-qtke01\/\" \/>\n<meta property=\"og:site_name\" content=\"M\u1eabu web n\u1ed9i th\u1ea5t\" \/>\n<meta property=\"article:publisher\" content=\"https:\/\/www.facebook.com\/noithatqghome\" \/>\n<meta property=\"article:modified_time\" content=\"2024-08-30T10:30:41+00:00\" \/>\n<meta property=\"og:image\" content=\"https:\/\/luan.webrt.net\/qhome\/wp-content\/uploads\/2024\/04\/Ke-trang-tri-QTKE01.jpg\" \/>\n\t<meta property=\"og:image:width\" content=\"1080\" \/>\n\t<meta property=\"og:image:height\" content=\"1080\" \/>\n\t<meta property=\"og:image:type\" content=\"image\/jpeg\" \/>\n<meta name=\"twitter:card\" content=\"summary_large_image\" \/>\n<meta name=\"twitter:label1\" content=\"\u01af\u1edbc t\u00ednh th\u1eddi gian \u0111\u1ecdc\" \/>\n\t<meta name=\"twitter:data1\" content=\"5 ph\u00fat\" \/>\n<script type=\"application\/ld+json\" class=\"yoast-schema-graph\">{\"@context\":\"https:\/\/schema.org\",\"@graph\":[{\"@type\":\"WebPage\",\"@id\":\"https:\/\/luan.webrt.net\/qhome\/san-pham\/ke-trang-tri-qtke01\/\",\"url\":\"https:\/\/luan.webrt.net\/qhome\/san-pham\/ke-trang-tri-qtke01\/\",\"name\":\"K\u1ec7 trang tr\u00ed QTKE01\",\"isPartOf\":{\"@id\":\"https:\/\/luan.webrt.net\/qhome\/#website\"},\"datePublished\":\"2024-04-10T09:23:47+00:00\",\"dateModified\":\"2024-08-30T10:30:41+00:00\",\"description\":\"K\u1ec7 trang tr\u00ed QTKE01 \u0111\u00e3 g\u00e2y \u1ea5n t\u01b0\u1ee3ng s\u00e2u s\u1eafc v\u1edbi kh\u00e1ch h\u00e0ng ngay t\u1eeb l\u1ea7n \u0111\u1ea7u nh\u1edd v\u00e0o thi\u1ebft k\u1ebf \u0111\u1ed9c \u0111\u00e1o v\u00e0 hi\u1ec7n \u0111\u1ea1i c\u1ee7a n\u00f3. M\u00e0u s\u1eafc nh\u1eb9 nh\u00e0ng v\u00e0 tinh t\u1ebf\",\"breadcrumb\":{\"@id\":\"https:\/\/luan.webrt.net\/qhome\/san-pham\/ke-trang-tri-qtke01\/#breadcrumb\"},\"inLanguage\":\"vi\",\"potentialAction\":[{\"@type\":\"ReadAction\",\"target\":[\"https:\/\/luan.webrt.net\/qhome\/san-pham\/ke-trang-tri-qtke01\/\"]}]},{\"@type\":\"BreadcrumbList\",\"@id\":\"https:\/\/luan.webrt.net\/qhome\/san-pham\/ke-trang-tri-qtke01\/#breadcrumb\",\"itemListElement\":[{\"@type\":\"ListItem\",\"position\":1,\"name\":\"Trang ch\u1ee7\",\"item\":\"https:\/\/luan.webrt.net\/qhome\/\"},{\"@type\":\"ListItem\",\"position\":2,\"name\":\"Shop\",\"item\":\"https:\/\/luan.webrt.net\/qhome\/shop\/\"},{\"@type\":\"ListItem\",\"position\":3,\"name\":\"K\u1ec7 trang tr\u00ed QTKE01\"}]},{\"@type\":\"WebSite\",\"@id\":\"https:\/\/luan.webrt.net\/qhome\/#website\",\"url\":\"https:\/\/luan.webrt.net\/qhome\/\",\"name\":\"M\u1eabu web n\u1ed9i th\u1ea5t\",\"description\":\"QGHome Vi\u1ec7t Nam\",\"publisher\":{\"@id\":\"https:\/\/luan.webrt.net\/qhome\/#organization\"},\"potentialAction\":[{\"@type\":\"SearchAction\",\"target\":{\"@type\":\"EntryPoint\",\"urlTemplate\":\"https:\/\/luan.webrt.net\/qhome\/?s={search_term_string}\"},\"query-input\":\"required name=search_term_string\"}],\"inLanguage\":\"vi\"},{\"@type\":\"Organization\",\"@id\":\"https:\/\/luan.webrt.net\/qhome\/#organization\",\"name\":\"QGHome\",\"url\":\"https:\/\/luan.webrt.net\/qhome\/\",\"logo\":{\"@type\":\"ImageObject\",\"inLanguage\":\"vi\",\"@id\":\"https:\/\/luan.webrt.net\/qhome\/#\/schema\/logo\/image\/\",\"url\":\"https:\/\/qghome.vn\/wp-content\/uploads\/2025\/08\/logo-mau-MauTH-21.png\",\"contentUrl\":\"https:\/\/qghome.vn\/wp-content\/uploads\/2025\/08\/logo-mau-MauTH-21.png\",\"width\":253,\"height\":99,\"caption\":\"QGHome\"},\"image\":{\"@id\":\"https:\/\/luan.webrt.net\/qhome\/#\/schema\/logo\/image\/\"},\"sameAs\":[\"https:\/\/www.tiktok.com\/@qghome.official\",\"https:\/\/www.youtube.com\/channel\/UCeVBuKTXkv-u94DS421cklw\",\"https:\/\/www.facebook.com\/noithatqghome\"]}]}<\/script>\n<!-- \/ Yoast SEO plugin. -->","yoast_head_json":{"title":"K\u1ec7 trang tr\u00ed QTKE01","description":"K\u1ec7 trang tr\u00ed QTKE01 \u0111\u00e3 g\u00e2y \u1ea5n t\u01b0\u1ee3ng s\u00e2u s\u1eafc v\u1edbi kh\u00e1ch h\u00e0ng ngay t\u1eeb l\u1ea7n \u0111\u1ea7u nh\u1edd v\u00e0o thi\u1ebft k\u1ebf \u0111\u1ed9c \u0111\u00e1o v\u00e0 hi\u1ec7n \u0111\u1ea1i c\u1ee7a n\u00f3. M\u00e0u s\u1eafc nh\u1eb9 nh\u00e0ng v\u00e0 tinh t\u1ebf","robots":{"index":"index","follow":"follow","max-snippet":"max-snippet:-1","max-image-preview":"max-image-preview:large","max-video-preview":"max-video-preview:-1"},"canonical":"https:\/\/luan.webrt.net\/qhome\/san-pham\/ke-trang-tri-qtke01\/","og_locale":"vi_VN","og_type":"article","og_title":"K\u1ec7 trang tr\u00ed QTKE01","og_description":"K\u1ec7 trang tr\u00ed QTKE01 \u0111\u00e3 g\u00e2y \u1ea5n t\u01b0\u1ee3ng s\u00e2u s\u1eafc v\u1edbi kh\u00e1ch h\u00e0ng ngay t\u1eeb l\u1ea7n \u0111\u1ea7u nh\u1edd v\u00e0o thi\u1ebft k\u1ebf \u0111\u1ed9c \u0111\u00e1o v\u00e0 hi\u1ec7n \u0111\u1ea1i c\u1ee7a n\u00f3. M\u00e0u s\u1eafc nh\u1eb9 nh\u00e0ng v\u00e0 tinh t\u1ebf","og_url":"https:\/\/luan.webrt.net\/qhome\/san-pham\/ke-trang-tri-qtke01\/","og_site_name":"M\u1eabu web n\u1ed9i th\u1ea5t","article_publisher":"https:\/\/www.facebook.com\/noithatqghome","article_modified_time":"2024-08-30T10:30:41+00:00","og_image":[{"width":1080,"height":1080,"url":"https:\/\/luan.webrt.net\/qhome\/wp-content\/uploads\/2024\/04\/Ke-trang-tri-QTKE01.jpg","type":"image\/jpeg"}],"twitter_card":"summary_large_image","twitter_misc":{"\u01af\u1edbc t\u00ednh th\u1eddi gian \u0111\u1ecdc":"5 ph\u00fat"},"schema":{"@context":"https:\/\/schema.org","@graph":[{"@type":"WebPage","@id":"https:\/\/luan.webrt.net\/qhome\/san-pham\/ke-trang-tri-qtke01\/","url":"https:\/\/luan.webrt.net\/qhome\/san-pham\/ke-trang-tri-qtke01\/","name":"K\u1ec7 trang tr\u00ed QTKE01","isPartOf":{"@id":"https:\/\/luan.webrt.net\/qhome\/#website"},"datePublished":"2024-04-10T09:23:47+00:00","dateModified":"2024-08-30T10:30:41+00:00","description":"K\u1ec7 trang tr\u00ed QTKE01 \u0111\u00e3 g\u00e2y \u1ea5n t\u01b0\u1ee3ng s\u00e2u s\u1eafc v\u1edbi kh\u00e1ch h\u00e0ng ngay t\u1eeb l\u1ea7n \u0111\u1ea7u nh\u1edd v\u00e0o thi\u1ebft k\u1ebf \u0111\u1ed9c \u0111\u00e1o v\u00e0 hi\u1ec7n \u0111\u1ea1i c\u1ee7a n\u00f3. M\u00e0u s\u1eafc nh\u1eb9 nh\u00e0ng v\u00e0 tinh t\u1ebf","breadcrumb":{"@id":"https:\/\/luan.webrt.net\/qhome\/san-pham\/ke-trang-tri-qtke01\/#breadcrumb"},"inLanguage":"vi","potentialAction":[{"@type":"ReadAction","target":["https:\/\/luan.webrt.net\/qhome\/san-pham\/ke-trang-tri-qtke01\/"]}]},{"@type":"BreadcrumbList","@id":"https:\/\/luan.webrt.net\/qhome\/san-pham\/ke-trang-tri-qtke01\/#breadcrumb","itemListElement":[{"@type":"ListItem","position":1,"name":"Trang ch\u1ee7","item":"https:\/\/luan.webrt.net\/qhome\/"},{"@type":"ListItem","position":2,"name":"Shop","item":"https:\/\/luan.webrt.net\/qhome\/shop\/"},{"@type":"ListItem","position":3,"name":"K\u1ec7 trang tr\u00ed QTKE01"}]},{"@type":"WebSite","@id":"https:\/\/luan.webrt.net\/qhome\/#website","url":"https:\/\/luan.webrt.net\/qhome\/","name":"M\u1eabu web n\u1ed9i th\u1ea5t","description":"QGHome Vi\u1ec7t Nam","publisher":{"@id":"https:\/\/luan.webrt.net\/qhome\/#organization"},"potentialAction":[{"@type":"SearchAction","target":{"@type":"EntryPoint","urlTemplate":"https:\/\/luan.webrt.net\/qhome\/?s={search_term_string}"},"query-input":"required name=search_term_string"}],"inLanguage":"vi"},{"@type":"Organization","@id":"https:\/\/luan.webrt.net\/qhome\/#organization","name":"QGHome","url":"https:\/\/luan.webrt.net\/qhome\/","logo":{"@type":"ImageObject","inLanguage":"vi","@id":"https:\/\/luan.webrt.net\/qhome\/#\/schema\/logo\/image\/","url":"https:\/\/qghome.vn\/wp-content\/uploads\/2025\/08\/logo-mau-MauTH-21.png","contentUrl":"https:\/\/qghome.vn\/wp-content\/uploads\/2025\/08\/logo-mau-MauTH-21.png","width":253,"height":99,"caption":"QGHome"},"image":{"@id":"https:\/\/luan.webrt.net\/qhome\/#\/schema\/logo\/image\/"},"sameAs":["https:\/\/www.tiktok.com\/@qghome.official","https:\/\/www.youtube.com\/channel\/UCeVBuKTXkv-u94DS421cklw","https:\/\/www.facebook.com\/noithatqghome"]}]}},"_links":{"self":[{"href":"https:\/\/luan.webrt.net\/qhome\/wp-json\/wp\/v2\/product\/8601","targetHints":{"allow":["GET"]}}],"collection":[{"href":"https:\/\/luan.webrt.net\/qhome\/wp-json\/wp\/v2\/product"}],"about":[{"href":"https:\/\/luan.webrt.net\/qhome\/wp-json\/wp\/v2\/types\/product"}],"replies":[{"embeddable":true,"href":"https:\/\/luan.webrt.net\/qhome\/wp-json\/wp\/v2\/comments?post=8601"}],"wp:featuredmedia":[{"embeddable":true,"href":"https:\/\/luan.webrt.net\/qhome\/wp-json\/wp\/v2\/media\/10645"}],"wp:attachment":[{"href":"https:\/\/luan.webrt.net\/qhome\/wp-json\/wp\/v2\/media?parent=8601"}],"wp:term":[{"taxonomy":"product_cat","embeddable":true,"href":"https:\/\/luan.webrt.net\/qhome\/wp-json\/wp\/v2\/product_cat?post=8601"},{"taxonomy":"product_tag","embeddable":true,"href":"https:\/\/luan.webrt.net\/qhome\/wp-json\/wp\/v2\/product_tag?post=8601"}],"curies":[{"name":"wp","href":"https:\/\/api.w.org\/{rel}","templated":true}]}}