{"id":8518,"date":"2024-04-10T01:14:32","date_gmt":"2024-04-10T01:14:32","guid":{"rendered":"https:\/\/qghome.vn\/?post_type=product&#038;p=8518"},"modified":"2025-05-24T21:52:40","modified_gmt":"2025-05-24T21:52:40","slug":"tu-de-giay-qtg05","status":"publish","type":"product","link":"https:\/\/luan.webrt.net\/qhome\/san-pham\/tu-de-giay-qtg05\/","title":{"rendered":"T\u1ee7 \u0111\u1ec3 gi\u00e0y QTG05"},"content":{"rendered":"<p>B\u1ea1n \u0111ang t\u00ecm ki\u1ebfm m\u1ed9t gi\u1ea3i ph\u00e1p th\u00f4ng minh \u0111\u1ec3 gi\u1eef cho kh\u00f4ng gian s\u1ed1ng lu\u00f4n g\u1ecdn g\u00e0ng v\u00e0 ng\u0103n n\u1eafp? T\u1ee7 \u0111\u1ec3 gi\u00e0y c\u1ee7a ch\u00fang t\u00f4i ch\u00ednh l\u00e0 l\u1ef1a ch\u1ecdn ho\u00e0n h\u1ea3o d\u00e0nh cho b\u1ea1n!<\/p>\n<p><a href=\"https:\/\/qghome.vn\/tu-de-giay-qtg05\/\"><span style=\"color: #333399;\"><em><strong>T\u1ee7 \u0111\u1ec3 gi\u00e0y QTG05 <\/strong><\/em><\/span><\/a>\u0111\u01b0\u1ee3c thi\u1ebft k\u1ebf v\u1edbi 3 c\u00e1nh t\u1ee7 m\u1edf v\u00e0 1 h\u1ed9c ph\u00eda d\u01b0\u1edbi. T\u1ea1o ra kh\u00f4ng gian l\u01b0u tr\u1eef gi\u00e0y d\u00e9p v\u00e0 \u0111\u1ed3 d\u00f9ng gia \u0111\u00ecnh m\u1ed9t c\u00e1ch ti\u1ec7n l\u1ee3i v\u00e0 g\u1ecdn g\u00e0ng. T\u1ee7 c\u00f3 thi\u1ebft k\u1ebf nh\u1ecf g\u1ecdn ph\u00f9 h\u1ee3p v\u1edbi m\u1ecdi ng\u00f3c ng\u00e1ch trong nh\u00e0 nh\u01b0 g\u00f3c c\u1ea7u thang, c\u1eeda ra v\u00e0o, ph\u00f2ng ng\u1ee7. V\u1edbi thi\u1ebft k\u1ebf hi\u1ec7n \u0111\u1ea1i v\u00e0 h\u00e0i h\u00f2a v\u1ec1 m\u00e0u s\u1eafc, chi\u1ebfc t\u1ee7 gi\u00e0y th\u00f4ng minh n\u00e0y kh\u00f4ng ch\u1ec9 t\u1ed1i \u01b0u h\u00f3a <em class=\"Highlight\">c\u00f4<\/em>ng n\u0103ng s\u1eed d\u1ee5ng m\u00e0 c\u00f2n t\u1ea1o ra kh\u00f4ng gian s\u1ed1ng g\u1ecdn g\u00e0ng v\u00e0 \u0111\u1eb9p m\u1eaft.<\/p>\n<h2 style=\"text-align: center;\"><span style=\"font-size: 140%; color: #333399;\"><strong>T\u1ee7 \u0111\u1ec3 gi\u00e0y QTG05<\/strong><\/span><\/h2>\n<table style=\"border-collapse: collapse; width: 100%;\">\n<tbody>\n<tr>\n<td style=\"width: 15.088%; text-align: center;\"><strong>C\u00f4ng d\u1ee5ng\u00a0<\/strong><\/td>\n<td style=\"width: 84.912%; text-align: center;\">\n<ul>\n<li style=\"text-align: left;\">S\u1ea3n ph\u1ea9m n\u00e0y \u0111\u00e1p \u1ee9ng \u0111\u1ea7y \u0111\u1ee7 c\u00e1c y\u00eau c\u1ea7u v\u1ec1 l\u01b0u tr\u1eef gi\u00e0y d\u00e9p trong c\u1ea3 kh\u00f4ng gian c\u00f4ng c\u1ed9ng, gia \u0111\u00ecnh.<\/li>\n<li style=\"text-align: left;\">T\u1ee7 \u0111\u1ec3 gi\u00e0y c\u00f2n \u0111\u01b0\u1ee3c thi\u1ebft k\u1ebf v\u1edbi t\u00ednh th\u1ea9m m\u1ef9 cao,<\/li>\n<li style=\"text-align: left;\">Ph\u00f9 h\u1ee3p v\u1edbi c\u00e1c khu v\u1ef1c d\u1ecbch v\u1ee5 cao c\u1ea5p v\u00e0 sang tr\u1ecdng.<\/li>\n<li style=\"text-align: left;\">\u0110\u1eb7c bi\u1ec7t l\u00e0 v\u1edbi nhi\u1ec1u s\u1ef1 l\u1ef1a ch\u1ecdn v\u1ec1 v\u00e2n g\u1ed7 v\u00e0 kh\u1ea3 n\u0103ng t\u1ea1o h\u00ecnh linh ho\u1ea1t<\/li>\n<\/ul>\n<\/td>\n<\/tr>\n<tr>\n<td style=\"width: 15.088%; text-align: center;\"><strong>Ch\u1ea5t li\u1ec7u<\/strong><\/td>\n<td style=\"width: 84.912%;\">\n<ul>\n<li style=\"text-align: left;\">G\u1ed7 \u0111\u01b0\u1ee3c s\u1eed d\u1ee5ng l\u00e0 MDF cao c\u1ea5p, \u0111\u01b0\u1ee3c ph\u1ee7 l\u1edbp melamine ch\u1ed1ng \u1ea9m v\u00e0 m\u1ed1c r\u1ea5t t\u1ed1t,<\/li>\n<li style=\"text-align: left;\">Gi\u00fap d\u1ec5 d\u00e0ng lau ch\u00f9i v\u00e0 v\u1ec7 sinh h\u00e0ng ng\u00e0y.<\/li>\n<li style=\"text-align: left;\">B\u1ea3n l\u1ec1 thi\u1ebft k\u1ebf gi\u1ea3m ch\u1ea5n gi\u00fap ch\u1ed1ng \u1ed3n v\u00e0 tr\u00e1nh va \u0111\u1eadp<\/li>\n<\/ul>\n<\/td>\n<\/tr>\n<\/tbody>\n<\/table>\n<h2 style=\"text-align: center;\"><span style=\"font-size: 140%;\"><strong><span style=\"color: #333399;\">K\u00cdCH TH\u01af\u1edaC<\/span><\/strong><\/span><\/h2>\n<figure id=\"attachment_10592\" aria-describedby=\"caption-attachment-10592\" style=\"width: 800px\" class=\"wp-caption aligncenter\"><img loading=\"lazy\" decoding=\"async\" class=\"wp-image-10592 size-large\" src=\"http:\/\/qghome.vn\/wp-content\/uploads\/2024\/04\/Tu-de-giay-QTG05-Kich-thuoc-1-800x800.jpg\" alt=\"T\u1ee7 \u0111\u1ec3 gi\u00e0y QTG05 - K\u00edch th\u01b0\u1edbc\" width=\"800\" height=\"800\" srcset=\"https:\/\/luan.webrt.net\/qhome\/wp-content\/uploads\/2024\/04\/Tu-de-giay-QTG05-Kich-thuoc-1-800x800.jpg 800w, https:\/\/luan.webrt.net\/qhome\/wp-content\/uploads\/2024\/04\/Tu-de-giay-QTG05-Kich-thuoc-1-100x100.jpg 100w, https:\/\/luan.webrt.net\/qhome\/wp-content\/uploads\/2024\/04\/Tu-de-giay-QTG05-Kich-thuoc-1-510x510.jpg 510w, https:\/\/luan.webrt.net\/qhome\/wp-content\/uploads\/2024\/04\/Tu-de-giay-QTG05-Kich-thuoc-1-400x400.jpg 400w, https:\/\/luan.webrt.net\/qhome\/wp-content\/uploads\/2024\/04\/Tu-de-giay-QTG05-Kich-thuoc-1-280x280.jpg 280w, https:\/\/luan.webrt.net\/qhome\/wp-content\/uploads\/2024\/04\/Tu-de-giay-QTG05-Kich-thuoc-1-768x768.jpg 768w, https:\/\/luan.webrt.net\/qhome\/wp-content\/uploads\/2024\/04\/Tu-de-giay-QTG05-Kich-thuoc-1.jpg 1080w\" sizes=\"auto, (max-width: 800px) 100vw, 800px\" \/><figcaption id=\"caption-attachment-10592\" class=\"wp-caption-text\">T\u1ee7 \u0111\u1ec3 gi\u00e0y QTG05 &#8211; K\u00edch th\u01b0\u1edbc<\/figcaption><\/figure>\n<h3><strong>Ti\u1ebft ki\u1ec7m kh\u00f4ng gian<\/strong><\/h3>\n<p>T\u1ee7 \u0111\u1ec3 gi\u00e0y gi\u00fap t\u1eadn d\u1ee5ng t\u1ed1i \u0111a kh\u00f4ng gian trong nh\u00e0, \u0111\u1eb7c bi\u1ec7t l\u00e0 nh\u1eefng khu v\u1ef1c nh\u1ecf h\u1eb9p nh\u01b0 l\u1ed1i v\u00e0o ho\u1eb7c h\u00e0nh lang. N\u00f3 gi\u00fap gi\u1eef cho gi\u00e0y d\u00e9p g\u1ecdn g\u00e0ng, kh\u00f4ng b\u1eeba b\u1ed9n tr\u00ean s\u00e0n.<\/p>\n<h3><strong>B\u1ea3o v\u1ec7 gi\u00e0y d\u00e9p<\/strong><\/h3>\n<p>T\u1ee7 gi\u00e0y gi\u00fap b\u1ea3o v\u1ec7 gi\u00e0y d\u00e9p kh\u1ecfi b\u1ee5i b\u1ea9n, \u00e1nh n\u1eafng m\u1eb7t tr\u1eddi, v\u00e0 c\u00e1c y\u1ebfu t\u1ed1 m\u00f4i tr\u01b0\u1eddng kh\u00e1c, gi\u00fap t\u0103ng tu\u1ed5i th\u1ecd c\u1ee7a gi\u00e0y.<\/p>\n<h3><strong>T\u00edch h\u1ee3p th\u00eam ch\u1ee9c n\u0103ng<\/strong><\/h3>\n<p>M\u1ed9t s\u1ed1 t\u1ee7 gi\u00e0y hi\u1ec7n \u0111\u1ea1i c\u00f3 t\u00edch h\u1ee3p th\u00eam c\u00e1c ch\u1ee9c n\u0103ng nh\u01b0 g\u01b0\u01a1ng soi, m\u00f3c treo \u00e1o kho\u00e1c, ho\u1eb7c th\u1eadm ch\u00ed l\u00e0 gh\u1ebf ng\u1ed3i \u0111\u1ec3 ti\u1ec7n l\u1ee3i h\u01a1n khi mang gi\u00e0y.<\/p>\n<h3><strong>Ph\u00f9 h\u1ee3p v\u1edbi nhi\u1ec1u phong c\u00e1ch thi\u1ebft k\u1ebf<\/strong><\/h3>\n<p>T\u1ee7 gi\u00e0y c\u00f3 nhi\u1ec1u ki\u1ec3u d\u00e1ng, m\u00e0u s\u1eafc v\u00e0 ch\u1ea5t li\u1ec7u kh\u00e1c nhau, d\u1ec5 d\u00e0ng ph\u00f9 h\u1ee3p v\u1edbi phong c\u00e1ch n\u1ed9i th\u1ea5t t\u1eeb c\u1ed5 \u0111i\u1ec3n \u0111\u1ebfn hi\u1ec7n \u0111\u1ea1i.<\/p>\n<h2 style=\"text-align: center;\"><span style=\"color: #333399;\"><strong><span style=\"font-size: 140%;\">CH\u1ea4T LI\u1ec6U<\/span><\/strong><\/span><\/h2>\n<figure id=\"attachment_7915\" aria-describedby=\"caption-attachment-7915\" style=\"width: 800px\" class=\"wp-caption aligncenter\"><img loading=\"lazy\" decoding=\"async\" class=\"wp-image-7915 size-large\" src=\"http:\/\/qghome.vn\/wp-content\/uploads\/2024\/04\/Go-cong-nghiep-phu-Melamine-8-800x800.png\" alt=\"G\u1ed7 MDF ph\u1ee7 melamine \" width=\"800\" height=\"800\" srcset=\"https:\/\/luan.webrt.net\/qhome\/wp-content\/uploads\/2024\/04\/Go-cong-nghiep-phu-Melamine-8-800x800.png 800w, https:\/\/luan.webrt.net\/qhome\/wp-content\/uploads\/2024\/04\/Go-cong-nghiep-phu-Melamine-8-100x100.png 100w, https:\/\/luan.webrt.net\/qhome\/wp-content\/uploads\/2024\/04\/Go-cong-nghiep-phu-Melamine-8-510x510.png 510w, https:\/\/luan.webrt.net\/qhome\/wp-content\/uploads\/2024\/04\/Go-cong-nghiep-phu-Melamine-8-400x400.png 400w, https:\/\/luan.webrt.net\/qhome\/wp-content\/uploads\/2024\/04\/Go-cong-nghiep-phu-Melamine-8-280x280.png 280w, https:\/\/luan.webrt.net\/qhome\/wp-content\/uploads\/2024\/04\/Go-cong-nghiep-phu-Melamine-8-768x768.png 768w, https:\/\/luan.webrt.net\/qhome\/wp-content\/uploads\/2024\/04\/Go-cong-nghiep-phu-Melamine-8.png 1080w\" sizes=\"auto, (max-width: 800px) 100vw, 800px\" \/><figcaption id=\"caption-attachment-7915\" class=\"wp-caption-text\"><em>G\u1ed7 MDF ph\u1ee7 melamine<\/em><\/figcaption><\/figure>\n<figure id=\"attachment_7916\" aria-describedby=\"caption-attachment-7916\" style=\"width: 800px\" class=\"wp-caption aligncenter\"><img loading=\"lazy\" decoding=\"async\" class=\"wp-image-7916 size-large\" src=\"http:\/\/qghome.vn\/wp-content\/uploads\/2024\/04\/Go-cong-nghiep-phu-Melamine-7-800x800.png\" alt=\"G\u1ed7 MDF ph\u1ee7 melamine\" width=\"800\" height=\"800\" srcset=\"https:\/\/luan.webrt.net\/qhome\/wp-content\/uploads\/2024\/04\/Go-cong-nghiep-phu-Melamine-7-800x800.png 800w, https:\/\/luan.webrt.net\/qhome\/wp-content\/uploads\/2024\/04\/Go-cong-nghiep-phu-Melamine-7-100x100.png 100w, https:\/\/luan.webrt.net\/qhome\/wp-content\/uploads\/2024\/04\/Go-cong-nghiep-phu-Melamine-7-510x510.png 510w, https:\/\/luan.webrt.net\/qhome\/wp-content\/uploads\/2024\/04\/Go-cong-nghiep-phu-Melamine-7-400x400.png 400w, https:\/\/luan.webrt.net\/qhome\/wp-content\/uploads\/2024\/04\/Go-cong-nghiep-phu-Melamine-7-280x280.png 280w, https:\/\/luan.webrt.net\/qhome\/wp-content\/uploads\/2024\/04\/Go-cong-nghiep-phu-Melamine-7-768x768.png 768w, https:\/\/luan.webrt.net\/qhome\/wp-content\/uploads\/2024\/04\/Go-cong-nghiep-phu-Melamine-7.png 1080w\" sizes=\"auto, (max-width: 800px) 100vw, 800px\" \/><figcaption id=\"caption-attachment-7916\" class=\"wp-caption-text\"><em><span style=\"vertical-align: inherit;\">G\u1ed7 MDF ph\u1ee7 melamine<\/span><\/em><\/figcaption><\/figure>\n<figure id=\"attachment_7914\" aria-describedby=\"caption-attachment-7914\" style=\"width: 800px\" class=\"wp-caption aligncenter\"><img loading=\"lazy\" decoding=\"async\" class=\"wp-image-7914 size-large\" src=\"http:\/\/qghome.vn\/wp-content\/uploads\/2024\/04\/Go-cong-nghiep-phu-Melamine-9-800x800.png\" alt=\"G\u1ed7 MDF ph\u1ee7 melamine\" width=\"800\" height=\"800\" srcset=\"https:\/\/luan.webrt.net\/qhome\/wp-content\/uploads\/2024\/04\/Go-cong-nghiep-phu-Melamine-9-800x800.png 800w, https:\/\/luan.webrt.net\/qhome\/wp-content\/uploads\/2024\/04\/Go-cong-nghiep-phu-Melamine-9-100x100.png 100w, https:\/\/luan.webrt.net\/qhome\/wp-content\/uploads\/2024\/04\/Go-cong-nghiep-phu-Melamine-9-510x510.png 510w, https:\/\/luan.webrt.net\/qhome\/wp-content\/uploads\/2024\/04\/Go-cong-nghiep-phu-Melamine-9-400x400.png 400w, https:\/\/luan.webrt.net\/qhome\/wp-content\/uploads\/2024\/04\/Go-cong-nghiep-phu-Melamine-9-280x280.png 280w, https:\/\/luan.webrt.net\/qhome\/wp-content\/uploads\/2024\/04\/Go-cong-nghiep-phu-Melamine-9-768x768.png 768w, https:\/\/luan.webrt.net\/qhome\/wp-content\/uploads\/2024\/04\/Go-cong-nghiep-phu-Melamine-9.png 1080w\" sizes=\"auto, (max-width: 800px) 100vw, 800px\" \/><figcaption id=\"caption-attachment-7914\" class=\"wp-caption-text\"><em><span style=\"vertical-align: inherit;\">G\u1ed7 MDF ph\u1ee7 melamine<\/span><\/em><\/figcaption><\/figure>\n<h2 style=\"text-align: center;\"><span style=\"color: #333399; font-size: 140%;\"><strong>NH\u00c0 M\u00c1Y S\u1ea2N XU\u1ea4T QGHOME<\/strong><\/span><\/h2>\n<figure id=\"attachment_7785\" aria-describedby=\"caption-attachment-7785\" style=\"width: 800px\" class=\"wp-caption aligncenter\"><img loading=\"lazy\" decoding=\"async\" class=\"wp-image-7785 size-full\" src=\"http:\/\/qghome.vn\/wp-content\/uploads\/2024\/04\/nha-may-san-xuat-noi-that-qghome-viet-nam.jpg\" alt=\"Nh\u00e0 m\u00e1y s\u1ea3n xu\u1ea5t n\u1ed9i th\u1ea5t QGHOME Vi\u1ec7t Nam\" width=\"800\" height=\"468\" srcset=\"https:\/\/luan.webrt.net\/qhome\/wp-content\/uploads\/2024\/04\/nha-may-san-xuat-noi-that-qghome-viet-nam.jpg 800w, https:\/\/luan.webrt.net\/qhome\/wp-content\/uploads\/2024\/04\/nha-may-san-xuat-noi-that-qghome-viet-nam-510x298.jpg 510w, https:\/\/luan.webrt.net\/qhome\/wp-content\/uploads\/2024\/04\/nha-may-san-xuat-noi-that-qghome-viet-nam-684x400.jpg 684w, https:\/\/luan.webrt.net\/qhome\/wp-content\/uploads\/2024\/04\/nha-may-san-xuat-noi-that-qghome-viet-nam-768x449.jpg 768w\" sizes=\"auto, (max-width: 800px) 100vw, 800px\" \/><figcaption id=\"caption-attachment-7785\" class=\"wp-caption-text\"><em>Nh\u00e0 m\u00e1y s\u1ea3n xu\u1ea5t n\u1ed9i th\u1ea5t QGHOME Vi\u1ec7t Nam<\/em><\/figcaption><\/figure>\n<figure id=\"attachment_7782\" aria-describedby=\"caption-attachment-7782\" style=\"width: 800px\" class=\"wp-caption aligncenter\"><img loading=\"lazy\" decoding=\"async\" class=\"wp-image-7782 size-full\" src=\"http:\/\/qghome.vn\/wp-content\/uploads\/2024\/04\/nha-may-noi-that-qghome-viet-nam.jpg\" alt=\"Nh\u00e0 m\u00e1y n\u1ed9i th\u1ea5t QGHOME Vi\u1ec7t Nam\" width=\"800\" height=\"468\" srcset=\"https:\/\/luan.webrt.net\/qhome\/wp-content\/uploads\/2024\/04\/nha-may-noi-that-qghome-viet-nam.jpg 800w, https:\/\/luan.webrt.net\/qhome\/wp-content\/uploads\/2024\/04\/nha-may-noi-that-qghome-viet-nam-510x298.jpg 510w, https:\/\/luan.webrt.net\/qhome\/wp-content\/uploads\/2024\/04\/nha-may-noi-that-qghome-viet-nam-684x400.jpg 684w, https:\/\/luan.webrt.net\/qhome\/wp-content\/uploads\/2024\/04\/nha-may-noi-that-qghome-viet-nam-768x449.jpg 768w\" sizes=\"auto, (max-width: 800px) 100vw, 800px\" \/><figcaption id=\"caption-attachment-7782\" class=\"wp-caption-text\"><em>Nh\u00e0 m\u00e1y n\u1ed9i th\u1ea5t QGHOME Vi\u1ec7t Nam<\/em><\/figcaption><\/figure>\n<figure id=\"attachment_7783\" aria-describedby=\"caption-attachment-7783\" style=\"width: 800px\" class=\"wp-caption aligncenter\"><img loading=\"lazy\" decoding=\"async\" class=\"wp-image-7783 size-full\" src=\"http:\/\/qghome.vn\/wp-content\/uploads\/2024\/04\/nha-may-qghome-viet-nam.jpg\" alt=\"\u0110\u01a1n v\u1ecb thi\u1ebft k\u1ebf n\u1ed9i th\u1ea5t uy t\u00edn - QGHOME\" width=\"800\" height=\"468\" srcset=\"https:\/\/luan.webrt.net\/qhome\/wp-content\/uploads\/2024\/04\/nha-may-qghome-viet-nam.jpg 800w, https:\/\/luan.webrt.net\/qhome\/wp-content\/uploads\/2024\/04\/nha-may-qghome-viet-nam-510x298.jpg 510w, https:\/\/luan.webrt.net\/qhome\/wp-content\/uploads\/2024\/04\/nha-may-qghome-viet-nam-684x400.jpg 684w, https:\/\/luan.webrt.net\/qhome\/wp-content\/uploads\/2024\/04\/nha-may-qghome-viet-nam-768x449.jpg 768w\" sizes=\"auto, (max-width: 800px) 100vw, 800px\" \/><figcaption id=\"caption-attachment-7783\" class=\"wp-caption-text\"><em>\u0110\u01a1n v\u1ecb thi\u1ebft k\u1ebf n\u1ed9i th\u1ea5t uy t\u00edn &#8211; QGHOME<\/em><\/figcaption><\/figure>\n","protected":false},"excerpt":{"rendered":"<p><span data-sheets-root=\"1\" data-sheets-value=\"{&quot;1&quot;:2,&quot;2&quot;:&quot;Th\u01b0\u01a1ng hi\u1ec7u: QGHome\\nCh\u1ea5t li\u1ec7u: G\u1ed7 c\u00f4ng nghi\u1ec7p MDF ph\u1ee7 melamine d\u00e0y 50mm, ch\u1ed1ng th\u1ea5m cao c\u1ea5p, c\u1ea1nh t\u1ee7 \u0111\u01b0\u1ee3c m\u00e0i c\u1ea1nh an to\u00e0n\\nPh\u1ee5 ki\u1ec7n: 1 h\u1ed9c t\u1ee7, 1 ng\u0103n k\u00e9o v\u00e0 2 c\u00e1nh t\u1ee7 m\u1edf thi\u1ebft k\u1ebf nhi\u1ec1u ng\u0103n. B\u1ea3n l\u1ec1 gi\u1ea3m ch\u1ea5n ch\u1ed1ng va \u0111\u1eadp\\nK\u00edch th\u01b0\u1edbc: W1000 x D330 x H1100 mm \\nM\u00e0u s\u1eafc: Tr\u1eafng k\u1ebft h\u1ee3p v\u00e2n g\u1ed7 \\nB\u1ea3o h\u00e0nh: 12 th\u00e1ng theo ti\u00eau chu\u1ea9n nh\u00e0 m\u00e1y, l\u1eafp gh\u00e9p ho\u00e0n thi\u1ec7n.&quot;}\" data-sheets-userformat=\"{&quot;2&quot;:21437,&quot;3&quot;:{&quot;1&quot;:0},&quot;5&quot;:{&quot;1&quot;:[{&quot;1&quot;:2,&quot;2&quot;:0,&quot;5&quot;:{&quot;1&quot;:2,&quot;2&quot;:10066329}},{&quot;1&quot;:0,&quot;2&quot;:0,&quot;3&quot;:3},{&quot;1&quot;:1,&quot;2&quot;:0,&quot;4&quot;:1}]},&quot;6&quot;:{&quot;1&quot;:[{&quot;1&quot;:2,&quot;2&quot;:0,&quot;5&quot;:{&quot;1&quot;:2,&quot;2&quot;:10066329}},{&quot;1&quot;:0,&quot;2&quot;:0,&quot;3&quot;:3},{&quot;1&quot;:1,&quot;2&quot;:0,&quot;4&quot;:1}]},&quot;7&quot;:{&quot;1&quot;:[{&quot;1&quot;:2,&quot;2&quot;:0,&quot;5&quot;:{&quot;1&quot;:2,&quot;2&quot;:10066329}},{&quot;1&quot;:0,&quot;2&quot;:0,&quot;3&quot;:3},{&quot;1&quot;:1,&quot;2&quot;:0,&quot;4&quot;:1}]},&quot;8&quot;:{&quot;1&quot;:[{&quot;1&quot;:2,&quot;2&quot;:0,&quot;5&quot;:{&quot;1&quot;:2,&quot;2&quot;:10066329}},{&quot;1&quot;:0,&quot;2&quot;:0,&quot;3&quot;:3},{&quot;1&quot;:1,&quot;2&quot;:0,&quot;4&quot;:1}]},&quot;10&quot;:1,&quot;11&quot;:4,&quot;12&quot;:0,&quot;15&quot;:&quot;Times New Roman&quot;,&quot;17&quot;:0}\"><strong>Th\u01b0\u01a1ng hi\u1ec7u:<\/strong> QGHome<br \/>\n<strong>Ch\u1ea5t li\u1ec7u:<\/strong> G\u1ed7 c\u00f4ng nghi\u1ec7p MDF ph\u1ee7 melamine d\u00e0y 50mm, ch\u1ed1ng th\u1ea5m cao c\u1ea5p, c\u1ea1nh t\u1ee7 \u0111\u01b0\u1ee3c m\u00e0i c\u1ea1nh an to\u00e0n<br \/>\n<strong>Ph\u1ee5 ki\u1ec7n:<\/strong> 1 h\u1ed9c t\u1ee7 v\u00e0 3 c\u00e1nh t\u1ee7 m\u1edf, b\u1ea3n l\u1ec1 gi\u1ea3m ch\u1ea5n ch\u1ed1ng va \u0111\u1eadp<br \/>\n<strong>K\u00edch th\u01b0\u1edbc:<\/strong> W1000 x D330 x H1100 mm<br \/>\n<strong>M\u00e0u s\u1eafc:<\/strong> V\u00e2n g\u1ed7<br \/>\n<strong>B\u1ea3o h\u00e0nh:<\/strong> 12 th\u00e1ng theo ti\u00eau chu\u1ea9n nh\u00e0 m\u00e1y, l\u1eafp gh\u00e9p ho\u00e0n thi\u1ec7n.<\/span><\/p>\n","protected":false},"featured_media":10593,"comment_status":"open","ping_status":"closed","template":"","meta":[],"product_cat":[409],"product_tag":[379,408,383,368,394],"class_list":["post-8518","product","type-product","status-publish","has-post-thumbnail","hentry","product_cat-tu-de-giay","product_tag-tu-de-giay","product_tag-tu-de-giay-dep","product_tag-tu-tai-lieu","product_tag-tu-van-phong","product_tag-tu-van-phong-dep"],"yoast_head":"<!-- This site is optimized with the Yoast SEO plugin v19.9 - https:\/\/yoast.com\/wordpress\/plugins\/seo\/ -->\n<title>T\u1ee7 \u0111\u1ec3 gi\u00e0y QTG05<\/title>\n<meta name=\"description\" content=\"T\u1ee7 \u0111\u1ec3 gi\u00e0y QTG05 \u0111\u01b0\u1ee3c thi\u1ebft k\u1ebf v\u1edbi 3 c\u00e1nh t\u1ee7 m\u1edf v\u00e0 1 h\u1ed9c ph\u00eda d\u01b0\u1edbi. T\u1ea1o ra kh\u00f4ng gian l\u01b0u tr\u1eef gi\u00e0y d\u00e9p v\u00e0 \u0111\u1ed3 d\u00f9ng gia \u0111\u00ecnh m\u1ed9t c\u00e1ch ti\u1ec7n l\u1ee3i v\u00e0 g\u1ecdn g\u00e0ng\" \/>\n<meta name=\"robots\" content=\"index, follow, max-snippet:-1, max-image-preview:large, max-video-preview:-1\" \/>\n<link rel=\"canonical\" href=\"https:\/\/luan.webrt.net\/qhome\/san-pham\/tu-de-giay-qtg05\/\" \/>\n<meta property=\"og:locale\" content=\"vi_VN\" \/>\n<meta property=\"og:type\" content=\"article\" \/>\n<meta property=\"og:title\" content=\"T\u1ee7 \u0111\u1ec3 gi\u00e0y QTG05\" \/>\n<meta property=\"og:description\" content=\"T\u1ee7 \u0111\u1ec3 gi\u00e0y QTG05 \u0111\u01b0\u1ee3c thi\u1ebft k\u1ebf v\u1edbi 3 c\u00e1nh t\u1ee7 m\u1edf v\u00e0 1 h\u1ed9c ph\u00eda d\u01b0\u1edbi. T\u1ea1o ra kh\u00f4ng gian l\u01b0u tr\u1eef gi\u00e0y d\u00e9p v\u00e0 \u0111\u1ed3 d\u00f9ng gia \u0111\u00ecnh m\u1ed9t c\u00e1ch ti\u1ec7n l\u1ee3i v\u00e0 g\u1ecdn g\u00e0ng\" \/>\n<meta property=\"og:url\" content=\"https:\/\/luan.webrt.net\/qhome\/san-pham\/tu-de-giay-qtg05\/\" \/>\n<meta property=\"og:site_name\" content=\"M\u1eabu web n\u1ed9i th\u1ea5t\" \/>\n<meta property=\"article:publisher\" content=\"https:\/\/www.facebook.com\/noithatqghome\" \/>\n<meta property=\"article:modified_time\" content=\"2025-05-24T21:52:40+00:00\" \/>\n<meta property=\"og:image\" content=\"https:\/\/luan.webrt.net\/qhome\/wp-content\/uploads\/2024\/04\/Tu-de-giay-QTG05.jpg\" \/>\n\t<meta property=\"og:image:width\" content=\"1080\" \/>\n\t<meta property=\"og:image:height\" content=\"1080\" \/>\n\t<meta property=\"og:image:type\" content=\"image\/jpeg\" \/>\n<meta name=\"twitter:card\" content=\"summary_large_image\" \/>\n<meta name=\"twitter:label1\" content=\"\u01af\u1edbc t\u00ednh th\u1eddi gian \u0111\u1ecdc\" \/>\n\t<meta name=\"twitter:data1\" content=\"5 ph\u00fat\" \/>\n<script type=\"application\/ld+json\" class=\"yoast-schema-graph\">{\"@context\":\"https:\/\/schema.org\",\"@graph\":[{\"@type\":\"WebPage\",\"@id\":\"https:\/\/luan.webrt.net\/qhome\/san-pham\/tu-de-giay-qtg05\/\",\"url\":\"https:\/\/luan.webrt.net\/qhome\/san-pham\/tu-de-giay-qtg05\/\",\"name\":\"T\u1ee7 \u0111\u1ec3 gi\u00e0y QTG05\",\"isPartOf\":{\"@id\":\"https:\/\/luan.webrt.net\/qhome\/#website\"},\"datePublished\":\"2024-04-10T01:14:32+00:00\",\"dateModified\":\"2025-05-24T21:52:40+00:00\",\"description\":\"T\u1ee7 \u0111\u1ec3 gi\u00e0y QTG05 \u0111\u01b0\u1ee3c thi\u1ebft k\u1ebf v\u1edbi 3 c\u00e1nh t\u1ee7 m\u1edf v\u00e0 1 h\u1ed9c ph\u00eda d\u01b0\u1edbi. T\u1ea1o ra kh\u00f4ng gian l\u01b0u tr\u1eef gi\u00e0y d\u00e9p v\u00e0 \u0111\u1ed3 d\u00f9ng gia \u0111\u00ecnh m\u1ed9t c\u00e1ch ti\u1ec7n l\u1ee3i v\u00e0 g\u1ecdn g\u00e0ng\",\"breadcrumb\":{\"@id\":\"https:\/\/luan.webrt.net\/qhome\/san-pham\/tu-de-giay-qtg05\/#breadcrumb\"},\"inLanguage\":\"vi\",\"potentialAction\":[{\"@type\":\"ReadAction\",\"target\":[\"https:\/\/luan.webrt.net\/qhome\/san-pham\/tu-de-giay-qtg05\/\"]}]},{\"@type\":\"BreadcrumbList\",\"@id\":\"https:\/\/luan.webrt.net\/qhome\/san-pham\/tu-de-giay-qtg05\/#breadcrumb\",\"itemListElement\":[{\"@type\":\"ListItem\",\"position\":1,\"name\":\"Trang ch\u1ee7\",\"item\":\"https:\/\/luan.webrt.net\/qhome\/\"},{\"@type\":\"ListItem\",\"position\":2,\"name\":\"Shop\",\"item\":\"https:\/\/luan.webrt.net\/qhome\/shop\/\"},{\"@type\":\"ListItem\",\"position\":3,\"name\":\"T\u1ee7 \u0111\u1ec3 gi\u00e0y QTG05\"}]},{\"@type\":\"WebSite\",\"@id\":\"https:\/\/luan.webrt.net\/qhome\/#website\",\"url\":\"https:\/\/luan.webrt.net\/qhome\/\",\"name\":\"M\u1eabu web n\u1ed9i th\u1ea5t\",\"description\":\"QGHome Vi\u1ec7t Nam\",\"publisher\":{\"@id\":\"https:\/\/luan.webrt.net\/qhome\/#organization\"},\"potentialAction\":[{\"@type\":\"SearchAction\",\"target\":{\"@type\":\"EntryPoint\",\"urlTemplate\":\"https:\/\/luan.webrt.net\/qhome\/?s={search_term_string}\"},\"query-input\":\"required name=search_term_string\"}],\"inLanguage\":\"vi\"},{\"@type\":\"Organization\",\"@id\":\"https:\/\/luan.webrt.net\/qhome\/#organization\",\"name\":\"QGHome\",\"url\":\"https:\/\/luan.webrt.net\/qhome\/\",\"logo\":{\"@type\":\"ImageObject\",\"inLanguage\":\"vi\",\"@id\":\"https:\/\/luan.webrt.net\/qhome\/#\/schema\/logo\/image\/\",\"url\":\"https:\/\/qghome.vn\/wp-content\/uploads\/2025\/08\/logo-mau-MauTH-21.png\",\"contentUrl\":\"https:\/\/qghome.vn\/wp-content\/uploads\/2025\/08\/logo-mau-MauTH-21.png\",\"width\":253,\"height\":99,\"caption\":\"QGHome\"},\"image\":{\"@id\":\"https:\/\/luan.webrt.net\/qhome\/#\/schema\/logo\/image\/\"},\"sameAs\":[\"https:\/\/www.tiktok.com\/@qghome.official\",\"https:\/\/www.youtube.com\/channel\/UCeVBuKTXkv-u94DS421cklw\",\"https:\/\/www.facebook.com\/noithatqghome\"]}]}<\/script>\n<!-- \/ Yoast SEO plugin. -->","yoast_head_json":{"title":"T\u1ee7 \u0111\u1ec3 gi\u00e0y QTG05","description":"T\u1ee7 \u0111\u1ec3 gi\u00e0y QTG05 \u0111\u01b0\u1ee3c thi\u1ebft k\u1ebf v\u1edbi 3 c\u00e1nh t\u1ee7 m\u1edf v\u00e0 1 h\u1ed9c ph\u00eda d\u01b0\u1edbi. T\u1ea1o ra kh\u00f4ng gian l\u01b0u tr\u1eef gi\u00e0y d\u00e9p v\u00e0 \u0111\u1ed3 d\u00f9ng gia \u0111\u00ecnh m\u1ed9t c\u00e1ch ti\u1ec7n l\u1ee3i v\u00e0 g\u1ecdn g\u00e0ng","robots":{"index":"index","follow":"follow","max-snippet":"max-snippet:-1","max-image-preview":"max-image-preview:large","max-video-preview":"max-video-preview:-1"},"canonical":"https:\/\/luan.webrt.net\/qhome\/san-pham\/tu-de-giay-qtg05\/","og_locale":"vi_VN","og_type":"article","og_title":"T\u1ee7 \u0111\u1ec3 gi\u00e0y QTG05","og_description":"T\u1ee7 \u0111\u1ec3 gi\u00e0y QTG05 \u0111\u01b0\u1ee3c thi\u1ebft k\u1ebf v\u1edbi 3 c\u00e1nh t\u1ee7 m\u1edf v\u00e0 1 h\u1ed9c ph\u00eda d\u01b0\u1edbi. T\u1ea1o ra kh\u00f4ng gian l\u01b0u tr\u1eef gi\u00e0y d\u00e9p v\u00e0 \u0111\u1ed3 d\u00f9ng gia \u0111\u00ecnh m\u1ed9t c\u00e1ch ti\u1ec7n l\u1ee3i v\u00e0 g\u1ecdn g\u00e0ng","og_url":"https:\/\/luan.webrt.net\/qhome\/san-pham\/tu-de-giay-qtg05\/","og_site_name":"M\u1eabu web n\u1ed9i th\u1ea5t","article_publisher":"https:\/\/www.facebook.com\/noithatqghome","article_modified_time":"2025-05-24T21:52:40+00:00","og_image":[{"width":1080,"height":1080,"url":"https:\/\/luan.webrt.net\/qhome\/wp-content\/uploads\/2024\/04\/Tu-de-giay-QTG05.jpg","type":"image\/jpeg"}],"twitter_card":"summary_large_image","twitter_misc":{"\u01af\u1edbc t\u00ednh th\u1eddi gian \u0111\u1ecdc":"5 ph\u00fat"},"schema":{"@context":"https:\/\/schema.org","@graph":[{"@type":"WebPage","@id":"https:\/\/luan.webrt.net\/qhome\/san-pham\/tu-de-giay-qtg05\/","url":"https:\/\/luan.webrt.net\/qhome\/san-pham\/tu-de-giay-qtg05\/","name":"T\u1ee7 \u0111\u1ec3 gi\u00e0y QTG05","isPartOf":{"@id":"https:\/\/luan.webrt.net\/qhome\/#website"},"datePublished":"2024-04-10T01:14:32+00:00","dateModified":"2025-05-24T21:52:40+00:00","description":"T\u1ee7 \u0111\u1ec3 gi\u00e0y QTG05 \u0111\u01b0\u1ee3c thi\u1ebft k\u1ebf v\u1edbi 3 c\u00e1nh t\u1ee7 m\u1edf v\u00e0 1 h\u1ed9c ph\u00eda d\u01b0\u1edbi. T\u1ea1o ra kh\u00f4ng gian l\u01b0u tr\u1eef gi\u00e0y d\u00e9p v\u00e0 \u0111\u1ed3 d\u00f9ng gia \u0111\u00ecnh m\u1ed9t c\u00e1ch ti\u1ec7n l\u1ee3i v\u00e0 g\u1ecdn g\u00e0ng","breadcrumb":{"@id":"https:\/\/luan.webrt.net\/qhome\/san-pham\/tu-de-giay-qtg05\/#breadcrumb"},"inLanguage":"vi","potentialAction":[{"@type":"ReadAction","target":["https:\/\/luan.webrt.net\/qhome\/san-pham\/tu-de-giay-qtg05\/"]}]},{"@type":"BreadcrumbList","@id":"https:\/\/luan.webrt.net\/qhome\/san-pham\/tu-de-giay-qtg05\/#breadcrumb","itemListElement":[{"@type":"ListItem","position":1,"name":"Trang ch\u1ee7","item":"https:\/\/luan.webrt.net\/qhome\/"},{"@type":"ListItem","position":2,"name":"Shop","item":"https:\/\/luan.webrt.net\/qhome\/shop\/"},{"@type":"ListItem","position":3,"name":"T\u1ee7 \u0111\u1ec3 gi\u00e0y QTG05"}]},{"@type":"WebSite","@id":"https:\/\/luan.webrt.net\/qhome\/#website","url":"https:\/\/luan.webrt.net\/qhome\/","name":"M\u1eabu web n\u1ed9i th\u1ea5t","description":"QGHome Vi\u1ec7t Nam","publisher":{"@id":"https:\/\/luan.webrt.net\/qhome\/#organization"},"potentialAction":[{"@type":"SearchAction","target":{"@type":"EntryPoint","urlTemplate":"https:\/\/luan.webrt.net\/qhome\/?s={search_term_string}"},"query-input":"required name=search_term_string"}],"inLanguage":"vi"},{"@type":"Organization","@id":"https:\/\/luan.webrt.net\/qhome\/#organization","name":"QGHome","url":"https:\/\/luan.webrt.net\/qhome\/","logo":{"@type":"ImageObject","inLanguage":"vi","@id":"https:\/\/luan.webrt.net\/qhome\/#\/schema\/logo\/image\/","url":"https:\/\/qghome.vn\/wp-content\/uploads\/2025\/08\/logo-mau-MauTH-21.png","contentUrl":"https:\/\/qghome.vn\/wp-content\/uploads\/2025\/08\/logo-mau-MauTH-21.png","width":253,"height":99,"caption":"QGHome"},"image":{"@id":"https:\/\/luan.webrt.net\/qhome\/#\/schema\/logo\/image\/"},"sameAs":["https:\/\/www.tiktok.com\/@qghome.official","https:\/\/www.youtube.com\/channel\/UCeVBuKTXkv-u94DS421cklw","https:\/\/www.facebook.com\/noithatqghome"]}]}},"_links":{"self":[{"href":"https:\/\/luan.webrt.net\/qhome\/wp-json\/wp\/v2\/product\/8518","targetHints":{"allow":["GET"]}}],"collection":[{"href":"https:\/\/luan.webrt.net\/qhome\/wp-json\/wp\/v2\/product"}],"about":[{"href":"https:\/\/luan.webrt.net\/qhome\/wp-json\/wp\/v2\/types\/product"}],"replies":[{"embeddable":true,"href":"https:\/\/luan.webrt.net\/qhome\/wp-json\/wp\/v2\/comments?post=8518"}],"wp:featuredmedia":[{"embeddable":true,"href":"https:\/\/luan.webrt.net\/qhome\/wp-json\/wp\/v2\/media\/10593"}],"wp:attachment":[{"href":"https:\/\/luan.webrt.net\/qhome\/wp-json\/wp\/v2\/media?parent=8518"}],"wp:term":[{"taxonomy":"product_cat","embeddable":true,"href":"https:\/\/luan.webrt.net\/qhome\/wp-json\/wp\/v2\/product_cat?post=8518"},{"taxonomy":"product_tag","embeddable":true,"href":"https:\/\/luan.webrt.net\/qhome\/wp-json\/wp\/v2\/product_tag?post=8518"}],"curies":[{"name":"wp","href":"https:\/\/api.w.org\/{rel}","templated":true}]}}