{"id":4138,"date":"2022-12-21T02:55:09","date_gmt":"2022-12-21T02:55:09","guid":{"rendered":"https:\/\/qghome.vn\/?post_type=product&#038;p=4138"},"modified":"2025-12-19T08:05:04","modified_gmt":"2025-12-19T08:05:04","slug":"ghe-nhan-vien-qgnv10","status":"publish","type":"product","link":"https:\/\/luan.webrt.net\/qhome\/san-pham\/ghe-nhan-vien-qgnv10\/","title":{"rendered":"Gh\u1ebf nh\u00e2n vi\u00ean QGNV10"},"content":{"rendered":"<p><a href=\"https:\/\/qghome.vn\/ghe-nhan-vien-qgnv10\/\">Gh\u1ebf nh\u00e2n vi\u00ean QGNV10<\/a> \u0111\u01b0\u1ee3c thi\u1ebft k\u1ebf v\u00e0 l\u1eafp r\u00e1p b\u01a1i \u0111\u1ed9i ng\u0169 k\u1ef9 thu\u1eadt t\u1ea1i QGHome b\u1eb1ng c\u00e1c d\u1eady chuy\u1ec1n hi\u1ec7n \u0111\u1ea1i, cao c\u1ea5p. Mang \u0111\u1ebfn cho kh\u00e1ch h\u00e0ng nh\u1eefng s\u1ea3n ph\u1ea9m th\u1ef1c s\u1ef1 ch\u1ea5t l\u01b0\u1ee3ng<\/p>\n<h2><strong>1. Thi\u1ebft k\u1ebf<\/strong><\/h2>\n<p><span style=\"color: #282828;\">&#8211; <strong>T\u1ef1a l\u01b0ng:\u00a0<\/strong><\/span><\/p>\n<ul>\n<li><span style=\"color: #282828;\">T\u1ef1a l\u01b0ng thi\u1ebft k\u1ebf ki\u1ec3u v\u1ea3i qu\u1ea5n vai c\u1ed5 \u0111i\u1ec3n, thi\u1ebft k\u1ebf chu\u1ea9n c\u00f4ng th\u00e1i h\u1ecdc c\u00f3 \u0111\u1ed9 ng\u1ea3 v\u1eeba ph\u1ea3i theo c\u1ea5u tr\u00fac c\u01a1 th\u1ec3 n\u00e2ng \u0111\u1ee1 ph\u1ea7n vai c\u1ed5, eo, \u0111\u1ea3m b\u1ea3o t\u01b0 th\u1ebf ng\u1ed3i chu\u1ea9n.<\/span><\/li>\n<li><span style=\"color: #282828;\">\u0110\u01b0\u1ee3c l\u00e0m b\u1eb1ng nh\u1ef1a PP pha s\u1ee3i th\u1ee7y tinh c\u00f3 th\u1ec3 t\u0103ng \u0111\u1ed9 b\u1ec1n c\u01a1 h\u1ecdc kho\u1ea3ng 300%, tr\u1ecdng l\u01b0\u1ee3ng nh\u1eb9, b\u1ec1n ch\u1eafc, l\u00e0nh t\u00ednh v\u00e0 an to\u00e0n cho s\u1ee9c kh\u1ecfe ng\u01b0\u1eddi d\u00f9ng. B\u1ec1n b\u1ec9 ngay c\u1ea3 khi s\u1eed d\u1ee5ng ngo\u00e0i tr\u1eddi.<\/span><\/li>\n<li><span style=\"color: #282828;\">V\u1ea3i l\u01b0\u1edbi t\u1ef1a l\u01b0ng 2 l\u1edbp, \u0111\u00e0n h\u1ed3i, tho\u00e1ng kh\u00ed, gi\u1ea3m t\u00edch nhi\u1ec7t khi ng\u1ed3i l\u00e2u, ch\u1ea5t li\u1ec7u th\u00e2n thi\u1ec7n v\u1edbi m\u00f4i tr\u01b0\u1eddng.<\/span><\/li>\n<li><span style=\"color: #282828;\">\u0110\u1ec7m nh\u1ef1a \u0111\u1ee1 th\u1eaft l\u01b0ng c\u1ed1 \u0111\u1ecbnh h\u1ed7 tr\u1ee3 tho\u1ea3i m\u00e1i c\u1ed9t s\u1ed1ng l\u01b0ng, gi\u00fap ng\u1ed3i tho\u1ea3i m\u00e1i, th\u01b0 gi\u00e3n khi l\u00e0m vi\u1ec7c trong th\u1eddi gian d\u00e0i.<\/span><\/li>\n<\/ul>\n<p><span style=\"color: #282828;\"><b>&#8211; Ben \u0111i\u1ec1u ch\u1ec9nh: <\/b>S\u1eed d\u1ee5ng th\u1ee7y l\u1ef1c kh\u00ed n\u00e9n ba c\u1ea5p 65 k\u00e9o 5 m\u00e0u \u0111en ch\u1ed1ng ch\u00e1y n\u1ed5, \u0111\u1ea1t ti\u00eau chu\u1ea9n ki\u1ec3m nghi\u1ec7m BIFMA, v\u01b0\u1ee3t qua ti\u00eau chu\u1ea9n 100.000 l\u1ea7n n\u00e2ng h\u1ea1<\/span><\/p>\n<p><span style=\"color: #282828;\"><strong>&#8211; Tay v\u1ecbn: <\/strong>Tay v\u1ecbn li\u1ec1n kh\u1ed1i d\u1ec5 l\u1eafp \u0111\u1eb7t, b\u1ec1 m\u1eb7t nh\u1eb5n, \u0111\u01b0\u1ee3c x\u1eed l\u00fd ch\u1ed1ng m\u00e0i m\u00f2n v\u00e0 ch\u1ed1ng x\u01b0\u1edbc thi\u1ebft k\u1ebf ph\u00f9 h\u1ee3p v\u1edbi chi\u1ec1u d\u00e0i c\u00e1nh tay gi\u00fap ng\u01b0\u1eddi ng\u1ed3i tho\u1ea3i m\u00e1i, kh\u00f4ng m\u1ecfi vai g\u00e1y<\/span><\/p>\n<p><span style=\"color: #282828;\">&#8211; <strong>\u0110\u1ec7m ng\u1ed3i:<\/strong><\/span><\/p>\n<ul>\n<li><span style=\"color: #282828;\" data-sheets-value=\"{&quot;1&quot;:2,&quot;2&quot;:&quot;- \u0110\u1ec7m gh\u1ebf s\u1eed d\u1ee5ng b\u1ecdt bi\u1ec3n nguy\u00ean ch\u1ea5t m\u1eadt \u0111\u1ed9 cao v\u00e0 \u0111\u1ed9 \u0111\u00e0n h\u1ed3i cao ch\u1ed1ng bi\u1ebfn d\u1ea1ng, m\u1ec1m m\u1ea1i, tho\u00e1ng kh\u00ed. n- C\u00f3 \u0111\u1ec7m \u0111\u1ee1 \u0111\u01b0\u1ee3c l\u00e0m b\u1eb1ng nh\u1ef1a PP pha s\u1ee3i th\u1ee7y tinh, t\u0103ng \u0111\u1ed9 b\u1ec1n, \u0111\u1ed9 an to\u00e0n v\u00e0 th\u1ea9m m\u1ef9 c\u1ee7a gh\u1ebf R01.&quot;}\" data-sheets-userformat=\"{&quot;2&quot;:6659,&quot;3&quot;:{&quot;1&quot;:0},&quot;4&quot;:{&quot;1&quot;:2,&quot;2&quot;:16777215},&quot;12&quot;:0,&quot;14&quot;:{&quot;1&quot;:2,&quot;2&quot;:0},&quot;15&quot;:&quot;Roboto, RobotoDraft, Helvetica, Arial, sans-serif&quot;}\">\u0110\u1ec7m gh\u1ebf s\u1eed d\u1ee5ng b\u1ecdt bi\u1ec3n nguy\u00ean ch\u1ea5t m\u1eadt \u0111\u1ed9 cao v\u00e0 \u0111\u1ed9 \u0111\u00e0n h\u1ed3i cao ch\u1ed1ng bi\u1ebfn d\u1ea1ng, m\u1ec1m m\u1ea1i, tho\u00e1ng kh\u00ed.<\/span><\/li>\n<li><span style=\"color: #282828;\" data-sheets-value=\"{&quot;1&quot;:2,&quot;2&quot;:&quot;- \u0110\u1ec7m gh\u1ebf s\u1eed d\u1ee5ng b\u1ecdt bi\u1ec3n nguy\u00ean ch\u1ea5t m\u1eadt \u0111\u1ed9 cao v\u00e0 \u0111\u1ed9 \u0111\u00e0n h\u1ed3i cao ch\u1ed1ng bi\u1ebfn d\u1ea1ng, m\u1ec1m m\u1ea1i, tho\u00e1ng kh\u00ed. n- C\u00f3 \u0111\u1ec7m \u0111\u1ee1 \u0111\u01b0\u1ee3c l\u00e0m b\u1eb1ng nh\u1ef1a PP pha s\u1ee3i th\u1ee7y tinh, t\u0103ng \u0111\u1ed9 b\u1ec1n, \u0111\u1ed9 an to\u00e0n v\u00e0 th\u1ea9m m\u1ef9 c\u1ee7a gh\u1ebf R01.&quot;}\" data-sheets-userformat=\"{&quot;2&quot;:6659,&quot;3&quot;:{&quot;1&quot;:0},&quot;4&quot;:{&quot;1&quot;:2,&quot;2&quot;:16777215},&quot;12&quot;:0,&quot;14&quot;:{&quot;1&quot;:2,&quot;2&quot;:0},&quot;15&quot;:&quot;Roboto, RobotoDraft, Helvetica, Arial, sans-serif&quot;}\">C\u00f3 \u0111\u1ec7m \u0111\u1ee1 \u0111\u01b0\u1ee3c l\u00e0m b\u1eb1ng nh\u1ef1a PP pha s\u1ee3i th\u1ee7y tinh, t\u0103ng \u0111\u1ed9 b\u1ec1n, \u0111\u1ed9 an to\u00e0n v\u00e0 th\u1ea9m m\u1ef9 c\u1ee7a gh\u1ebf R01<\/span><\/li>\n<\/ul>\n<p><span style=\"color: #282828;\">&#8211; <strong>M\u00e2m gh\u1ebf: <\/strong>S\u1eed d\u1ee5ng m\u00e2m gh\u1ebf h\u00ecnh b\u01b0\u1edbm d\u00e0y 2,5mm ch\u1ea5t l\u01b0\u1ee3ng cao, c\u00f3 kh\u00f3a c\u1ed1 \u0111\u1ecbnh l\u01b0ng gh\u1ebf \u1edf v\u1ecb tr\u00ed th\u1eb3ng, c\u00f3 th\u1ec3 \u0111i\u1ec1u ch\u1ec9nh h\u01a1i nghi\u00eang nh\u1eb9 linh ho\u1ea1t thay \u0111\u1ed5i t\u01b0 th\u1ebf gi\u00fap l\u00e0m vi\u1ec7c, ngh\u1ec9 ng\u01a1i th\u01b0 gi\u00e3n<\/span><\/p>\n<p><span style=\"color: #282828;\">&#8211; <strong>Ch\u00e2n gh\u1ebf:<\/strong> Ch\u00e2n nh\u1ef1a nylon \u0111en b\u00e1n k\u00edn 320mm, b\u1ec1 m\u1eb7t ch\u1ed1ng x\u01b0\u1edbc, ch\u1ed1ng m\u00e0i m\u00f2n, ch\u1ecbu t\u1ea3i tr\u1ecdng 1000kg<\/span><\/p>\n<p><span style=\"color: #282828;\">&#8211; <strong>B\u00e1nh xe: <\/strong>B\u00e1nh xe b\u1eb1ng nh\u1ef1a nylon \u0111\u01b0\u1eddng l\u00ednh 55mm, ch\u1ed1ng \u1ed3n, ch\u1ed1ng s\u00f3c, xoay 360 \u0111\u1ed9, v\u01b0\u1ee3t qua ti\u00eau chu\u1ea9n ki\u1ec3m nghi\u1ec7m 100.000 v\u00f2ng l\u0103n b\u00e1nh v\u1edbi t\u1ea3i tr\u1ecdng mang theo l\u00e0 136kg. Kh\u00f4ng l\u00e0m x\u01b0\u1edbc s\u00e0n nh\u00e0, di chuy\u1ec3n d\u1ec5 d\u00e0ng<\/span><\/p>\n<h2><strong>2. \u0110\u1eb7c \u0111i\u1ec3m v\u00e0 t\u00ednh n\u0103ng n\u1ed5i b\u1eadt<\/strong><\/h2>\n<figure id=\"attachment_4134\" aria-describedby=\"caption-attachment-4134\" style=\"width: 800px\" class=\"wp-caption aligncenter\"><img loading=\"lazy\" decoding=\"async\" class=\"size-full wp-image-4134\" src=\"http:\/\/qghome.vn\/wp-content\/uploads\/2022\/12\/kich-thuoc-ghe.jpg\" alt=\"K\u00edch th\u01b0\u1edbc gh\u1ebf v\u0103n ph\u00f2ng G200\" width=\"800\" height=\"800\" srcset=\"https:\/\/luan.webrt.net\/qhome\/wp-content\/uploads\/2022\/12\/kich-thuoc-ghe.jpg 800w, https:\/\/luan.webrt.net\/qhome\/wp-content\/uploads\/2022\/12\/kich-thuoc-ghe-100x100.jpg 100w, https:\/\/luan.webrt.net\/qhome\/wp-content\/uploads\/2022\/12\/kich-thuoc-ghe-510x510.jpg 510w, https:\/\/luan.webrt.net\/qhome\/wp-content\/uploads\/2022\/12\/kich-thuoc-ghe-400x400.jpg 400w, https:\/\/luan.webrt.net\/qhome\/wp-content\/uploads\/2022\/12\/kich-thuoc-ghe-280x280.jpg 280w, https:\/\/luan.webrt.net\/qhome\/wp-content\/uploads\/2022\/12\/kich-thuoc-ghe-768x768.jpg 768w\" sizes=\"auto, (max-width: 800px) 100vw, 800px\" \/><figcaption id=\"caption-attachment-4134\" class=\"wp-caption-text\">K\u00edch th\u01b0\u1edbc gh\u1ebf v\u0103n ph\u00f2ng G200<\/figcaption><\/figure>\n<figure id=\"attachment_4130\" aria-describedby=\"caption-attachment-4130\" style=\"width: 800px\" class=\"wp-caption aligncenter\"><img loading=\"lazy\" decoding=\"async\" class=\"size-full wp-image-4130\" src=\"http:\/\/qghome.vn\/wp-content\/uploads\/2022\/12\/dac-diem-ghe.jpg\" alt=\"\u0110\u1eb7c \u0111i\u1ec3m gh\u1ebf\" width=\"800\" height=\"800\" srcset=\"https:\/\/luan.webrt.net\/qhome\/wp-content\/uploads\/2022\/12\/dac-diem-ghe.jpg 800w, https:\/\/luan.webrt.net\/qhome\/wp-content\/uploads\/2022\/12\/dac-diem-ghe-100x100.jpg 100w, https:\/\/luan.webrt.net\/qhome\/wp-content\/uploads\/2022\/12\/dac-diem-ghe-510x510.jpg 510w, https:\/\/luan.webrt.net\/qhome\/wp-content\/uploads\/2022\/12\/dac-diem-ghe-400x400.jpg 400w, https:\/\/luan.webrt.net\/qhome\/wp-content\/uploads\/2022\/12\/dac-diem-ghe-280x280.jpg 280w, https:\/\/luan.webrt.net\/qhome\/wp-content\/uploads\/2022\/12\/dac-diem-ghe-768x768.jpg 768w\" sizes=\"auto, (max-width: 800px) 100vw, 800px\" \/><figcaption id=\"caption-attachment-4130\" class=\"wp-caption-text\">\u0110\u1eb7c \u0111i\u1ec3m gh\u1ebf<\/figcaption><\/figure>\n<figure id=\"attachment_4135\" aria-describedby=\"caption-attachment-4135\" style=\"width: 800px\" class=\"wp-caption aligncenter\"><img loading=\"lazy\" decoding=\"async\" class=\"size-full wp-image-4135\" src=\"http:\/\/qghome.vn\/wp-content\/uploads\/2022\/12\/loi-ich-cua-ghe.jpg\" alt=\"L\u1ee3i \u00edch kh\u00f4ng ng\u1eddi khi s\u1eed d\u1ee5ng gh\u1ebf\" width=\"800\" height=\"800\" srcset=\"https:\/\/luan.webrt.net\/qhome\/wp-content\/uploads\/2022\/12\/loi-ich-cua-ghe.jpg 800w, https:\/\/luan.webrt.net\/qhome\/wp-content\/uploads\/2022\/12\/loi-ich-cua-ghe-100x100.jpg 100w, https:\/\/luan.webrt.net\/qhome\/wp-content\/uploads\/2022\/12\/loi-ich-cua-ghe-510x510.jpg 510w, https:\/\/luan.webrt.net\/qhome\/wp-content\/uploads\/2022\/12\/loi-ich-cua-ghe-400x400.jpg 400w, https:\/\/luan.webrt.net\/qhome\/wp-content\/uploads\/2022\/12\/loi-ich-cua-ghe-280x280.jpg 280w, https:\/\/luan.webrt.net\/qhome\/wp-content\/uploads\/2022\/12\/loi-ich-cua-ghe-768x768.jpg 768w\" sizes=\"auto, (max-width: 800px) 100vw, 800px\" \/><figcaption id=\"caption-attachment-4135\" class=\"wp-caption-text\">L\u1ee3i \u00edch kh\u00f4ng ng\u1eddi khi s\u1eed d\u1ee5ng gh\u1ebf<\/figcaption><\/figure>\n<figure id=\"attachment_4129\" aria-describedby=\"caption-attachment-4129\" style=\"width: 800px\" class=\"wp-caption aligncenter\"><img loading=\"lazy\" decoding=\"async\" class=\"size-full wp-image-4129\" src=\"http:\/\/qghome.vn\/wp-content\/uploads\/2022\/12\/ca-san-pham-len-quan.jpg\" alt=\"C\u00e1c s\u1ea3n ph\u1ea9m li\u00ean quan\" width=\"800\" height=\"800\" srcset=\"https:\/\/luan.webrt.net\/qhome\/wp-content\/uploads\/2022\/12\/ca-san-pham-len-quan.jpg 800w, https:\/\/luan.webrt.net\/qhome\/wp-content\/uploads\/2022\/12\/ca-san-pham-len-quan-100x100.jpg 100w, https:\/\/luan.webrt.net\/qhome\/wp-content\/uploads\/2022\/12\/ca-san-pham-len-quan-510x510.jpg 510w, https:\/\/luan.webrt.net\/qhome\/wp-content\/uploads\/2022\/12\/ca-san-pham-len-quan-400x400.jpg 400w, https:\/\/luan.webrt.net\/qhome\/wp-content\/uploads\/2022\/12\/ca-san-pham-len-quan-280x280.jpg 280w, https:\/\/luan.webrt.net\/qhome\/wp-content\/uploads\/2022\/12\/ca-san-pham-len-quan-768x768.jpg 768w\" sizes=\"auto, (max-width: 800px) 100vw, 800px\" \/><figcaption id=\"caption-attachment-4129\" class=\"wp-caption-text\">C\u00e1c s\u1ea3n ph\u1ea9m li\u00ean quan<\/figcaption><\/figure>\n<figure id=\"attachment_4136\" aria-describedby=\"caption-attachment-4136\" style=\"width: 800px\" class=\"wp-caption aligncenter\"><img loading=\"lazy\" decoding=\"async\" class=\"size-full wp-image-4136\" src=\"http:\/\/qghome.vn\/wp-content\/uploads\/2022\/12\/tuy-chon-mau-sac.jpg\" alt=\"T\u00f9y ch\u1ecdn m\u00e0u s\u1eafc\" width=\"800\" height=\"800\" srcset=\"https:\/\/luan.webrt.net\/qhome\/wp-content\/uploads\/2022\/12\/tuy-chon-mau-sac.jpg 800w, https:\/\/luan.webrt.net\/qhome\/wp-content\/uploads\/2022\/12\/tuy-chon-mau-sac-100x100.jpg 100w, https:\/\/luan.webrt.net\/qhome\/wp-content\/uploads\/2022\/12\/tuy-chon-mau-sac-510x510.jpg 510w, https:\/\/luan.webrt.net\/qhome\/wp-content\/uploads\/2022\/12\/tuy-chon-mau-sac-400x400.jpg 400w, https:\/\/luan.webrt.net\/qhome\/wp-content\/uploads\/2022\/12\/tuy-chon-mau-sac-280x280.jpg 280w, https:\/\/luan.webrt.net\/qhome\/wp-content\/uploads\/2022\/12\/tuy-chon-mau-sac-768x768.jpg 768w\" sizes=\"auto, (max-width: 800px) 100vw, 800px\" \/><figcaption id=\"caption-attachment-4136\" class=\"wp-caption-text\">T\u00f9y ch\u1ecdn m\u00e0u s\u1eafc<\/figcaption><\/figure>\n<h2><strong>3. C\u00e1ch l\u1eafp r\u00e1p<\/strong><\/h2>\n<p>H\u00e3y l\u1eafp theo s\u01a1 \u0111\u1ed3 sau ho\u1eb7c g\u1ecdi nhay <span style=\"color: #ed1c24;\"><strong>Hotline: 0983 368 623<\/strong><\/span> \u0111\u1ec3 \u0111\u01b0\u1ee3c t\u01b0 v\u1ea5n chi ti\u1ebft h\u01a1n v\u1ec1 b\u1ea5t k\u00ec s\u1ea3n ph\u1ea9m n\u00e0o.<\/p>\n<p>&nbsp;<\/p>\n<figure id=\"attachment_3064\" aria-describedby=\"caption-attachment-3064\" style=\"width: 800px\" class=\"wp-caption aligncenter\"><img loading=\"lazy\" decoding=\"async\" class=\"size-full wp-image-3064\" src=\"http:\/\/qghome.vn\/wp-content\/uploads\/2022\/11\/cach-lap-rap-ghe-van-phong-G102.jpg\" alt=\"C\u00e1ch l\u1eafp r\u00e1p gh\u1ebf v\u0103n ph\u00f2ng G102\" width=\"800\" height=\"800\" srcset=\"https:\/\/luan.webrt.net\/qhome\/wp-content\/uploads\/2022\/11\/cach-lap-rap-ghe-van-phong-G102.jpg 800w, https:\/\/luan.webrt.net\/qhome\/wp-content\/uploads\/2022\/11\/cach-lap-rap-ghe-van-phong-G102-100x100.jpg 100w, https:\/\/luan.webrt.net\/qhome\/wp-content\/uploads\/2022\/11\/cach-lap-rap-ghe-van-phong-G102-510x510.jpg 510w, https:\/\/luan.webrt.net\/qhome\/wp-content\/uploads\/2022\/11\/cach-lap-rap-ghe-van-phong-G102-400x400.jpg 400w, https:\/\/luan.webrt.net\/qhome\/wp-content\/uploads\/2022\/11\/cach-lap-rap-ghe-van-phong-G102-280x280.jpg 280w, https:\/\/luan.webrt.net\/qhome\/wp-content\/uploads\/2022\/11\/cach-lap-rap-ghe-van-phong-G102-768x768.jpg 768w\" sizes=\"auto, (max-width: 800px) 100vw, 800px\" \/><figcaption id=\"caption-attachment-3064\" class=\"wp-caption-text\"><em>C\u00e1ch l\u1eafp r\u00e1p gh\u1ebf v\u0103n ph\u00f2ng G102<\/em><\/figcaption><\/figure>\n<div class=\"mceTemp\"><\/div>\n<h2><strong>4. Quy tr\u00ecnh s\u1ea3n xu\u1ea5t s\u1ea3n ph\u1ea9m<\/strong><\/h2>\n<p>Quy tr\u00ecnh s\u1ea3n xu\u1ea5t chu\u1ea9n ch\u00e2u \u00c2u kh\u00e9p k\u00edn, mang l\u1ea1i ch\u1ea5t l\u01b0\u1ee3ng s\u1ea3n ph\u1ea9m \u0111\u00f4ng \u0111\u1ec1u 100%<\/p>\n<figure id=\"attachment_3074\" aria-describedby=\"caption-attachment-3074\" style=\"width: 800px\" class=\"wp-caption aligncenter\"><img loading=\"lazy\" decoding=\"async\" class=\"size-full wp-image-3074\" src=\"http:\/\/qghome.vn\/wp-content\/uploads\/2022\/11\/quy-trinh-san-xuat-ghe-van-phong-G102.jpg\" alt=\"Quy tr\u00ecnh s\u1ea3n xu\u1ea5t gh\u1ebf\" width=\"800\" height=\"800\" srcset=\"https:\/\/luan.webrt.net\/qhome\/wp-content\/uploads\/2022\/11\/quy-trinh-san-xuat-ghe-van-phong-G102.jpg 800w, https:\/\/luan.webrt.net\/qhome\/wp-content\/uploads\/2022\/11\/quy-trinh-san-xuat-ghe-van-phong-G102-100x100.jpg 100w, https:\/\/luan.webrt.net\/qhome\/wp-content\/uploads\/2022\/11\/quy-trinh-san-xuat-ghe-van-phong-G102-510x510.jpg 510w, https:\/\/luan.webrt.net\/qhome\/wp-content\/uploads\/2022\/11\/quy-trinh-san-xuat-ghe-van-phong-G102-400x400.jpg 400w, https:\/\/luan.webrt.net\/qhome\/wp-content\/uploads\/2022\/11\/quy-trinh-san-xuat-ghe-van-phong-G102-280x280.jpg 280w, https:\/\/luan.webrt.net\/qhome\/wp-content\/uploads\/2022\/11\/quy-trinh-san-xuat-ghe-van-phong-G102-768x768.jpg 768w\" sizes=\"auto, (max-width: 800px) 100vw, 800px\" \/><figcaption id=\"caption-attachment-3074\" class=\"wp-caption-text\"><em>Quy tr\u00ecnh s\u1ea3n xu\u1ea5t gh\u1ebf<\/em><\/figcaption><\/figure>\n<p><em><strong>Ngu\u1ed3n: <a href=\"https:\/\/qghome.vn\/\">QGHome<\/a><\/strong><\/em><\/p>\n<div class=\"host-bincmiainjofjnhchmcalkanjebghoen\" style=\"position: relative; z-index: 2147483647;\"><\/div>\n<div class=\"host-bincmiainjofjnhchmcalkanjebghoen\" style=\"position: relative; z-index: 2147483647;\"><\/div>\n<div class=\"host-bincmiainjofjnhchmcalkanjebghoen\" style=\"position: relative; z-index: 2147483647;\"><\/div>\n","protected":false},"excerpt":{"rendered":"<p>&nbsp;<\/p>\n<div class=\"host-bincmiainjofjnhchmcalkanjebghoen\" style=\"position: relative; z-index: 2147483647;\"><\/div>\n<div class=\"host-bincmiainjofjnhchmcalkanjebghoen\" style=\"position: relative; z-index: 2147483647;\"><\/div>\n<div class=\"host-bincmiainjofjnhchmcalkanjebghoen\" style=\"position: relative; z-index: 2147483647;\"><\/div>\n","protected":false},"featured_media":10992,"comment_status":"open","ping_status":"closed","template":"","meta":[],"product_cat":[217],"product_tag":[],"class_list":["post-4138","product","type-product","status-publish","has-post-thumbnail","hentry","product_cat-ghe-nhan-vien"],"yoast_head":"<!-- This site is optimized with the Yoast SEO plugin v19.9 - https:\/\/yoast.com\/wordpress\/plugins\/seo\/ -->\n<title>[S\u1ea3n ph\u1ea9m] Gh\u1ebf nh\u00e2n vi\u00ean QGNV10 - N\u1ed9i th\u1ea5t QGHome<\/title>\n<meta name=\"description\" content=\"S\u1ea3n ph\u1ea9m gh\u1ebf nh\u00e2n vi\u00ean QGNV10 thu\u1ed9c chu\u1ed7i s\u1ea3n ph\u1ea9m gh\u1ebf v\u00e0m vi\u1ec7c cao c\u1ea5p. \u0110\u01b0\u1ee3c QGHome thi\u1ebft k\u1ebf, l\u1eafp r\u00e1p v\u00e0 giao h\u00e0ng. Hotline: 0968875005.\" \/>\n<meta name=\"robots\" content=\"index, follow, max-snippet:-1, max-image-preview:large, max-video-preview:-1\" \/>\n<link rel=\"canonical\" href=\"https:\/\/luan.webrt.net\/qhome\/san-pham\/ghe-nhan-vien-qgnv10\/\" \/>\n<meta property=\"og:locale\" content=\"vi_VN\" \/>\n<meta property=\"og:type\" content=\"article\" \/>\n<meta property=\"og:title\" content=\"[S\u1ea3n ph\u1ea9m] Gh\u1ebf nh\u00e2n vi\u00ean QGNV10 - N\u1ed9i th\u1ea5t QGHome\" \/>\n<meta property=\"og:description\" content=\"S\u1ea3n ph\u1ea9m gh\u1ebf nh\u00e2n vi\u00ean QGNV10 thu\u1ed9c chu\u1ed7i s\u1ea3n ph\u1ea9m gh\u1ebf v\u00e0m vi\u1ec7c cao c\u1ea5p. \u0110\u01b0\u1ee3c QGHome thi\u1ebft k\u1ebf, l\u1eafp r\u00e1p v\u00e0 giao h\u00e0ng. Hotline: 0968875005.\" \/>\n<meta property=\"og:url\" content=\"https:\/\/luan.webrt.net\/qhome\/san-pham\/ghe-nhan-vien-qgnv10\/\" \/>\n<meta property=\"og:site_name\" content=\"M\u1eabu web n\u1ed9i th\u1ea5t\" \/>\n<meta property=\"article:publisher\" content=\"https:\/\/www.facebook.com\/noithatqghome\" \/>\n<meta property=\"article:modified_time\" content=\"2025-12-19T08:05:04+00:00\" \/>\n<meta property=\"og:image\" content=\"https:\/\/luan.webrt.net\/qhome\/wp-content\/uploads\/2022\/12\/Ghe-nhan-vien-QGNV10.jpg\" \/>\n\t<meta property=\"og:image:width\" content=\"900\" \/>\n\t<meta property=\"og:image:height\" content=\"900\" \/>\n\t<meta property=\"og:image:type\" content=\"image\/jpeg\" \/>\n<meta name=\"twitter:card\" content=\"summary_large_image\" \/>\n<meta name=\"twitter:label1\" content=\"\u01af\u1edbc t\u00ednh th\u1eddi gian \u0111\u1ecdc\" \/>\n\t<meta name=\"twitter:data1\" content=\"5 ph\u00fat\" \/>\n<script type=\"application\/ld+json\" class=\"yoast-schema-graph\">{\"@context\":\"https:\/\/schema.org\",\"@graph\":[{\"@type\":\"WebPage\",\"@id\":\"https:\/\/luan.webrt.net\/qhome\/san-pham\/ghe-nhan-vien-qgnv10\/\",\"url\":\"https:\/\/luan.webrt.net\/qhome\/san-pham\/ghe-nhan-vien-qgnv10\/\",\"name\":\"[S\u1ea3n ph\u1ea9m] Gh\u1ebf nh\u00e2n vi\u00ean QGNV10 - N\u1ed9i th\u1ea5t QGHome\",\"isPartOf\":{\"@id\":\"https:\/\/luan.webrt.net\/qhome\/#website\"},\"datePublished\":\"2022-12-21T02:55:09+00:00\",\"dateModified\":\"2025-12-19T08:05:04+00:00\",\"description\":\"S\u1ea3n ph\u1ea9m gh\u1ebf nh\u00e2n vi\u00ean QGNV10 thu\u1ed9c chu\u1ed7i s\u1ea3n ph\u1ea9m gh\u1ebf v\u00e0m vi\u1ec7c cao c\u1ea5p. \u0110\u01b0\u1ee3c QGHome thi\u1ebft k\u1ebf, l\u1eafp r\u00e1p v\u00e0 giao h\u00e0ng. Hotline: 0968875005.\",\"breadcrumb\":{\"@id\":\"https:\/\/luan.webrt.net\/qhome\/san-pham\/ghe-nhan-vien-qgnv10\/#breadcrumb\"},\"inLanguage\":\"vi\",\"potentialAction\":[{\"@type\":\"ReadAction\",\"target\":[\"https:\/\/luan.webrt.net\/qhome\/san-pham\/ghe-nhan-vien-qgnv10\/\"]}]},{\"@type\":\"BreadcrumbList\",\"@id\":\"https:\/\/luan.webrt.net\/qhome\/san-pham\/ghe-nhan-vien-qgnv10\/#breadcrumb\",\"itemListElement\":[{\"@type\":\"ListItem\",\"position\":1,\"name\":\"Trang ch\u1ee7\",\"item\":\"https:\/\/luan.webrt.net\/qhome\/\"},{\"@type\":\"ListItem\",\"position\":2,\"name\":\"Shop\",\"item\":\"https:\/\/luan.webrt.net\/qhome\/shop\/\"},{\"@type\":\"ListItem\",\"position\":3,\"name\":\"Gh\u1ebf nh\u00e2n vi\u00ean QGNV10\"}]},{\"@type\":\"WebSite\",\"@id\":\"https:\/\/luan.webrt.net\/qhome\/#website\",\"url\":\"https:\/\/luan.webrt.net\/qhome\/\",\"name\":\"M\u1eabu web n\u1ed9i th\u1ea5t\",\"description\":\"QGHome Vi\u1ec7t Nam\",\"publisher\":{\"@id\":\"https:\/\/luan.webrt.net\/qhome\/#organization\"},\"potentialAction\":[{\"@type\":\"SearchAction\",\"target\":{\"@type\":\"EntryPoint\",\"urlTemplate\":\"https:\/\/luan.webrt.net\/qhome\/?s={search_term_string}\"},\"query-input\":\"required name=search_term_string\"}],\"inLanguage\":\"vi\"},{\"@type\":\"Organization\",\"@id\":\"https:\/\/luan.webrt.net\/qhome\/#organization\",\"name\":\"QGHome\",\"url\":\"https:\/\/luan.webrt.net\/qhome\/\",\"logo\":{\"@type\":\"ImageObject\",\"inLanguage\":\"vi\",\"@id\":\"https:\/\/luan.webrt.net\/qhome\/#\/schema\/logo\/image\/\",\"url\":\"https:\/\/qghome.vn\/wp-content\/uploads\/2025\/08\/logo-mau-MauTH-21.png\",\"contentUrl\":\"https:\/\/qghome.vn\/wp-content\/uploads\/2025\/08\/logo-mau-MauTH-21.png\",\"width\":253,\"height\":99,\"caption\":\"QGHome\"},\"image\":{\"@id\":\"https:\/\/luan.webrt.net\/qhome\/#\/schema\/logo\/image\/\"},\"sameAs\":[\"https:\/\/www.tiktok.com\/@qghome.official\",\"https:\/\/www.youtube.com\/channel\/UCeVBuKTXkv-u94DS421cklw\",\"https:\/\/www.facebook.com\/noithatqghome\"]}]}<\/script>\n<!-- \/ Yoast SEO plugin. -->","yoast_head_json":{"title":"[S\u1ea3n ph\u1ea9m] Gh\u1ebf nh\u00e2n vi\u00ean QGNV10 - N\u1ed9i th\u1ea5t QGHome","description":"S\u1ea3n ph\u1ea9m gh\u1ebf nh\u00e2n vi\u00ean QGNV10 thu\u1ed9c chu\u1ed7i s\u1ea3n ph\u1ea9m gh\u1ebf v\u00e0m vi\u1ec7c cao c\u1ea5p. \u0110\u01b0\u1ee3c QGHome thi\u1ebft k\u1ebf, l\u1eafp r\u00e1p v\u00e0 giao h\u00e0ng. Hotline: 0968875005.","robots":{"index":"index","follow":"follow","max-snippet":"max-snippet:-1","max-image-preview":"max-image-preview:large","max-video-preview":"max-video-preview:-1"},"canonical":"https:\/\/luan.webrt.net\/qhome\/san-pham\/ghe-nhan-vien-qgnv10\/","og_locale":"vi_VN","og_type":"article","og_title":"[S\u1ea3n ph\u1ea9m] Gh\u1ebf nh\u00e2n vi\u00ean QGNV10 - N\u1ed9i th\u1ea5t QGHome","og_description":"S\u1ea3n ph\u1ea9m gh\u1ebf nh\u00e2n vi\u00ean QGNV10 thu\u1ed9c chu\u1ed7i s\u1ea3n ph\u1ea9m gh\u1ebf v\u00e0m vi\u1ec7c cao c\u1ea5p. \u0110\u01b0\u1ee3c QGHome thi\u1ebft k\u1ebf, l\u1eafp r\u00e1p v\u00e0 giao h\u00e0ng. Hotline: 0968875005.","og_url":"https:\/\/luan.webrt.net\/qhome\/san-pham\/ghe-nhan-vien-qgnv10\/","og_site_name":"M\u1eabu web n\u1ed9i th\u1ea5t","article_publisher":"https:\/\/www.facebook.com\/noithatqghome","article_modified_time":"2025-12-19T08:05:04+00:00","og_image":[{"width":900,"height":900,"url":"https:\/\/luan.webrt.net\/qhome\/wp-content\/uploads\/2022\/12\/Ghe-nhan-vien-QGNV10.jpg","type":"image\/jpeg"}],"twitter_card":"summary_large_image","twitter_misc":{"\u01af\u1edbc t\u00ednh th\u1eddi gian \u0111\u1ecdc":"5 ph\u00fat"},"schema":{"@context":"https:\/\/schema.org","@graph":[{"@type":"WebPage","@id":"https:\/\/luan.webrt.net\/qhome\/san-pham\/ghe-nhan-vien-qgnv10\/","url":"https:\/\/luan.webrt.net\/qhome\/san-pham\/ghe-nhan-vien-qgnv10\/","name":"[S\u1ea3n ph\u1ea9m] Gh\u1ebf nh\u00e2n vi\u00ean QGNV10 - N\u1ed9i th\u1ea5t QGHome","isPartOf":{"@id":"https:\/\/luan.webrt.net\/qhome\/#website"},"datePublished":"2022-12-21T02:55:09+00:00","dateModified":"2025-12-19T08:05:04+00:00","description":"S\u1ea3n ph\u1ea9m gh\u1ebf nh\u00e2n vi\u00ean QGNV10 thu\u1ed9c chu\u1ed7i s\u1ea3n ph\u1ea9m gh\u1ebf v\u00e0m vi\u1ec7c cao c\u1ea5p. \u0110\u01b0\u1ee3c QGHome thi\u1ebft k\u1ebf, l\u1eafp r\u00e1p v\u00e0 giao h\u00e0ng. Hotline: 0968875005.","breadcrumb":{"@id":"https:\/\/luan.webrt.net\/qhome\/san-pham\/ghe-nhan-vien-qgnv10\/#breadcrumb"},"inLanguage":"vi","potentialAction":[{"@type":"ReadAction","target":["https:\/\/luan.webrt.net\/qhome\/san-pham\/ghe-nhan-vien-qgnv10\/"]}]},{"@type":"BreadcrumbList","@id":"https:\/\/luan.webrt.net\/qhome\/san-pham\/ghe-nhan-vien-qgnv10\/#breadcrumb","itemListElement":[{"@type":"ListItem","position":1,"name":"Trang ch\u1ee7","item":"https:\/\/luan.webrt.net\/qhome\/"},{"@type":"ListItem","position":2,"name":"Shop","item":"https:\/\/luan.webrt.net\/qhome\/shop\/"},{"@type":"ListItem","position":3,"name":"Gh\u1ebf nh\u00e2n vi\u00ean QGNV10"}]},{"@type":"WebSite","@id":"https:\/\/luan.webrt.net\/qhome\/#website","url":"https:\/\/luan.webrt.net\/qhome\/","name":"M\u1eabu web n\u1ed9i th\u1ea5t","description":"QGHome Vi\u1ec7t Nam","publisher":{"@id":"https:\/\/luan.webrt.net\/qhome\/#organization"},"potentialAction":[{"@type":"SearchAction","target":{"@type":"EntryPoint","urlTemplate":"https:\/\/luan.webrt.net\/qhome\/?s={search_term_string}"},"query-input":"required name=search_term_string"}],"inLanguage":"vi"},{"@type":"Organization","@id":"https:\/\/luan.webrt.net\/qhome\/#organization","name":"QGHome","url":"https:\/\/luan.webrt.net\/qhome\/","logo":{"@type":"ImageObject","inLanguage":"vi","@id":"https:\/\/luan.webrt.net\/qhome\/#\/schema\/logo\/image\/","url":"https:\/\/qghome.vn\/wp-content\/uploads\/2025\/08\/logo-mau-MauTH-21.png","contentUrl":"https:\/\/qghome.vn\/wp-content\/uploads\/2025\/08\/logo-mau-MauTH-21.png","width":253,"height":99,"caption":"QGHome"},"image":{"@id":"https:\/\/luan.webrt.net\/qhome\/#\/schema\/logo\/image\/"},"sameAs":["https:\/\/www.tiktok.com\/@qghome.official","https:\/\/www.youtube.com\/channel\/UCeVBuKTXkv-u94DS421cklw","https:\/\/www.facebook.com\/noithatqghome"]}]}},"_links":{"self":[{"href":"https:\/\/luan.webrt.net\/qhome\/wp-json\/wp\/v2\/product\/4138","targetHints":{"allow":["GET"]}}],"collection":[{"href":"https:\/\/luan.webrt.net\/qhome\/wp-json\/wp\/v2\/product"}],"about":[{"href":"https:\/\/luan.webrt.net\/qhome\/wp-json\/wp\/v2\/types\/product"}],"replies":[{"embeddable":true,"href":"https:\/\/luan.webrt.net\/qhome\/wp-json\/wp\/v2\/comments?post=4138"}],"wp:featuredmedia":[{"embeddable":true,"href":"https:\/\/luan.webrt.net\/qhome\/wp-json\/wp\/v2\/media\/10992"}],"wp:attachment":[{"href":"https:\/\/luan.webrt.net\/qhome\/wp-json\/wp\/v2\/media?parent=4138"}],"wp:term":[{"taxonomy":"product_cat","embeddable":true,"href":"https:\/\/luan.webrt.net\/qhome\/wp-json\/wp\/v2\/product_cat?post=4138"},{"taxonomy":"product_tag","embeddable":true,"href":"https:\/\/luan.webrt.net\/qhome\/wp-json\/wp\/v2\/product_tag?post=4138"}],"curies":[{"name":"wp","href":"https:\/\/api.w.org\/{rel}","templated":true}]}}