{"id":3077,"date":"2022-11-16T09:13:04","date_gmt":"2022-11-16T09:13:04","guid":{"rendered":"https:\/\/qghome.vn\/?post_type=product&#038;p=3077"},"modified":"2025-11-12T09:55:52","modified_gmt":"2025-11-12T09:55:52","slug":"ghe-nhan-vien-qgnv03","status":"publish","type":"product","link":"https:\/\/luan.webrt.net\/qhome\/san-pham\/ghe-nhan-vien-qgnv03\/","title":{"rendered":"Gh\u1ebf nh\u00e2n vi\u00ean QGNV03"},"content":{"rendered":"<h2><strong>1. Thi\u1ebft k\u1ebf<\/strong><\/h2>\n<ul>\n<li>Khung l\u01b0ng b\u1eb1ng th\u00e9p m\u1ea1 Crom. T\u1ef1a l\u01b0ng b\u1ecdc da PU cao c\u1ea5p.<\/li>\n<li>T\u1ef1a tay b\u1eb1ng nh\u1ef1a PA c\u1ed1 \u0111\u1ecbnh<\/li>\n<li>\u0110\u1ec7m \u0111\u1ee1 l\u01b0ng \u0111i\u1ec1u ch\u1ec9nh \u0111\u1ed9 cao th\u1ea5p, \u00f4m s\u00e1t l\u01b0ng ng\u01b0\u1eddi ng\u1ed3i. \u0110\u1ec7m ng\u1ed3i b\u1eb1ng m\u00fat \u0111\u1ecbnh h\u00ecnh m\u1eadt \u0111\u1ed9 cao, b\u1ecdc v\u1ea3i n\u1ec9 cao c\u1ea5p, d\u00e0y 7cm<\/li>\n<li>Chu\u1ea9n t\u1ed1t cho s\u1ee9c kh\u1ecfe ng\u01b0\u1eddi ti\u00eau d\u00f9ng v\u00e0 \u0111\u01b0\u1ee3c c\u00e1c chuy\u00ean gia v\u1ec1 Chiropratic v\u00e0 c\u00e1c Physiotherapist h\u00e0ng \u0111\u1ea7u khuy\u00ean d\u00f9ng.<\/li>\n<li>Ch\u00e2n gh\u1ebf b\u1eb1ng th\u00e9p s\u01a1n t\u0129nh \u0111i\u1ec7n<\/li>\n<\/ul>\n<figure id=\"attachment_3078\" aria-describedby=\"caption-attachment-3078\" style=\"width: 800px\" class=\"wp-caption aligncenter\"><img loading=\"lazy\" decoding=\"async\" class=\"size-full wp-image-3078\" src=\"http:\/\/qghome.vn\/wp-content\/uploads\/2022\/11\/dac-diem-ghe-van-phong-G103.jpg\" alt=\"\u0110\u1eb7c \u0111i\u1ec3m gh\u1ebf v\u0103n ph\u00f2ng G103\" width=\"800\" height=\"800\" srcset=\"https:\/\/luan.webrt.net\/qhome\/wp-content\/uploads\/2022\/11\/dac-diem-ghe-van-phong-G103.jpg 800w, https:\/\/luan.webrt.net\/qhome\/wp-content\/uploads\/2022\/11\/dac-diem-ghe-van-phong-G103-100x100.jpg 100w, https:\/\/luan.webrt.net\/qhome\/wp-content\/uploads\/2022\/11\/dac-diem-ghe-van-phong-G103-510x510.jpg 510w, https:\/\/luan.webrt.net\/qhome\/wp-content\/uploads\/2022\/11\/dac-diem-ghe-van-phong-G103-400x400.jpg 400w, https:\/\/luan.webrt.net\/qhome\/wp-content\/uploads\/2022\/11\/dac-diem-ghe-van-phong-G103-280x280.jpg 280w, https:\/\/luan.webrt.net\/qhome\/wp-content\/uploads\/2022\/11\/dac-diem-ghe-van-phong-G103-768x768.jpg 768w\" sizes=\"auto, (max-width: 800px) 100vw, 800px\" \/><figcaption id=\"caption-attachment-3078\" class=\"wp-caption-text\">\u0110\u1eb7c \u0111i\u1ec3m gh\u1ebf<\/figcaption><\/figure>\n<div class=\"mceTemp\"><\/div>\n<figure id=\"attachment_3066\" aria-describedby=\"caption-attachment-3066\" style=\"width: 800px\" class=\"wp-caption aligncenter\"><img loading=\"lazy\" decoding=\"async\" class=\"size-full wp-image-3066\" src=\"http:\/\/qghome.vn\/wp-content\/uploads\/2022\/11\/dac-diem-ghe-van-phong-G102-2.jpg\" alt=\"\u0110\u1eb7c \u0111i\u1ec3m gh\u1ebf v\u0103n ph\u00f2ng G102\" width=\"800\" height=\"800\" srcset=\"https:\/\/luan.webrt.net\/qhome\/wp-content\/uploads\/2022\/11\/dac-diem-ghe-van-phong-G102-2.jpg 800w, https:\/\/luan.webrt.net\/qhome\/wp-content\/uploads\/2022\/11\/dac-diem-ghe-van-phong-G102-2-100x100.jpg 100w, https:\/\/luan.webrt.net\/qhome\/wp-content\/uploads\/2022\/11\/dac-diem-ghe-van-phong-G102-2-510x510.jpg 510w, https:\/\/luan.webrt.net\/qhome\/wp-content\/uploads\/2022\/11\/dac-diem-ghe-van-phong-G102-2-400x400.jpg 400w, https:\/\/luan.webrt.net\/qhome\/wp-content\/uploads\/2022\/11\/dac-diem-ghe-van-phong-G102-2-280x280.jpg 280w, https:\/\/luan.webrt.net\/qhome\/wp-content\/uploads\/2022\/11\/dac-diem-ghe-van-phong-G102-2-768x768.jpg 768w\" sizes=\"auto, (max-width: 800px) 100vw, 800px\" \/><figcaption id=\"caption-attachment-3066\" class=\"wp-caption-text\">\u0110\u1eb7c \u0111i\u1ec3m gh\u1ebf<\/figcaption><\/figure>\n<p>&nbsp;<\/p>\n<h2>2. \u01afu \u0111i\u1ec3m c\u1ee7a gh\u1ebf nh\u00e2n vi\u00ean QGNV03<\/h2>\n<figure id=\"attachment_3083\" aria-describedby=\"caption-attachment-3083\" style=\"width: 800px\" class=\"wp-caption aligncenter\"><img loading=\"lazy\" decoding=\"async\" class=\"size-full wp-image-3083\" src=\"http:\/\/qghome.vn\/wp-content\/uploads\/2022\/11\/uu-diem-ghe-van-phong-G103.jpg\" alt=\"\u01afu \u0111i\u1ec3m gh\u1ebf v\u0103n ph\u00f2ng G103\" width=\"800\" height=\"800\" srcset=\"https:\/\/luan.webrt.net\/qhome\/wp-content\/uploads\/2022\/11\/uu-diem-ghe-van-phong-G103.jpg 800w, https:\/\/luan.webrt.net\/qhome\/wp-content\/uploads\/2022\/11\/uu-diem-ghe-van-phong-G103-100x100.jpg 100w, https:\/\/luan.webrt.net\/qhome\/wp-content\/uploads\/2022\/11\/uu-diem-ghe-van-phong-G103-510x510.jpg 510w, https:\/\/luan.webrt.net\/qhome\/wp-content\/uploads\/2022\/11\/uu-diem-ghe-van-phong-G103-400x400.jpg 400w, https:\/\/luan.webrt.net\/qhome\/wp-content\/uploads\/2022\/11\/uu-diem-ghe-van-phong-G103-280x280.jpg 280w, https:\/\/luan.webrt.net\/qhome\/wp-content\/uploads\/2022\/11\/uu-diem-ghe-van-phong-G103-768x768.jpg 768w\" sizes=\"auto, (max-width: 800px) 100vw, 800px\" \/><figcaption id=\"caption-attachment-3083\" class=\"wp-caption-text\"><em>\u01afu \u0111i\u1ec3m gh\u1ebf nh\u00e2n vi\u00ean QGNV03<\/em><\/figcaption><\/figure>\n<h2><strong>3. Quy tr\u00ecnh s\u1ea3n xu\u1ea5t<\/strong><\/h2>\n<figure id=\"attachment_3074\" aria-describedby=\"caption-attachment-3074\" style=\"width: 800px\" class=\"wp-caption aligncenter\"><img loading=\"lazy\" decoding=\"async\" class=\"size-full wp-image-3074\" src=\"http:\/\/qghome.vn\/wp-content\/uploads\/2022\/11\/quy-trinh-san-xuat-ghe-van-phong-G102.jpg\" alt=\"Quy tr\u00ecnh s\u1ea3n xu\u1ea5t gh\u1ebf\" width=\"800\" height=\"800\" srcset=\"https:\/\/luan.webrt.net\/qhome\/wp-content\/uploads\/2022\/11\/quy-trinh-san-xuat-ghe-van-phong-G102.jpg 800w, https:\/\/luan.webrt.net\/qhome\/wp-content\/uploads\/2022\/11\/quy-trinh-san-xuat-ghe-van-phong-G102-100x100.jpg 100w, https:\/\/luan.webrt.net\/qhome\/wp-content\/uploads\/2022\/11\/quy-trinh-san-xuat-ghe-van-phong-G102-510x510.jpg 510w, https:\/\/luan.webrt.net\/qhome\/wp-content\/uploads\/2022\/11\/quy-trinh-san-xuat-ghe-van-phong-G102-400x400.jpg 400w, https:\/\/luan.webrt.net\/qhome\/wp-content\/uploads\/2022\/11\/quy-trinh-san-xuat-ghe-van-phong-G102-280x280.jpg 280w, https:\/\/luan.webrt.net\/qhome\/wp-content\/uploads\/2022\/11\/quy-trinh-san-xuat-ghe-van-phong-G102-768x768.jpg 768w\" sizes=\"auto, (max-width: 800px) 100vw, 800px\" \/><figcaption id=\"caption-attachment-3074\" class=\"wp-caption-text\"><em>Quy tr\u00ecnh s\u1ea3n xu\u1ea5t gh\u1ebf<\/em><\/figcaption><\/figure>\n<p>&nbsp;<\/p>\n<div class=\"host-bincmiainjofjnhchmcalkanjebghoen\" style=\"position: relative; z-index: 2147483647;\"><\/div>\n","protected":false},"excerpt":{"rendered":"<p>&nbsp;<\/p>\n<div class=\"host-bincmiainjofjnhchmcalkanjebghoen\" style=\"position: relative; z-index: 2147483647;\"><\/div>\n","protected":false},"featured_media":17271,"comment_status":"open","ping_status":"closed","template":"","meta":[],"product_cat":[217],"product_tag":[],"class_list":["post-3077","product","type-product","status-publish","has-post-thumbnail","hentry","product_cat-ghe-nhan-vien"],"yoast_head":"<!-- This site is optimized with the Yoast SEO plugin v19.9 - https:\/\/yoast.com\/wordpress\/plugins\/seo\/ -->\n<title>[S\u1ea3n ph\u1ea9m] Gh\u1ebf nh\u00e2n vi\u00ean QGNV03 - N\u1ed9i th\u1ea5t QGHome<\/title>\n<meta name=\"description\" content=\"S\u1ea3n ph\u1ea9m gh\u1ebf nh\u00e2n vi\u00ean QGNV03 thu\u1ed9c chu\u1ed7i s\u1ea3n ph\u1ea9m gh\u1ebf v\u00e0m vi\u1ec7c ph\u1ed5 th\u00f4ng. \u0110\u01b0\u1ee3c QGHome thi\u1ebft k\u1ebf, l\u1eafp r\u00e1p v\u00e0 giao h\u00e0ng. Hotline: 0968875005.\" \/>\n<meta name=\"robots\" content=\"index, follow, max-snippet:-1, max-image-preview:large, max-video-preview:-1\" \/>\n<link rel=\"canonical\" href=\"https:\/\/luan.webrt.net\/qhome\/san-pham\/ghe-nhan-vien-qgnv03\/\" \/>\n<meta property=\"og:locale\" content=\"vi_VN\" \/>\n<meta property=\"og:type\" content=\"article\" \/>\n<meta property=\"og:title\" content=\"[S\u1ea3n ph\u1ea9m] Gh\u1ebf nh\u00e2n vi\u00ean QGNV03 - N\u1ed9i th\u1ea5t QGHome\" \/>\n<meta property=\"og:description\" content=\"S\u1ea3n ph\u1ea9m gh\u1ebf nh\u00e2n vi\u00ean QGNV03 thu\u1ed9c chu\u1ed7i s\u1ea3n ph\u1ea9m gh\u1ebf v\u00e0m vi\u1ec7c ph\u1ed5 th\u00f4ng. \u0110\u01b0\u1ee3c QGHome thi\u1ebft k\u1ebf, l\u1eafp r\u00e1p v\u00e0 giao h\u00e0ng. Hotline: 0968875005.\" \/>\n<meta property=\"og:url\" content=\"https:\/\/luan.webrt.net\/qhome\/san-pham\/ghe-nhan-vien-qgnv03\/\" \/>\n<meta property=\"og:site_name\" content=\"M\u1eabu web n\u1ed9i th\u1ea5t\" \/>\n<meta property=\"article:publisher\" content=\"https:\/\/www.facebook.com\/noithatqghome\" \/>\n<meta property=\"article:modified_time\" content=\"2025-11-12T09:55:52+00:00\" \/>\n<meta property=\"og:image\" content=\"https:\/\/luan.webrt.net\/qhome\/wp-content\/uploads\/2022\/11\/ghe-van-phong-co-tua-lung.jpg\" \/>\n\t<meta property=\"og:image:width\" content=\"1200\" \/>\n\t<meta property=\"og:image:height\" content=\"1200\" \/>\n\t<meta property=\"og:image:type\" content=\"image\/jpeg\" \/>\n<meta name=\"twitter:card\" content=\"summary_large_image\" \/>\n<meta name=\"twitter:label1\" content=\"\u01af\u1edbc t\u00ednh th\u1eddi gian \u0111\u1ecdc\" \/>\n\t<meta name=\"twitter:data1\" content=\"2 ph\u00fat\" \/>\n<script type=\"application\/ld+json\" class=\"yoast-schema-graph\">{\"@context\":\"https:\/\/schema.org\",\"@graph\":[{\"@type\":\"WebPage\",\"@id\":\"https:\/\/luan.webrt.net\/qhome\/san-pham\/ghe-nhan-vien-qgnv03\/\",\"url\":\"https:\/\/luan.webrt.net\/qhome\/san-pham\/ghe-nhan-vien-qgnv03\/\",\"name\":\"[S\u1ea3n ph\u1ea9m] Gh\u1ebf nh\u00e2n vi\u00ean QGNV03 - N\u1ed9i th\u1ea5t QGHome\",\"isPartOf\":{\"@id\":\"https:\/\/luan.webrt.net\/qhome\/#website\"},\"datePublished\":\"2022-11-16T09:13:04+00:00\",\"dateModified\":\"2025-11-12T09:55:52+00:00\",\"description\":\"S\u1ea3n ph\u1ea9m gh\u1ebf nh\u00e2n vi\u00ean QGNV03 thu\u1ed9c chu\u1ed7i s\u1ea3n ph\u1ea9m gh\u1ebf v\u00e0m vi\u1ec7c ph\u1ed5 th\u00f4ng. \u0110\u01b0\u1ee3c QGHome thi\u1ebft k\u1ebf, l\u1eafp r\u00e1p v\u00e0 giao h\u00e0ng. Hotline: 0968875005.\",\"breadcrumb\":{\"@id\":\"https:\/\/luan.webrt.net\/qhome\/san-pham\/ghe-nhan-vien-qgnv03\/#breadcrumb\"},\"inLanguage\":\"vi\",\"potentialAction\":[{\"@type\":\"ReadAction\",\"target\":[\"https:\/\/luan.webrt.net\/qhome\/san-pham\/ghe-nhan-vien-qgnv03\/\"]}]},{\"@type\":\"BreadcrumbList\",\"@id\":\"https:\/\/luan.webrt.net\/qhome\/san-pham\/ghe-nhan-vien-qgnv03\/#breadcrumb\",\"itemListElement\":[{\"@type\":\"ListItem\",\"position\":1,\"name\":\"Trang ch\u1ee7\",\"item\":\"https:\/\/luan.webrt.net\/qhome\/\"},{\"@type\":\"ListItem\",\"position\":2,\"name\":\"Shop\",\"item\":\"https:\/\/luan.webrt.net\/qhome\/shop\/\"},{\"@type\":\"ListItem\",\"position\":3,\"name\":\"Gh\u1ebf nh\u00e2n vi\u00ean QGNV03\"}]},{\"@type\":\"WebSite\",\"@id\":\"https:\/\/luan.webrt.net\/qhome\/#website\",\"url\":\"https:\/\/luan.webrt.net\/qhome\/\",\"name\":\"M\u1eabu web n\u1ed9i th\u1ea5t\",\"description\":\"QGHome Vi\u1ec7t Nam\",\"publisher\":{\"@id\":\"https:\/\/luan.webrt.net\/qhome\/#organization\"},\"potentialAction\":[{\"@type\":\"SearchAction\",\"target\":{\"@type\":\"EntryPoint\",\"urlTemplate\":\"https:\/\/luan.webrt.net\/qhome\/?s={search_term_string}\"},\"query-input\":\"required name=search_term_string\"}],\"inLanguage\":\"vi\"},{\"@type\":\"Organization\",\"@id\":\"https:\/\/luan.webrt.net\/qhome\/#organization\",\"name\":\"QGHome\",\"url\":\"https:\/\/luan.webrt.net\/qhome\/\",\"logo\":{\"@type\":\"ImageObject\",\"inLanguage\":\"vi\",\"@id\":\"https:\/\/luan.webrt.net\/qhome\/#\/schema\/logo\/image\/\",\"url\":\"https:\/\/qghome.vn\/wp-content\/uploads\/2025\/08\/logo-mau-MauTH-21.png\",\"contentUrl\":\"https:\/\/qghome.vn\/wp-content\/uploads\/2025\/08\/logo-mau-MauTH-21.png\",\"width\":253,\"height\":99,\"caption\":\"QGHome\"},\"image\":{\"@id\":\"https:\/\/luan.webrt.net\/qhome\/#\/schema\/logo\/image\/\"},\"sameAs\":[\"https:\/\/www.tiktok.com\/@qghome.official\",\"https:\/\/www.youtube.com\/channel\/UCeVBuKTXkv-u94DS421cklw\",\"https:\/\/www.facebook.com\/noithatqghome\"]}]}<\/script>\n<!-- \/ Yoast SEO plugin. -->","yoast_head_json":{"title":"[S\u1ea3n ph\u1ea9m] Gh\u1ebf nh\u00e2n vi\u00ean QGNV03 - N\u1ed9i th\u1ea5t QGHome","description":"S\u1ea3n ph\u1ea9m gh\u1ebf nh\u00e2n vi\u00ean QGNV03 thu\u1ed9c chu\u1ed7i s\u1ea3n ph\u1ea9m gh\u1ebf v\u00e0m vi\u1ec7c ph\u1ed5 th\u00f4ng. \u0110\u01b0\u1ee3c QGHome thi\u1ebft k\u1ebf, l\u1eafp r\u00e1p v\u00e0 giao h\u00e0ng. Hotline: 0968875005.","robots":{"index":"index","follow":"follow","max-snippet":"max-snippet:-1","max-image-preview":"max-image-preview:large","max-video-preview":"max-video-preview:-1"},"canonical":"https:\/\/luan.webrt.net\/qhome\/san-pham\/ghe-nhan-vien-qgnv03\/","og_locale":"vi_VN","og_type":"article","og_title":"[S\u1ea3n ph\u1ea9m] Gh\u1ebf nh\u00e2n vi\u00ean QGNV03 - N\u1ed9i th\u1ea5t QGHome","og_description":"S\u1ea3n ph\u1ea9m gh\u1ebf nh\u00e2n vi\u00ean QGNV03 thu\u1ed9c chu\u1ed7i s\u1ea3n ph\u1ea9m gh\u1ebf v\u00e0m vi\u1ec7c ph\u1ed5 th\u00f4ng. \u0110\u01b0\u1ee3c QGHome thi\u1ebft k\u1ebf, l\u1eafp r\u00e1p v\u00e0 giao h\u00e0ng. Hotline: 0968875005.","og_url":"https:\/\/luan.webrt.net\/qhome\/san-pham\/ghe-nhan-vien-qgnv03\/","og_site_name":"M\u1eabu web n\u1ed9i th\u1ea5t","article_publisher":"https:\/\/www.facebook.com\/noithatqghome","article_modified_time":"2025-11-12T09:55:52+00:00","og_image":[{"width":1200,"height":1200,"url":"https:\/\/luan.webrt.net\/qhome\/wp-content\/uploads\/2022\/11\/ghe-van-phong-co-tua-lung.jpg","type":"image\/jpeg"}],"twitter_card":"summary_large_image","twitter_misc":{"\u01af\u1edbc t\u00ednh th\u1eddi gian \u0111\u1ecdc":"2 ph\u00fat"},"schema":{"@context":"https:\/\/schema.org","@graph":[{"@type":"WebPage","@id":"https:\/\/luan.webrt.net\/qhome\/san-pham\/ghe-nhan-vien-qgnv03\/","url":"https:\/\/luan.webrt.net\/qhome\/san-pham\/ghe-nhan-vien-qgnv03\/","name":"[S\u1ea3n ph\u1ea9m] Gh\u1ebf nh\u00e2n vi\u00ean QGNV03 - N\u1ed9i th\u1ea5t QGHome","isPartOf":{"@id":"https:\/\/luan.webrt.net\/qhome\/#website"},"datePublished":"2022-11-16T09:13:04+00:00","dateModified":"2025-11-12T09:55:52+00:00","description":"S\u1ea3n ph\u1ea9m gh\u1ebf nh\u00e2n vi\u00ean QGNV03 thu\u1ed9c chu\u1ed7i s\u1ea3n ph\u1ea9m gh\u1ebf v\u00e0m vi\u1ec7c ph\u1ed5 th\u00f4ng. \u0110\u01b0\u1ee3c QGHome thi\u1ebft k\u1ebf, l\u1eafp r\u00e1p v\u00e0 giao h\u00e0ng. Hotline: 0968875005.","breadcrumb":{"@id":"https:\/\/luan.webrt.net\/qhome\/san-pham\/ghe-nhan-vien-qgnv03\/#breadcrumb"},"inLanguage":"vi","potentialAction":[{"@type":"ReadAction","target":["https:\/\/luan.webrt.net\/qhome\/san-pham\/ghe-nhan-vien-qgnv03\/"]}]},{"@type":"BreadcrumbList","@id":"https:\/\/luan.webrt.net\/qhome\/san-pham\/ghe-nhan-vien-qgnv03\/#breadcrumb","itemListElement":[{"@type":"ListItem","position":1,"name":"Trang ch\u1ee7","item":"https:\/\/luan.webrt.net\/qhome\/"},{"@type":"ListItem","position":2,"name":"Shop","item":"https:\/\/luan.webrt.net\/qhome\/shop\/"},{"@type":"ListItem","position":3,"name":"Gh\u1ebf nh\u00e2n vi\u00ean QGNV03"}]},{"@type":"WebSite","@id":"https:\/\/luan.webrt.net\/qhome\/#website","url":"https:\/\/luan.webrt.net\/qhome\/","name":"M\u1eabu web n\u1ed9i th\u1ea5t","description":"QGHome Vi\u1ec7t Nam","publisher":{"@id":"https:\/\/luan.webrt.net\/qhome\/#organization"},"potentialAction":[{"@type":"SearchAction","target":{"@type":"EntryPoint","urlTemplate":"https:\/\/luan.webrt.net\/qhome\/?s={search_term_string}"},"query-input":"required name=search_term_string"}],"inLanguage":"vi"},{"@type":"Organization","@id":"https:\/\/luan.webrt.net\/qhome\/#organization","name":"QGHome","url":"https:\/\/luan.webrt.net\/qhome\/","logo":{"@type":"ImageObject","inLanguage":"vi","@id":"https:\/\/luan.webrt.net\/qhome\/#\/schema\/logo\/image\/","url":"https:\/\/qghome.vn\/wp-content\/uploads\/2025\/08\/logo-mau-MauTH-21.png","contentUrl":"https:\/\/qghome.vn\/wp-content\/uploads\/2025\/08\/logo-mau-MauTH-21.png","width":253,"height":99,"caption":"QGHome"},"image":{"@id":"https:\/\/luan.webrt.net\/qhome\/#\/schema\/logo\/image\/"},"sameAs":["https:\/\/www.tiktok.com\/@qghome.official","https:\/\/www.youtube.com\/channel\/UCeVBuKTXkv-u94DS421cklw","https:\/\/www.facebook.com\/noithatqghome"]}]}},"_links":{"self":[{"href":"https:\/\/luan.webrt.net\/qhome\/wp-json\/wp\/v2\/product\/3077","targetHints":{"allow":["GET"]}}],"collection":[{"href":"https:\/\/luan.webrt.net\/qhome\/wp-json\/wp\/v2\/product"}],"about":[{"href":"https:\/\/luan.webrt.net\/qhome\/wp-json\/wp\/v2\/types\/product"}],"replies":[{"embeddable":true,"href":"https:\/\/luan.webrt.net\/qhome\/wp-json\/wp\/v2\/comments?post=3077"}],"wp:featuredmedia":[{"embeddable":true,"href":"https:\/\/luan.webrt.net\/qhome\/wp-json\/wp\/v2\/media\/17271"}],"wp:attachment":[{"href":"https:\/\/luan.webrt.net\/qhome\/wp-json\/wp\/v2\/media?parent=3077"}],"wp:term":[{"taxonomy":"product_cat","embeddable":true,"href":"https:\/\/luan.webrt.net\/qhome\/wp-json\/wp\/v2\/product_cat?post=3077"},{"taxonomy":"product_tag","embeddable":true,"href":"https:\/\/luan.webrt.net\/qhome\/wp-json\/wp\/v2\/product_tag?post=3077"}],"curies":[{"name":"wp","href":"https:\/\/api.w.org\/{rel}","templated":true}]}}