{"id":26658,"date":"2025-12-17T07:45:50","date_gmt":"2025-12-17T07:45:50","guid":{"rendered":"https:\/\/qghome.vn\/?post_type=product&#038;p=26658"},"modified":"2025-12-18T10:28:21","modified_gmt":"2025-12-18T10:28:21","slug":"tu-thuoc-y-te-mini-tt02","status":"publish","type":"product","link":"https:\/\/luan.webrt.net\/qhome\/san-pham\/tu-thuoc-y-te-mini-tt02\/","title":{"rendered":"T\u1ee7 thu\u1ed1c y t\u1ebf mini TT02"},"content":{"rendered":"<p data-start=\"75\" data-end=\"370\"><span style=\"color: #000000;\"><strong>T\u1ee7 thu\u1ed1c y t\u1ebf mini TT02<\/strong><\/span><\/p>\n<p data-start=\"75\" data-end=\"370\"><span style=\"color: #000000;\">T\u1ee7 c\u00f3 d\u1ea1ng h\u1ed9p \u0111\u1ee9ng, treo t\u01b0\u1eddng g\u1ecdn g\u00e0ng, gi\u00fap ti\u1ebft ki\u1ec7m di\u1ec7n t\u00edch v\u00e0 gi\u1eef khu v\u1ef1c sinh ho\u1ea1t lu\u00f4n ng\u0103n n\u1eafp. Ph\u1ea7n c\u1eeda tr\u01b0\u1edbc \u0111\u01b0\u1ee3c l\u1eafp <strong data-start=\"539\" data-end=\"558\">k\u00ednh trong su\u1ed1t<\/strong>, cho ph\u00e9p quan s\u00e1t nhanh v\u1ecb tr\u00ed thu\u1ed1c b\u00ean trong m\u00e0 kh\u00f4ng c\u1ea7n m\u1edf t\u1ee7. Tay n\u1eafm kim lo\u1ea1i k\u1ebft h\u1ee3p <strong data-start=\"652\" data-end=\"670\">\u1ed5 kh\u00f3a an to\u00e0n<\/strong>, h\u1ea1n ch\u1ebf tr\u1ebb nh\u1ecf t\u1ef1 \u00fd m\u1edf t\u1ee7, t\u0103ng t\u00ednh an t\u00e2m khi s\u1eed d\u1ee5ng trong gia \u0111\u00ecnh.<\/span><\/p>\n<p><img loading=\"lazy\" decoding=\"async\" class=\"size-medium wp-image-26659 aligncenter\" src=\"https:\/\/qghome.vn\/wp-content\/uploads\/2025\/12\/8796d251455aca04934b-401x400.jpg\" alt=\"Tu thuoc kieu mai nha\" width=\"401\" height=\"400\" srcset=\"https:\/\/luan.webrt.net\/qhome\/wp-content\/uploads\/2025\/12\/8796d251455aca04934b-401x400.jpg 401w, https:\/\/luan.webrt.net\/qhome\/wp-content\/uploads\/2025\/12\/8796d251455aca04934b-280x280.jpg 280w, https:\/\/luan.webrt.net\/qhome\/wp-content\/uploads\/2025\/12\/8796d251455aca04934b-510x509.jpg 510w, https:\/\/luan.webrt.net\/qhome\/wp-content\/uploads\/2025\/12\/8796d251455aca04934b-100x100.jpg 100w, https:\/\/luan.webrt.net\/qhome\/wp-content\/uploads\/2025\/12\/8796d251455aca04934b.jpg 572w\" sizes=\"auto, (max-width: 401px) 100vw, 401px\" \/><\/p>\n<p data-start=\"463\" data-end=\"828\"><span style=\"color: #000000;\"><strong data-start=\"463\" data-end=\"508\">\u0110\u00e1p \u0111\u00fang n\u1ed7i lo th\u01b0\u1eddng g\u1eb7p c\u1ee7a ng\u01b0\u1eddi d\u00f9ng<\/strong><\/span><br \/>\n<span style=\"color: #000000;\">Nhi\u1ec1u gia \u0111\u00ecnh c\u1ea5t thu\u1ed1c r\u1ea3i r\u00e1c trong ng\u0103n k\u00e9o, t\u1ee7 b\u1ebfp ho\u1eb7c h\u1ed9p nh\u1ef1a t\u1ea1m th\u1eddi, d\u1eabn \u0111\u1ebfn th\u1ea5t l\u1ea1c, thu\u1ed1c qu\u00e1 h\u1ea1n, ho\u1eb7c kh\u00f4ng t\u00ecm th\u1ea5y khi c\u1ea7n g\u1ea5p. T\u1ee7 thu\u1ed1c gi\u00fap t\u1eadp trung to\u00e0n b\u1ed9 thu\u1ed1c v\u00e0 v\u1eadt t\u01b0 y t\u1ebf v\u00e0o m\u1ed9t v\u1ecb tr\u00ed c\u1ed1 \u0111\u1ecbnh, d\u1ec5 nh\u1eadn bi\u1ebft, gi\u00fap <strong data-start=\"751\" data-end=\"827\">ti\u1ebft ki\u1ec7m th\u1eddi gian x\u1eed l\u00fd v\u00e0 gi\u1ea3m r\u1ee7i ro trong nh\u1eefng t\u00ecnh hu\u1ed1ng kh\u1ea9n c\u1ea5p<\/strong>.<\/span><\/p>\n<p data-start=\"830\" data-end=\"1102\"><span style=\"color: #000000;\"><strong data-start=\"830\" data-end=\"877\">An to\u00e0n cho tr\u1ebb nh\u1ecf \u2013 Y\u00ean t\u00e2m cho ng\u01b0\u1eddi l\u1edbn<\/strong><\/span><br \/>\n<span style=\"color: #000000;\">S\u1ea3n ph\u1ea9m \u0111\u01b0\u1ee3c trang b\u1ecb c\u1eeda k\u00ednh v\u00e0 kh\u00f3a, gi\u1ea3i quy\u1ebft m\u1ed1i lo l\u1edbn nh\u1ea5t c\u1ee7a c\u00e1c gia \u0111\u00ecnh c\u00f3 tr\u1ebb em: tr\u1ebb t\u1ef1 \u00fd l\u1ea5y thu\u1ed1c. Thu\u1ed1c \u0111\u01b0\u1ee3c c\u1ea5t g\u1ecdn g\u00e0ng, n\u1eb1m ngo\u00e0i t\u1ea7m v\u1edbi c\u1ee7a tr\u1ebb nh\u01b0ng v\u1eabn thu\u1eadn ti\u1ec7n cho ng\u01b0\u1eddi l\u1edbn khi s\u1eed d\u1ee5ng h\u1eb1ng ng\u00e0y.<\/span><\/p>\n<p><img loading=\"lazy\" decoding=\"async\" class=\"size-full wp-image-26681 aligncenter\" src=\"https:\/\/qghome.vn\/wp-content\/uploads\/2025\/12\/tu-thuoc-y-te.jpg\" alt=\"tu-thuoc-y-te\" width=\"320\" height=\"320\" srcset=\"https:\/\/luan.webrt.net\/qhome\/wp-content\/uploads\/2025\/12\/tu-thuoc-y-te.jpg 320w, https:\/\/luan.webrt.net\/qhome\/wp-content\/uploads\/2025\/12\/tu-thuoc-y-te-280x280.jpg 280w, https:\/\/luan.webrt.net\/qhome\/wp-content\/uploads\/2025\/12\/tu-thuoc-y-te-100x100.jpg 100w\" sizes=\"auto, (max-width: 320px) 100vw, 320px\" \/><\/p>\n<p data-start=\"1104\" data-end=\"1400\"><span style=\"color: #000000;\"><strong data-start=\"1104\" data-end=\"1140\">D\u1ec5 quan s\u00e1t \u2013 D\u1ec5 ki\u1ec3m so\u00e1t thu\u1ed1c<\/strong><\/span><br \/>\n<span style=\"color: #000000;\">C\u1eeda k\u00ednh trong su\u1ed1t cho ph\u00e9p ng\u01b0\u1eddi d\u00f9ng nh\u00ecn nhanh s\u1ed1 l\u01b0\u1ee3ng v\u00e0 t\u00ecnh tr\u1ea1ng thu\u1ed1c b\u00ean trong. Nh\u1edd \u0111\u00f3, b\u1ea1n d\u1ec5 ki\u1ec3m tra thu\u1ed1c s\u1eafp h\u1ebft, thu\u1ed1c qu\u00e1 h\u1ea1n ho\u1eb7c c\u1ea7n b\u1ed5 sung m\u00e0 kh\u00f4ng ph\u1ea3i m\u1edf t\u1ee7 nhi\u1ec1u l\u1ea7n. \u0110\u00e2y l\u00e0 y\u1ebfu t\u1ed1 r\u1ea5t th\u1ef1c t\u1ebf nh\u01b0ng th\u01b0\u1eddng b\u1ecb b\u1ecf qua khi ch\u1ecdn t\u1ee7 thu\u1ed1c.<\/span><\/p>\n<p data-start=\"1402\" data-end=\"1659\"><span style=\"color: #000000;\"><strong data-start=\"1402\" data-end=\"1441\">S\u1eafp x\u1ebfp khoa h\u1ecdc \u2013 S\u1eb5n s\u00e0ng khi c\u1ea7n<\/strong><\/span><br \/>\n<span style=\"color: #000000;\">Thi\u1ebft k\u1ebf nhi\u1ec1u ng\u0103n b\u00ean trong gi\u00fap ph\u00e2n lo\u1ea1i thu\u1ed1c u\u1ed1ng, thu\u1ed1c b\u00f4i, d\u1ee5ng c\u1ee5 s\u01a1 c\u1ee9u, b\u00f4ng b\u0103ng, nhi\u1ec7t k\u1ebf\u2026 r\u00f5 r\u00e0ng v\u00e0 g\u1ecdn g\u00e0ng. Khi c\u00f3 s\u1ef1 c\u1ed1 x\u1ea3y ra, b\u1ea1n kh\u00f4ng m\u1ea5t th\u1eddi gian t\u00ecm ki\u1ebfm, m\u1ecdi th\u1ee9 \u0111\u1ec1u \u1edf \u0111\u00fang v\u1ecb tr\u00ed c\u1ea7n thi\u1ebft.<\/span><\/p>\n<div class=\"host-bincmiainjofjnhchmcalkanjebghoen\" style=\"position: relative; z-index: 2147483647;\"><\/div>\n<div class=\"host-bincmiainjofjnhchmcalkanjebghoen\" style=\"position: relative; z-index: 2147483647;\"><\/div>\n","protected":false},"excerpt":{"rendered":"<p>&nbsp;<\/p>\n<div class=\"host-bincmiainjofjnhchmcalkanjebghoen\" style=\"position: relative; z-index: 2147483647;\">\n<ul>\n<li data-start=\"1444\" data-end=\"1491\">\n<p data-start=\"1446\" data-end=\"1491\">Thi\u1ebft k\u1ebf t\u1ed1i gi\u1ea3n, ph\u00f9 h\u1ee3p nhi\u1ec1u kh\u00f4ng gian<\/p>\n<\/li>\n<li data-start=\"1492\" data-end=\"1530\">\n<p data-start=\"1494\" data-end=\"1530\">G\u1ed7 MDF c\u00f4ng nghi\u1ec7p b\u1ec1n, d\u1ec5 v\u1ec7 sinh<\/p>\n<\/li>\n<li data-start=\"1531\" data-end=\"1571\">\n<p data-start=\"1533\" data-end=\"1571\">K\u00edch th\u01b0\u1edbc mini, ti\u1ebft ki\u1ec7m di\u1ec7n t\u00edch<\/p>\n<\/li>\n<li data-start=\"1572\" data-end=\"1608\">\n<p data-start=\"1574\" data-end=\"1608\">S\u1eafp x\u1ebfp thu\u1ed1c g\u1ecdn g\u00e0ng, khoa h\u1ecdc<\/p>\n<\/li>\n<\/ul>\n<\/div>\n<div class=\"host-bincmiainjofjnhchmcalkanjebghoen\" style=\"position: relative; z-index: 2147483647;\"><\/div>\n<div class=\"host-bincmiainjofjnhchmcalkanjebghoen\" style=\"position: relative; z-index: 2147483647;\"><\/div>\n","protected":false},"featured_media":26659,"comment_status":"open","ping_status":"closed","template":"","meta":[],"product_cat":[575],"product_tag":[],"class_list":["post-26658","product","type-product","status-publish","has-post-thumbnail","hentry","product_cat-noi-that-nha-thuoc"],"yoast_head":"<!-- This site is optimized with the Yoast SEO plugin v19.9 - https:\/\/yoast.com\/wordpress\/plugins\/seo\/ -->\n<title>T\u1ee7 thu\u1ed1c y t\u1ebf mini TT02<\/title>\n<meta name=\"description\" content=\"T\u1ee7 thu\u1ed1c y t\u1ebf mini ph\u00f9 h\u1ee3p cho m\u1ecdi gia \u0111\u00ecnh l\u00e0 gi\u1ea3i ph\u00e1p th\u1ef1c t\u1ebf gi\u00fap b\u1ea1n ch\u1ee7 \u0111\u1ed9ng ch\u0103m s\u00f3c s\u1ee9c kh\u1ecfe v\u00e0 gi\u1eef cho kh\u00f4ng gian s\u1ed1ng lu\u00f4n ng\u0103n n\u1eafp, an to\u00e0n.\" \/>\n<meta name=\"robots\" content=\"index, follow, max-snippet:-1, max-image-preview:large, max-video-preview:-1\" \/>\n<link rel=\"canonical\" href=\"https:\/\/luan.webrt.net\/qhome\/san-pham\/tu-thuoc-y-te-mini-tt02\/\" \/>\n<meta property=\"og:locale\" content=\"vi_VN\" \/>\n<meta property=\"og:type\" content=\"article\" \/>\n<meta property=\"og:title\" content=\"T\u1ee7 thu\u1ed1c y t\u1ebf mini TT02\" \/>\n<meta property=\"og:description\" content=\"T\u1ee7 thu\u1ed1c y t\u1ebf mini ph\u00f9 h\u1ee3p cho m\u1ecdi gia \u0111\u00ecnh l\u00e0 gi\u1ea3i ph\u00e1p th\u1ef1c t\u1ebf gi\u00fap b\u1ea1n ch\u1ee7 \u0111\u1ed9ng ch\u0103m s\u00f3c s\u1ee9c kh\u1ecfe v\u00e0 gi\u1eef cho kh\u00f4ng gian s\u1ed1ng lu\u00f4n ng\u0103n n\u1eafp, an to\u00e0n.\" \/>\n<meta property=\"og:url\" content=\"https:\/\/luan.webrt.net\/qhome\/san-pham\/tu-thuoc-y-te-mini-tt02\/\" \/>\n<meta property=\"og:site_name\" content=\"M\u1eabu web n\u1ed9i th\u1ea5t\" \/>\n<meta property=\"article:publisher\" content=\"https:\/\/www.facebook.com\/noithatqghome\" \/>\n<meta property=\"article:modified_time\" content=\"2025-12-18T10:28:21+00:00\" \/>\n<meta property=\"og:image\" content=\"https:\/\/luan.webrt.net\/qhome\/wp-content\/uploads\/2025\/12\/8796d251455aca04934b.jpg\" \/>\n\t<meta property=\"og:image:width\" content=\"572\" \/>\n\t<meta property=\"og:image:height\" content=\"571\" \/>\n\t<meta property=\"og:image:type\" content=\"image\/jpeg\" \/>\n<meta name=\"twitter:card\" content=\"summary_large_image\" \/>\n<meta name=\"twitter:label1\" content=\"\u01af\u1edbc t\u00ednh th\u1eddi gian \u0111\u1ecdc\" \/>\n\t<meta name=\"twitter:data1\" content=\"3 ph\u00fat\" \/>\n<script type=\"application\/ld+json\" class=\"yoast-schema-graph\">{\"@context\":\"https:\/\/schema.org\",\"@graph\":[{\"@type\":\"WebPage\",\"@id\":\"https:\/\/luan.webrt.net\/qhome\/san-pham\/tu-thuoc-y-te-mini-tt02\/\",\"url\":\"https:\/\/luan.webrt.net\/qhome\/san-pham\/tu-thuoc-y-te-mini-tt02\/\",\"name\":\"T\u1ee7 thu\u1ed1c y t\u1ebf mini TT02\",\"isPartOf\":{\"@id\":\"https:\/\/luan.webrt.net\/qhome\/#website\"},\"datePublished\":\"2025-12-17T07:45:50+00:00\",\"dateModified\":\"2025-12-18T10:28:21+00:00\",\"description\":\"T\u1ee7 thu\u1ed1c y t\u1ebf mini ph\u00f9 h\u1ee3p cho m\u1ecdi gia \u0111\u00ecnh l\u00e0 gi\u1ea3i ph\u00e1p th\u1ef1c t\u1ebf gi\u00fap b\u1ea1n ch\u1ee7 \u0111\u1ed9ng ch\u0103m s\u00f3c s\u1ee9c kh\u1ecfe v\u00e0 gi\u1eef cho kh\u00f4ng gian s\u1ed1ng lu\u00f4n ng\u0103n n\u1eafp, an to\u00e0n.\",\"breadcrumb\":{\"@id\":\"https:\/\/luan.webrt.net\/qhome\/san-pham\/tu-thuoc-y-te-mini-tt02\/#breadcrumb\"},\"inLanguage\":\"vi\",\"potentialAction\":[{\"@type\":\"ReadAction\",\"target\":[\"https:\/\/luan.webrt.net\/qhome\/san-pham\/tu-thuoc-y-te-mini-tt02\/\"]}]},{\"@type\":\"BreadcrumbList\",\"@id\":\"https:\/\/luan.webrt.net\/qhome\/san-pham\/tu-thuoc-y-te-mini-tt02\/#breadcrumb\",\"itemListElement\":[{\"@type\":\"ListItem\",\"position\":1,\"name\":\"Trang ch\u1ee7\",\"item\":\"https:\/\/luan.webrt.net\/qhome\/\"},{\"@type\":\"ListItem\",\"position\":2,\"name\":\"Shop\",\"item\":\"https:\/\/luan.webrt.net\/qhome\/shop\/\"},{\"@type\":\"ListItem\",\"position\":3,\"name\":\"T\u1ee7 thu\u1ed1c y t\u1ebf mini TT02\"}]},{\"@type\":\"WebSite\",\"@id\":\"https:\/\/luan.webrt.net\/qhome\/#website\",\"url\":\"https:\/\/luan.webrt.net\/qhome\/\",\"name\":\"M\u1eabu web n\u1ed9i th\u1ea5t\",\"description\":\"QGHome Vi\u1ec7t Nam\",\"publisher\":{\"@id\":\"https:\/\/luan.webrt.net\/qhome\/#organization\"},\"potentialAction\":[{\"@type\":\"SearchAction\",\"target\":{\"@type\":\"EntryPoint\",\"urlTemplate\":\"https:\/\/luan.webrt.net\/qhome\/?s={search_term_string}\"},\"query-input\":\"required name=search_term_string\"}],\"inLanguage\":\"vi\"},{\"@type\":\"Organization\",\"@id\":\"https:\/\/luan.webrt.net\/qhome\/#organization\",\"name\":\"QGHome\",\"url\":\"https:\/\/luan.webrt.net\/qhome\/\",\"logo\":{\"@type\":\"ImageObject\",\"inLanguage\":\"vi\",\"@id\":\"https:\/\/luan.webrt.net\/qhome\/#\/schema\/logo\/image\/\",\"url\":\"https:\/\/qghome.vn\/wp-content\/uploads\/2025\/08\/logo-mau-MauTH-21.png\",\"contentUrl\":\"https:\/\/qghome.vn\/wp-content\/uploads\/2025\/08\/logo-mau-MauTH-21.png\",\"width\":253,\"height\":99,\"caption\":\"QGHome\"},\"image\":{\"@id\":\"https:\/\/luan.webrt.net\/qhome\/#\/schema\/logo\/image\/\"},\"sameAs\":[\"https:\/\/www.tiktok.com\/@qghome.official\",\"https:\/\/www.youtube.com\/channel\/UCeVBuKTXkv-u94DS421cklw\",\"https:\/\/www.facebook.com\/noithatqghome\"]}]}<\/script>\n<!-- \/ Yoast SEO plugin. -->","yoast_head_json":{"title":"T\u1ee7 thu\u1ed1c y t\u1ebf mini TT02","description":"T\u1ee7 thu\u1ed1c y t\u1ebf mini ph\u00f9 h\u1ee3p cho m\u1ecdi gia \u0111\u00ecnh l\u00e0 gi\u1ea3i ph\u00e1p th\u1ef1c t\u1ebf gi\u00fap b\u1ea1n ch\u1ee7 \u0111\u1ed9ng ch\u0103m s\u00f3c s\u1ee9c kh\u1ecfe v\u00e0 gi\u1eef cho kh\u00f4ng gian s\u1ed1ng lu\u00f4n ng\u0103n n\u1eafp, an to\u00e0n.","robots":{"index":"index","follow":"follow","max-snippet":"max-snippet:-1","max-image-preview":"max-image-preview:large","max-video-preview":"max-video-preview:-1"},"canonical":"https:\/\/luan.webrt.net\/qhome\/san-pham\/tu-thuoc-y-te-mini-tt02\/","og_locale":"vi_VN","og_type":"article","og_title":"T\u1ee7 thu\u1ed1c y t\u1ebf mini TT02","og_description":"T\u1ee7 thu\u1ed1c y t\u1ebf mini ph\u00f9 h\u1ee3p cho m\u1ecdi gia \u0111\u00ecnh l\u00e0 gi\u1ea3i ph\u00e1p th\u1ef1c t\u1ebf gi\u00fap b\u1ea1n ch\u1ee7 \u0111\u1ed9ng ch\u0103m s\u00f3c s\u1ee9c kh\u1ecfe v\u00e0 gi\u1eef cho kh\u00f4ng gian s\u1ed1ng lu\u00f4n ng\u0103n n\u1eafp, an to\u00e0n.","og_url":"https:\/\/luan.webrt.net\/qhome\/san-pham\/tu-thuoc-y-te-mini-tt02\/","og_site_name":"M\u1eabu web n\u1ed9i th\u1ea5t","article_publisher":"https:\/\/www.facebook.com\/noithatqghome","article_modified_time":"2025-12-18T10:28:21+00:00","og_image":[{"width":572,"height":571,"url":"https:\/\/luan.webrt.net\/qhome\/wp-content\/uploads\/2025\/12\/8796d251455aca04934b.jpg","type":"image\/jpeg"}],"twitter_card":"summary_large_image","twitter_misc":{"\u01af\u1edbc t\u00ednh th\u1eddi gian \u0111\u1ecdc":"3 ph\u00fat"},"schema":{"@context":"https:\/\/schema.org","@graph":[{"@type":"WebPage","@id":"https:\/\/luan.webrt.net\/qhome\/san-pham\/tu-thuoc-y-te-mini-tt02\/","url":"https:\/\/luan.webrt.net\/qhome\/san-pham\/tu-thuoc-y-te-mini-tt02\/","name":"T\u1ee7 thu\u1ed1c y t\u1ebf mini TT02","isPartOf":{"@id":"https:\/\/luan.webrt.net\/qhome\/#website"},"datePublished":"2025-12-17T07:45:50+00:00","dateModified":"2025-12-18T10:28:21+00:00","description":"T\u1ee7 thu\u1ed1c y t\u1ebf mini ph\u00f9 h\u1ee3p cho m\u1ecdi gia \u0111\u00ecnh l\u00e0 gi\u1ea3i ph\u00e1p th\u1ef1c t\u1ebf gi\u00fap b\u1ea1n ch\u1ee7 \u0111\u1ed9ng ch\u0103m s\u00f3c s\u1ee9c kh\u1ecfe v\u00e0 gi\u1eef cho kh\u00f4ng gian s\u1ed1ng lu\u00f4n ng\u0103n n\u1eafp, an to\u00e0n.","breadcrumb":{"@id":"https:\/\/luan.webrt.net\/qhome\/san-pham\/tu-thuoc-y-te-mini-tt02\/#breadcrumb"},"inLanguage":"vi","potentialAction":[{"@type":"ReadAction","target":["https:\/\/luan.webrt.net\/qhome\/san-pham\/tu-thuoc-y-te-mini-tt02\/"]}]},{"@type":"BreadcrumbList","@id":"https:\/\/luan.webrt.net\/qhome\/san-pham\/tu-thuoc-y-te-mini-tt02\/#breadcrumb","itemListElement":[{"@type":"ListItem","position":1,"name":"Trang ch\u1ee7","item":"https:\/\/luan.webrt.net\/qhome\/"},{"@type":"ListItem","position":2,"name":"Shop","item":"https:\/\/luan.webrt.net\/qhome\/shop\/"},{"@type":"ListItem","position":3,"name":"T\u1ee7 thu\u1ed1c y t\u1ebf mini TT02"}]},{"@type":"WebSite","@id":"https:\/\/luan.webrt.net\/qhome\/#website","url":"https:\/\/luan.webrt.net\/qhome\/","name":"M\u1eabu web n\u1ed9i th\u1ea5t","description":"QGHome Vi\u1ec7t Nam","publisher":{"@id":"https:\/\/luan.webrt.net\/qhome\/#organization"},"potentialAction":[{"@type":"SearchAction","target":{"@type":"EntryPoint","urlTemplate":"https:\/\/luan.webrt.net\/qhome\/?s={search_term_string}"},"query-input":"required name=search_term_string"}],"inLanguage":"vi"},{"@type":"Organization","@id":"https:\/\/luan.webrt.net\/qhome\/#organization","name":"QGHome","url":"https:\/\/luan.webrt.net\/qhome\/","logo":{"@type":"ImageObject","inLanguage":"vi","@id":"https:\/\/luan.webrt.net\/qhome\/#\/schema\/logo\/image\/","url":"https:\/\/qghome.vn\/wp-content\/uploads\/2025\/08\/logo-mau-MauTH-21.png","contentUrl":"https:\/\/qghome.vn\/wp-content\/uploads\/2025\/08\/logo-mau-MauTH-21.png","width":253,"height":99,"caption":"QGHome"},"image":{"@id":"https:\/\/luan.webrt.net\/qhome\/#\/schema\/logo\/image\/"},"sameAs":["https:\/\/www.tiktok.com\/@qghome.official","https:\/\/www.youtube.com\/channel\/UCeVBuKTXkv-u94DS421cklw","https:\/\/www.facebook.com\/noithatqghome"]}]}},"_links":{"self":[{"href":"https:\/\/luan.webrt.net\/qhome\/wp-json\/wp\/v2\/product\/26658","targetHints":{"allow":["GET"]}}],"collection":[{"href":"https:\/\/luan.webrt.net\/qhome\/wp-json\/wp\/v2\/product"}],"about":[{"href":"https:\/\/luan.webrt.net\/qhome\/wp-json\/wp\/v2\/types\/product"}],"replies":[{"embeddable":true,"href":"https:\/\/luan.webrt.net\/qhome\/wp-json\/wp\/v2\/comments?post=26658"}],"wp:featuredmedia":[{"embeddable":true,"href":"https:\/\/luan.webrt.net\/qhome\/wp-json\/wp\/v2\/media\/26659"}],"wp:attachment":[{"href":"https:\/\/luan.webrt.net\/qhome\/wp-json\/wp\/v2\/media?parent=26658"}],"wp:term":[{"taxonomy":"product_cat","embeddable":true,"href":"https:\/\/luan.webrt.net\/qhome\/wp-json\/wp\/v2\/product_cat?post=26658"},{"taxonomy":"product_tag","embeddable":true,"href":"https:\/\/luan.webrt.net\/qhome\/wp-json\/wp\/v2\/product_tag?post=26658"}],"curies":[{"name":"wp","href":"https:\/\/api.w.org\/{rel}","templated":true}]}}