{"id":14281,"date":"2025-03-13T14:01:44","date_gmt":"2025-03-13T14:01:44","guid":{"rendered":"https:\/\/qghome.vn\/?post_type=product&#038;p=14281"},"modified":"2025-11-12T07:04:51","modified_gmt":"2025-11-12T07:04:51","slug":"ke-tivi-vach-ngan-phong-khach-vtvq17","status":"publish","type":"product","link":"https:\/\/luan.webrt.net\/qhome\/san-pham\/ke-tivi-vach-ngan-phong-khach-vtvq17\/","title":{"rendered":"K\u1ec7 tivi v\u00e1ch ng\u0103n ph\u00f2ng kh\u00e1ch VTVQ17"},"content":{"rendered":"<h1><span style=\"color: #333399;\">K\u1ec7 tivi v\u00e1ch ng\u0103n ph\u00f2ng kh\u00e1ch VTVQ17<\/span><\/h1>\n<p><span style=\"color: #000000;\">V\u00e1ch ng\u0103n ph\u00f2ng kh\u00e1ch k\u1ebft h\u1ee3p k\u1ec7 tivi \u0111ang tr\u1edf th\u00e0nh xu h\u01b0\u1edbng thi\u1ebft k\u1ebf n\u1ed9i th\u1ea5t \u0111\u01b0\u1ee3c nhi\u1ec1u gia \u0111\u00ecnh y\u00eau th\u00edch. Kh\u00f4ng ch\u1ec9 mang l\u1ea1i v\u1ebb \u0111\u1eb9p sang tr\u1ecdng, hi\u1ec7n \u0111\u1ea1i, m\u1eabu v\u00e1ch tivi c\u00f2n gi\u00fap t\u1ed1i \u01b0u kh\u00f4ng gian, t\u1ea1o \u0111i\u1ec3m nh\u1ea5n \u1ea5n t\u01b0\u1ee3ng cho ng\u00f4i nh\u00e0. H\u00e3y c\u00f9ng kh\u00e1m ph\u00e1 chi ti\u1ebft v\u1ec1 m\u1eabu v\u00e1ch ng\u0103n ph\u00f2ng kh\u00e1ch VTVQ17.<\/span><\/p>\n<table style=\"border-collapse: collapse; width: 100%; height: 264px;\">\n<tbody>\n<tr style=\"height: 21px;\">\n<td style=\"width: 15.8111%; height: 21px;\"><span style=\"color: #000000;\">K\u00edch th\u01b0\u1edbc<\/span><\/td>\n<td style=\"width: 84.1889%; height: 21px;\"><span style=\"color: #000000;\">D\u00e0i 2800mm x R\u1ed9ng 450mm x Cao 3200mm<\/span><\/td>\n<\/tr>\n<tr style=\"height: 136px;\">\n<td style=\"width: 15.8111%; height: 136px;\"><span style=\"color: #000000;\">Ch\u1ea5t li\u1ec7u<\/span><\/td>\n<td style=\"width: 84.1889%; height: 136px;\"><span style=\"color: #000000;\">S\u1ea3n ph\u1ea9m \u0111\u01b0\u1ee3c ch\u1ecdn l\u1ecdc v\u00e0 s\u1ea3n xu\u1ea5t t\u1eeb g\u1ed7 MDF ph\u1ee7 melamine cao c\u1ea5p, c\u00f3 nh\u1eefng \u01b0u \u0111i\u1ec3m v\u01b0\u1ee3t tr\u1ed9i nh\u01b0:<\/span><\/p>\n<ul>\n<li><span style=\"color: #000000;\">Ch\u1ed1ng th\u1ea5m m\u01b0\u1edbc, ch\u1ed1ng m\u1ed1i m\u1ecdt, d\u1ec5 v\u1ec7 sinh lau ch\u00f9i.<\/span><\/li>\n<li><span style=\"color: #000000;\">H\u1ea1n ch\u1ebf cong v\u00eanh, kh\u00f4ng b\u1ecb co ng\u00f3t.<\/span><\/li>\n<li><span style=\"color: #000000;\">An to\u00e0n khi s\u1eed d\u1ee5ng. Th\u00e2n thi\u1ec7n v\u1edbi m\u00f4i tr\u01b0\u1eddng.<\/span><\/li>\n<li><span style=\"color: #000000;\">M\u00e0u s\u1eafc \u0111a d\u1ea1ng, d\u1ec5 ph\u1ed1i m\u00e0u theo phong c\u00e1ch ri\u00eang.<\/span><\/li>\n<\/ul>\n<p><span style=\"color: #000000;\">\u1ed0p lam s\u00f3ng, \u1ed1p PVC v\u00e2n m\u00e2y t\u1ef1a \u0111\u00e1 marble.<\/span><\/td>\n<\/tr>\n<tr style=\"height: 21px;\">\n<td style=\"width: 15.8111%; height: 21px;\"><span style=\"color: #000000;\">M\u00e0u s\u1eafc<\/span><\/td>\n<td style=\"width: 84.1889%; height: 21px;\"><span style=\"color: #000000;\">M\u00e0u s\u1eafc trung t\u00ednh v\u1edbi tr\u1eafng \u0111\u1ee5c v\u00e0 be, \u1ed1p v\u00e2n m\u00e2y t\u1ea1o \u0111i\u1ec3m nh\u1ea5n.<\/span><\/td>\n<\/tr>\n<tr style=\"height: 86px;\">\n<td style=\"width: 15.8111%; height: 86px;\"><span style=\"color: #000000;\">D\u1ecbch v\u1ee5 h\u1ed7 tr\u1ee3<\/span><\/td>\n<td style=\"width: 84.1889%; height: 86px;\"><span style=\"color: #000000;\">Li\u00ean h\u1ec7 h\u1ed7 tr\u1ee3 t\u01b0 v\u1ea5n b\u00e1o gi\u00e1, \u0111i\u1ec1u ch\u1ec9nh k\u00edch th\u01b0\u1edbc, m\u00e0u s\u1eafc, l\u00ean b\u1ea3n v\u1ebd 2D\/3D.<\/span><\/p>\n<p><span style=\"color: #000000;\">B\u1ea3o h\u00e0nh 12 th\u00e1ng theo ti\u00eau chu\u1ea9n nh\u00e0 m\u00e1y.<\/span><\/td>\n<\/tr>\n<\/tbody>\n<\/table>\n<p>&nbsp;<\/p>\n<figure id=\"attachment_14286\" aria-describedby=\"caption-attachment-14286\" style=\"width: 972px\" class=\"wp-caption alignnone\"><img loading=\"lazy\" decoding=\"async\" class=\"size-full wp-image-14286\" src=\"http:\/\/qghome.vn\/wp-content\/uploads\/2025\/03\/ke-tivi-vach-ngan-phong-khach-17.jpg\" alt=\"K\u1ec7 tivi v\u00e1ch ng\u0103n ph\u00f2ng kh\u00e1ch hi\u1ec7n \u0111\u1ea1i v\u1edbi thi\u1ebft k\u1ebf g\u1ed7 c\u00f4ng nghi\u1ec7p k\u1ebft h\u1ee3p \u1ed1p pvc v\u00e2n m\u00e2y, t\u00edch h\u1ee3p \u0111\u00e8n LED t\u1ea1o \u0111i\u1ec3m nh\u1ea5n sang tr\u1ecdng cho kh\u00f4ng gian s\u1ed1ng\" width=\"972\" height=\"972\" srcset=\"https:\/\/luan.webrt.net\/qhome\/wp-content\/uploads\/2025\/03\/ke-tivi-vach-ngan-phong-khach-17.jpg 972w, https:\/\/luan.webrt.net\/qhome\/wp-content\/uploads\/2025\/03\/ke-tivi-vach-ngan-phong-khach-17-100x100.jpg 100w, https:\/\/luan.webrt.net\/qhome\/wp-content\/uploads\/2025\/03\/ke-tivi-vach-ngan-phong-khach-17-510x510.jpg 510w, https:\/\/luan.webrt.net\/qhome\/wp-content\/uploads\/2025\/03\/ke-tivi-vach-ngan-phong-khach-17-400x400.jpg 400w, https:\/\/luan.webrt.net\/qhome\/wp-content\/uploads\/2025\/03\/ke-tivi-vach-ngan-phong-khach-17-800x800.jpg 800w, https:\/\/luan.webrt.net\/qhome\/wp-content\/uploads\/2025\/03\/ke-tivi-vach-ngan-phong-khach-17-280x280.jpg 280w, https:\/\/luan.webrt.net\/qhome\/wp-content\/uploads\/2025\/03\/ke-tivi-vach-ngan-phong-khach-17-768x768.jpg 768w\" sizes=\"auto, (max-width: 972px) 100vw, 972px\" \/><figcaption id=\"caption-attachment-14286\" class=\"wp-caption-text\">K\u1ec7 tivi v\u00e1ch ng\u0103n ph\u00f2ng kh\u00e1ch hi\u1ec7n \u0111\u1ea1i v\u1edbi thi\u1ebft k\u1ebf g\u1ed7 c\u00f4ng nghi\u1ec7p k\u1ebft h\u1ee3p \u1ed1p pvc v\u00e2n m\u00e2y, t\u00edch h\u1ee3p \u0111\u00e8n LED t\u1ea1o \u0111i\u1ec3m nh\u1ea5n sang tr\u1ecdng cho kh\u00f4ng gian s\u1ed1ng<\/figcaption><\/figure>\n<h2 style=\"text-align: center;\"><span style=\"color: #000000;\">K\u1ec7 Tivi Ki\u00eam V\u00e1ch Ng\u0103n Ph\u00f2ng Kh\u00e1ch \u2013 S\u1ef1 K\u1ebft H\u1ee3p Ho\u00e0n H\u1ea3o Gi\u1eefa Th\u1ea9m M\u1ef9 V\u00e0 C\u00f4ng N\u0103ng<\/span><\/h2>\n<h3><span style=\"color: #000000;\">Thi\u1ebft k\u1ebf \u0111\u1eb3ng c\u1ea5p &#8211; N\u00e2ng t\u1ea7m kh\u00f4ng gian s\u1ed1ng<\/span><\/h3>\n<p><span style=\"color: #000000;\">M\u1eabu k\u1ec7 tivi v\u00e1ch ng\u0103n ph\u00f2ng kh\u00e1ch VTVQ17 s\u1edf h\u1eefu thi\u1ebft k\u1ebf hi\u1ec7n \u0111\u1ea1i, sang tr\u1ecdng. K\u1ebft h\u1ee3p gi\u1eefa ch\u1ea5t li\u1ec7u g\u1ed7 c\u00f4ng nghi\u1ec7p cao c\u1ea5p v\u00e0 \u1ed1p lam s\u00f3ng b\u1ec1n b\u1ec9. <\/span><\/p>\n<p data-pm-slice=\"1 1 []\"><span style=\"color: #000000;\">B\u1ec1 m\u1eb7t \u1ed1p pvc v\u00e2n m\u00e2y mang \u0111\u1ebfn v\u1ebb \u0111\u1eb9p tinh t\u1ebf, t\u1ea1o chi\u1ec1u s\u00e2u cho kh\u00f4ng gian. C\u00e1c \u0111\u01b0\u1eddng n\u00e9t thi\u1ebft k\u1ebf \u0111\u01b0\u1ee3c ch\u0103m ch\u00fat t\u1ec9 m\u1ec9, ch\u00e2n th\u1eadt v\u1edbi \u0111\u1ed9 ho\u00e0n thi\u1ec7n cao. T\u1ea1o s\u1ef1 h\u00e0i h\u00f2a gi\u1eefa phong c\u00e1ch t\u1ed1i gi\u1ea3n v\u00e0 sang tr\u1ecdng.<\/span><\/p>\n<p><span style=\"color: #000000;\">H\u1ec7 th\u1ed1ng k\u1ec7 \u0111\u01b0\u1ee3c thi\u1ebft k\u1ebf theo phong c\u00e1ch m\u1edf v\u1edbi c\u00e1c ng\u0103n ch\u1ee9a \u0111\u1ed3 v\u00e0 k\u1ec7 tr\u01b0ng b\u00e0y \u0111\u00e8n LED gi\u00fap t\u0103ng t\u00ednh th\u1ea9m m\u1ef9, \u0111\u1ed3ng th\u1eddi cung c\u1ea5p \u00e1nh s\u00e1ng d\u1ecbu nh\u1eb9 cho ph\u00f2ng kh\u00e1ch. S\u1eed d\u1ee5ng \u1ed1p lam s\u00f3ng v\u1edbi \u0111\u01b0\u1eddng s\u00f3ng d\u1ecdc t\u1ea1o \u0111i\u1ec3m nh\u1ea5n \u0111\u1ed9c \u0111\u00e1o, gi\u00fap kh\u00f4ng gian tr\u1edf n\u00ean \u1ea5m \u00e1p v\u00e0 g\u1ea7n g\u0169i h\u01a1n.<\/span><\/p>\n<p data-pm-slice=\"1 1 []\"><span style=\"color: #000000;\">T\u00f4ng m\u00e0u ch\u1ee7 \u0111\u1ea1o c\u1ee7a k\u1ec7 tivi v\u00e1ch ng\u0103n ph\u00f2ng kh\u00e1ch VTVQ17 l\u00e0 tr\u1eafng v\u00e0 m\u00e0u g\u1ed7 s\u00e1ng. Ph\u00f9 h\u1ee3p v\u1edbi nhi\u1ec1u phong c\u00e1ch n\u1ed9i th\u1ea5t hi\u1ec7n \u0111\u1ea1i. S\u1ef1 ph\u1ed1i h\u1ee3p ho\u00e0n h\u1ea3o gi\u1eefa c\u00e1c m\u00e0u trung t\u00ednh gi\u00fap kh\u00f4ng gian ph\u00f2ng kh\u00e1ch tr\u1edf n\u00ean r\u1ed9ng r\u00e3i, tho\u00e1ng \u0111\u00e3ng v\u00e0 thanh l\u1ecbch h\u01a1n.<\/span><\/p>\n<h3><span style=\"color: #000000;\">C\u00f4ng n\u0103ng \u0111a d\u1ea1ng &#8211; T\u1ed1i \u01b0u di\u1ec7n t\u00edch<\/span><\/h3>\n<p><span style=\"color: #000000;\">Kh\u00f4ng ch\u1ec9 l\u00e0 n\u01a1i \u0111\u1eb7t tivi, s\u1ea3n ph\u1ea9m n\u00e0y c\u00f2n \u0111\u00f3ng vai tr\u00f2 nh\u01b0 m\u1ed9t v\u00e1ch ng\u0103n gi\u00fap ph\u00e2n t\u00e1ch kh\u00f4ng gian ph\u00f2ng kh\u00e1ch v\u00e0 c\u00e1c khu v\u1ef1c kh\u00e1c. H\u1ec7 th\u1ed1ng k\u1ec7 tr\u01b0ng b\u00e0y \u0111\u01b0\u1ee3c b\u1ed1 tr\u00ed h\u1ee3p l\u00fd, gi\u00fap b\u1ea1n c\u00f3 th\u1ec3 trang tr\u00ed c\u00e1c v\u1eadt ph\u1ea9m y\u00eau th\u00edch nh\u01b0 s\u00e1ch, l\u1ecd hoa, tranh \u1ea3nh, t\u1ea1o \u0111i\u1ec3m nh\u1ea5n ngh\u1ec7 thu\u1eadt.<\/span><\/p>\n<h3><span style=\"color: #000000;\">Ch\u1ea5t li\u1ec7u cao c\u1ea5p &#8211; B\u1ec1n \u0111\u1eb9p theo th\u1eddi gian<\/span><\/h3>\n<p><span style=\"color: #000000;\">M\u1eabu v\u00e1ch tivi ph\u00f2ng kh\u00e1ch n\u00e0y s\u1eed d\u1ee5ng ch\u1ea5t li\u1ec7u g\u1ed7 MDF ph\u1ee7 melamine ch\u1ed1ng \u1ea9m, k\u1ebft h\u1ee3p v\u1edbi \u1ed1p pvc v\u00e2n m\u00e2y cao c\u1ea5p. \u0110i\u1ec1u n\u00e0y kh\u00f4ng ch\u1ec9 mang l\u1ea1i v\u1ebb \u0111\u1eb9p t\u1ef1 nhi\u00ean m\u00e0 c\u00f2n \u0111\u1ea3m b\u1ea3o \u0111\u1ed9 b\u1ec1n, kh\u1ea3 n\u0103ng ch\u1ed1ng \u1ea9m m\u1ed1c, ch\u1ed1ng tr\u1ea7y x\u01b0\u1edbc hi\u1ec7u qu\u1ea3.<\/span><\/p>\n<h3><span style=\"color: #000000;\">T\u00edch h\u1ee3p h\u1ec7 th\u1ed1ng \u0111\u00e8n LED &#8211; T\u0103ng h\u1ec7 th\u1ed1ng th\u1ea9m m\u1ef9<\/span><\/h3>\n<p><span style=\"color: #000000;\">M\u1ed9t \u0111i\u1ec3m \u0111\u1eb7c bi\u1ec7t c\u1ee7a s\u1ea3n ph\u1ea9m ch\u00ednh l\u00e0 h\u1ec7 th\u1ed1ng \u0111\u00e8n LED \u00e2m t\u01b0\u1eddng \u0111\u01b0\u1ee3c t\u00edch h\u1ee3p v\u00e0o c\u00e1c k\u1ec7 tr\u01b0ng b\u00e0y. \u00c1nh s\u00e1ng v\u00e0ng \u1ea5m \u00e1p gi\u00fap kh\u00f4ng gian tr\u1edf n\u00ean lung linh, sang tr\u1ecdng, t\u1ea1o c\u1ea3m gi\u00e1c \u1ea5m c\u00fang cho gia \u0111\u00ecnh.<\/span><\/p>\n<h3><span style=\"color: #000000;\">Thi\u1ebft k\u1ebf linh ho\u1ea1t &#8211; D\u1ec5 d\u00e0ng t\u00f9y bi\u1ebfn theo nhu c\u1ea7u<\/span><\/h3>\n<p><span style=\"color: #000000;\">B\u1ea1n c\u00f3 th\u1ec3 d\u1ec5 d\u00e0ng \u0111i\u1ec1u ch\u1ec9nh c\u00e1ch b\u1ed1 tr\u00ed k\u1ec7 tivi v\u00e1ch ng\u0103n ph\u00f2ng kh\u00e1ch sao cho ph\u00f9 h\u1ee3p v\u1edbi kh\u00f4ng gian n\u1ed9i th\u1ea5t c\u1ee7a m\u00ecnh. T\u1eeb ki\u1ec3u d\u00e1ng treo t\u01b0\u1eddng \u0111\u1ebfn ki\u1ec3u k\u1ec7 k\u1ebft h\u1ee3p t\u1ee7 tr\u01b0ng b\u00e0y, m\u1ed7i thi\u1ebft k\u1ebf \u0111\u1ec1u mang \u0111\u1ebfn s\u1ef1 ti\u1ec7n l\u1ee3i v\u00e0 t\u00ednh th\u1ea9m m\u1ef9 cao.<\/span><\/p>\n<h3><span style=\"color: #000000;\">V\u00ec Sao N\u00ean Ch\u1ecdn K\u1ec7 Tivi V\u00e1ch Ng\u0103n Ph\u00f2ng Kh\u00e1ch Cho Gia \u0110\u00ecnh B\u1ea1n?<\/span><\/h3>\n<ul data-spread=\"false\">\n<li><span style=\"color: #000000;\">T\u1ea1o \u0111i\u1ec3m nh\u1ea5n \u1ea5n t\u01b0\u1ee3ng thi\u1ebft k\u1ebf tinh t\u1ebf, sang tr\u1ecdng. Gi\u00fap kh\u00f4ng gian ph\u00f2ng kh\u00e1ch tr\u1edf n\u00ean n\u1ed5i b\u1eadt.<\/span><\/li>\n<li><span style=\"color: #000000;\">T\u1ed1i \u01b0u h\u00f3a kh\u00f4ng gian gi\u00fap ph\u00e2n chia kh\u00f4ng gian m\u1ed9t c\u00e1ch khoa h\u1ecdc m\u00e0 kh\u00f4ng l\u00e0m m\u1ea5t \u0111i s\u1ef1 th\u00f4ng tho\u00e1ng.<\/span><\/li>\n<li><span style=\"color: #000000;\">\u0110a d\u1ea1ng phong c\u00e1ch ph\u00f9 h\u1ee3p v\u1edbi nhi\u1ec1u phong c\u00e1ch n\u1ed9i th\u1ea5t t\u1eeb hi\u1ec7n \u0111\u1ea1i \u0111\u1ebfn t\u1ed1i gi\u1ea3n.<\/span><\/li>\n<li><span style=\"color: #000000;\">Ti\u1ebft ki\u1ec7m chi ph\u00ed so v\u1edbi c\u00e1c lo\u1ea1i v\u00e1ch ng\u0103n truy\u1ec1n th\u1ed1ng. K\u1ec7 tivi v\u00e1ch ng\u0103n ph\u00f2ng kh\u00e1ch l\u00e0 l\u1ef1a ch\u1ecdn kinh t\u1ebf h\u01a1n v\u1edbi nhi\u1ec1u t\u00ednh n\u0103ng v\u01b0\u1ee3t tr\u1ed9i.<\/span><\/li>\n<\/ul>\n<h3><span style=\"color: #000000;\">C\u00e1ch B\u1ed1 Tr\u00ed K\u1ec7 Tivi V\u00e1ch Ng\u0103n Ph\u00f2ng Kh\u00e1ch \u0110\u1eb9p V\u00e0 H\u1ee3p Phong Th\u1ee7y<\/span><\/h3>\n<h4><span style=\"color: #000000;\">Ch\u1ecdn v\u1ecb tr\u00ed \u0111\u1eb7t k\u1ec7 h\u1ee3p l\u00fd<\/span><\/h4>\n<p><span style=\"color: #000000;\">N\u00ean \u0111\u1eb7t k\u1ec7 tivi v\u00e1ch ng\u0103n ph\u00f2ng kh\u00e1ch \u1edf v\u1ecb tr\u00ed trung t\u00e2m \u0111\u1ec3 t\u1ea1o s\u1ef1 c\u00e2n \u0111\u1ed1i cho kh\u00f4ng gian. Tr\u00e1nh \u0111\u1eb7t \u0111\u1ed1i di\u1ec7n c\u1eeda ch\u00ednh ho\u1eb7c g\u1ea7n c\u1eeda s\u1ed5 \u0111\u1ec3 kh\u00f4ng b\u1ecb ch\u00f3i s\u00e1ng khi xem tivi.<\/span><\/p>\n<h4><span style=\"color: #000000;\">K\u1ebft h\u1ee3p v\u1edbi n\u1ed9i th\u1ea5t \u0111\u1ed3ng b\u1ed9<\/span><\/h4>\n<p><span style=\"color: #000000;\">H\u00e3y l\u1ef1a ch\u1ecdn c\u00e1c m\u00f3n n\u1ed9i th\u1ea5t c\u00f3 m\u00e0u s\u1eafc v\u00e0 phong c\u00e1ch t\u01b0\u01a1ng \u0111\u1ed3ng \u0111\u1ec3 t\u1ea1o s\u1ef1 h\u00e0i h\u00f2a. M\u1ed9t b\u1ed9 sofa t\u1ed1i gi\u1ea3n, b\u00e0n tr\u00e0 hi\u1ec7n \u0111\u1ea1i s\u1ebd gi\u00fap ph\u00f2ng kh\u00e1ch tr\u1edf n\u00ean \u0111\u1ed3ng nh\u1ea5t v\u00e0 sang tr\u1ecdng h\u01a1n.<\/span><\/p>\n<h4><span style=\"color: #000000;\">Trang tr\u00ed tinh t\u1ebf v\u1edbi ph\u1ee5 ki\u1ec7n<\/span><\/h4>\n<p><span style=\"color: #000000;\">B\u1ea1n c\u00f3 th\u1ec3 trang tr\u00ed th\u00eam m\u1ed9t v\u00e0i m\u00f3n ph\u1ee5 ki\u1ec7n nh\u01b0 c\u00e2y xanh, \u0111\u00e8n trang tr\u00ed, tranh treo t\u01b0\u1eddng \u0111\u1ec3 t\u1ea1o s\u1ef1 sinh \u0111\u1ed9ng. \u0110\u1eb7c bi\u1ec7t, c\u00e1c v\u1eadt ph\u1ea9m phong th\u1ee7y nh\u01b0 t\u01b0\u1ee3ng, \u0111\u00e1 phong th\u1ee7y c\u00f3 th\u1ec3 mang l\u1ea1i t\u00e0i l\u1ed9c v\u00e0 may m\u1eafn cho gia \u0111\u00ecnh.<\/span><\/p>\n<h3><span style=\"color: #000000;\">\u0110\u1ecba Ch\u1ec9 Cung C\u1ea5p V\u00e1ch Tivi Ph\u00f2ng Kh\u00e1ch Uy T\u00edn<\/span><\/h3>\n<p><span style=\"color: #000000;\">N\u1ebfu b\u1ea1n \u0111ang t\u00ecm ki\u1ebfm m\u1ed9t m\u1eabu<span style=\"color: #0000ff;\"><a style=\"color: #0000ff;\" href=\"https:\/\/qghome.vn\/noi-that-chung-cu\/noi-that-phong-khach\/vach-tivi-phong-khach\/\"> v\u00e1ch ng\u0103n ph\u00f2ng kh\u00e1ch<\/a><\/span> \u0111\u1eb9p, ch\u1ea5t l\u01b0\u1ee3ng, h\u00e3y li\u00ean h\u1ec7 ngay v\u1edbi ch\u00fang t\u00f4i. V\u1edbi nhi\u1ec1u n\u0103m kinh nghi\u1ec7m trong l\u0129nh v\u1ef1c n\u1ed9i th\u1ea5t. Ch\u00fang t\u00f4i cam k\u1ebft mang \u0111\u1ebfn nh\u1eefng s\u1ea3n ph\u1ea9m t\u1ed1t nh\u1ea5t v\u1edbi m\u1ee9c gi\u00e1 c\u1ea1nh tranh.<\/span><\/p>\n<ul data-spread=\"false\">\n<li><span style=\"color: #000000;\"><strong>Cam k\u1ebft ch\u1ea5t l\u01b0\u1ee3ng<\/strong>: S\u1ea3n ph\u1ea9m \u0111\u1ea1t ti\u00eau chu\u1ea9n, ch\u1ea5t li\u1ec7u b\u1ec1n \u0111\u1eb9p.<\/span><\/li>\n<li><span style=\"color: #000000;\"><strong>Thi\u1ebft k\u1ebf \u0111a d\u1ea1ng<\/strong>: Ph\u00f9 h\u1ee3p v\u1edbi m\u1ecdi kh\u00f4ng gian, phong c\u00e1ch n\u1ed9i th\u1ea5t.<\/span><\/li>\n<li><span style=\"color: #000000;\"><strong>Gi\u00e1 th\u00e0nh h\u1ee3p l\u00fd<\/strong>: Nhi\u1ec1u ph\u00e2n kh\u00fac gi\u00e1, \u0111\u00e1p \u1ee9ng nhu c\u1ea7u c\u1ee7a m\u1ecdi kh\u00e1ch h\u00e0ng.<\/span><\/li>\n<li><span style=\"color: #000000;\"><strong>H\u1ed7 tr\u1ee3 l\u1eafp \u0111\u1eb7t t\u1eadn n\u01a1i<\/strong>: D\u1ecbch v\u1ee5 t\u1eadn t\u00ecnh, chuy\u00ean nghi\u1ec7p.<\/span><\/li>\n<\/ul>\n<div><span style=\"color: #000000;\">Li\u00ean h\u1ec7 ngay \u0111\u1ec3 \u0111\u01b0\u1ee3c t\u01b0 v\u1ea5n mi\u1ec5n ph\u00ed v\u00e0 nh\u1eadn b\u00e1o gi\u00e1 \u01b0u \u0111\u00e3i nh\u1ea5t!<\/span><\/div>\n<div class=\"host-bincmiainjofjnhchmcalkanjebghoen\" style=\"position: relative; z-index: 2147483647;\"><\/div>\n","protected":false},"excerpt":{"rendered":"<p>&nbsp;<\/p>\n<div class=\"host-bincmiainjofjnhchmcalkanjebghoen\" style=\"position: relative; z-index: 2147483647;\"><\/div>\n","protected":false},"featured_media":14283,"comment_status":"open","ping_status":"closed","template":"","meta":[],"product_cat":[682,732,119],"product_tag":[],"class_list":["post-14281","product","type-product","status-publish","has-post-thumbnail","hentry","product_cat-noi-that-phong-khach","product_cat-vach-tivi-phong-khach","product_cat-san-pham"],"yoast_head":"<!-- This site is optimized with the Yoast SEO plugin v19.9 - https:\/\/yoast.com\/wordpress\/plugins\/seo\/ -->\n<title>K\u1ec7 tivi v\u00e1ch ng\u0103n ph\u00f2ng kh\u00e1ch VTVQ17<\/title>\n<meta name=\"description\" content=\"K\u1ec7 tivi v\u00e1ch ng\u0103n ph\u00f2ng kh\u00e1ch sang tr\u1ecdng, hi\u1ec7n \u0111\u1ea1i v\u1edbi thi\u1ebft k\u1ebf g\u1ed7 k\u1ebft h\u1ee3p \u0111\u00e1 v\u00e2n m\u00e2y. T\u1ed1i \u01b0u kh\u00f4ng gian, t\u1ea1o \u0111i\u1ec3m nh\u1ea5n tinh t\u1ebf cho ph\u00f2ng kh\u00e1ch. Xem ngay!\" \/>\n<meta name=\"robots\" content=\"index, follow, max-snippet:-1, max-image-preview:large, max-video-preview:-1\" \/>\n<link rel=\"canonical\" href=\"https:\/\/luan.webrt.net\/qhome\/san-pham\/ke-tivi-vach-ngan-phong-khach-vtvq17\/\" \/>\n<meta property=\"og:locale\" content=\"vi_VN\" \/>\n<meta property=\"og:type\" content=\"article\" \/>\n<meta property=\"og:title\" content=\"K\u1ec7 tivi v\u00e1ch ng\u0103n ph\u00f2ng kh\u00e1ch VTVQ17\" \/>\n<meta property=\"og:description\" content=\"K\u1ec7 tivi v\u00e1ch ng\u0103n ph\u00f2ng kh\u00e1ch sang tr\u1ecdng, hi\u1ec7n \u0111\u1ea1i v\u1edbi thi\u1ebft k\u1ebf g\u1ed7 k\u1ebft h\u1ee3p \u0111\u00e1 v\u00e2n m\u00e2y. T\u1ed1i \u01b0u kh\u00f4ng gian, t\u1ea1o \u0111i\u1ec3m nh\u1ea5n tinh t\u1ebf cho ph\u00f2ng kh\u00e1ch. Xem ngay!\" \/>\n<meta property=\"og:url\" content=\"https:\/\/luan.webrt.net\/qhome\/san-pham\/ke-tivi-vach-ngan-phong-khach-vtvq17\/\" \/>\n<meta property=\"og:site_name\" content=\"M\u1eabu web n\u1ed9i th\u1ea5t\" \/>\n<meta property=\"article:publisher\" content=\"https:\/\/www.facebook.com\/noithatqghome\" \/>\n<meta property=\"article:modified_time\" content=\"2025-11-12T07:04:51+00:00\" \/>\n<meta property=\"og:image\" content=\"https:\/\/luan.webrt.net\/qhome\/wp-content\/uploads\/2025\/03\/ke-tivi-vach-ngan-phong-khach-18.webp\" \/>\n\t<meta property=\"og:image:width\" content=\"1024\" \/>\n\t<meta property=\"og:image:height\" content=\"1024\" \/>\n\t<meta property=\"og:image:type\" content=\"image\/webp\" \/>\n<meta name=\"twitter:card\" content=\"summary_large_image\" \/>\n<meta name=\"twitter:label1\" content=\"\u01af\u1edbc t\u00ednh th\u1eddi gian \u0111\u1ecdc\" \/>\n\t<meta name=\"twitter:data1\" content=\"7 ph\u00fat\" \/>\n<script type=\"application\/ld+json\" class=\"yoast-schema-graph\">{\"@context\":\"https:\/\/schema.org\",\"@graph\":[{\"@type\":\"WebPage\",\"@id\":\"https:\/\/luan.webrt.net\/qhome\/san-pham\/ke-tivi-vach-ngan-phong-khach-vtvq17\/\",\"url\":\"https:\/\/luan.webrt.net\/qhome\/san-pham\/ke-tivi-vach-ngan-phong-khach-vtvq17\/\",\"name\":\"K\u1ec7 tivi v\u00e1ch ng\u0103n ph\u00f2ng kh\u00e1ch VTVQ17\",\"isPartOf\":{\"@id\":\"https:\/\/luan.webrt.net\/qhome\/#website\"},\"datePublished\":\"2025-03-13T14:01:44+00:00\",\"dateModified\":\"2025-11-12T07:04:51+00:00\",\"description\":\"K\u1ec7 tivi v\u00e1ch ng\u0103n ph\u00f2ng kh\u00e1ch sang tr\u1ecdng, hi\u1ec7n \u0111\u1ea1i v\u1edbi thi\u1ebft k\u1ebf g\u1ed7 k\u1ebft h\u1ee3p \u0111\u00e1 v\u00e2n m\u00e2y. T\u1ed1i \u01b0u kh\u00f4ng gian, t\u1ea1o \u0111i\u1ec3m nh\u1ea5n tinh t\u1ebf cho ph\u00f2ng kh\u00e1ch. Xem ngay!\",\"breadcrumb\":{\"@id\":\"https:\/\/luan.webrt.net\/qhome\/san-pham\/ke-tivi-vach-ngan-phong-khach-vtvq17\/#breadcrumb\"},\"inLanguage\":\"vi\",\"potentialAction\":[{\"@type\":\"ReadAction\",\"target\":[\"https:\/\/luan.webrt.net\/qhome\/san-pham\/ke-tivi-vach-ngan-phong-khach-vtvq17\/\"]}]},{\"@type\":\"BreadcrumbList\",\"@id\":\"https:\/\/luan.webrt.net\/qhome\/san-pham\/ke-tivi-vach-ngan-phong-khach-vtvq17\/#breadcrumb\",\"itemListElement\":[{\"@type\":\"ListItem\",\"position\":1,\"name\":\"Trang ch\u1ee7\",\"item\":\"https:\/\/luan.webrt.net\/qhome\/\"},{\"@type\":\"ListItem\",\"position\":2,\"name\":\"Shop\",\"item\":\"https:\/\/luan.webrt.net\/qhome\/shop\/\"},{\"@type\":\"ListItem\",\"position\":3,\"name\":\"K\u1ec7 tivi v\u00e1ch ng\u0103n ph\u00f2ng kh\u00e1ch VTVQ17\"}]},{\"@type\":\"WebSite\",\"@id\":\"https:\/\/luan.webrt.net\/qhome\/#website\",\"url\":\"https:\/\/luan.webrt.net\/qhome\/\",\"name\":\"M\u1eabu web n\u1ed9i th\u1ea5t\",\"description\":\"QGHome Vi\u1ec7t Nam\",\"publisher\":{\"@id\":\"https:\/\/luan.webrt.net\/qhome\/#organization\"},\"potentialAction\":[{\"@type\":\"SearchAction\",\"target\":{\"@type\":\"EntryPoint\",\"urlTemplate\":\"https:\/\/luan.webrt.net\/qhome\/?s={search_term_string}\"},\"query-input\":\"required name=search_term_string\"}],\"inLanguage\":\"vi\"},{\"@type\":\"Organization\",\"@id\":\"https:\/\/luan.webrt.net\/qhome\/#organization\",\"name\":\"QGHome\",\"url\":\"https:\/\/luan.webrt.net\/qhome\/\",\"logo\":{\"@type\":\"ImageObject\",\"inLanguage\":\"vi\",\"@id\":\"https:\/\/luan.webrt.net\/qhome\/#\/schema\/logo\/image\/\",\"url\":\"https:\/\/qghome.vn\/wp-content\/uploads\/2025\/08\/logo-mau-MauTH-21.png\",\"contentUrl\":\"https:\/\/qghome.vn\/wp-content\/uploads\/2025\/08\/logo-mau-MauTH-21.png\",\"width\":253,\"height\":99,\"caption\":\"QGHome\"},\"image\":{\"@id\":\"https:\/\/luan.webrt.net\/qhome\/#\/schema\/logo\/image\/\"},\"sameAs\":[\"https:\/\/www.tiktok.com\/@qghome.official\",\"https:\/\/www.youtube.com\/channel\/UCeVBuKTXkv-u94DS421cklw\",\"https:\/\/www.facebook.com\/noithatqghome\"]}]}<\/script>\n<!-- \/ Yoast SEO plugin. -->","yoast_head_json":{"title":"K\u1ec7 tivi v\u00e1ch ng\u0103n ph\u00f2ng kh\u00e1ch VTVQ17","description":"K\u1ec7 tivi v\u00e1ch ng\u0103n ph\u00f2ng kh\u00e1ch sang tr\u1ecdng, hi\u1ec7n \u0111\u1ea1i v\u1edbi thi\u1ebft k\u1ebf g\u1ed7 k\u1ebft h\u1ee3p \u0111\u00e1 v\u00e2n m\u00e2y. T\u1ed1i \u01b0u kh\u00f4ng gian, t\u1ea1o \u0111i\u1ec3m nh\u1ea5n tinh t\u1ebf cho ph\u00f2ng kh\u00e1ch. Xem ngay!","robots":{"index":"index","follow":"follow","max-snippet":"max-snippet:-1","max-image-preview":"max-image-preview:large","max-video-preview":"max-video-preview:-1"},"canonical":"https:\/\/luan.webrt.net\/qhome\/san-pham\/ke-tivi-vach-ngan-phong-khach-vtvq17\/","og_locale":"vi_VN","og_type":"article","og_title":"K\u1ec7 tivi v\u00e1ch ng\u0103n ph\u00f2ng kh\u00e1ch VTVQ17","og_description":"K\u1ec7 tivi v\u00e1ch ng\u0103n ph\u00f2ng kh\u00e1ch sang tr\u1ecdng, hi\u1ec7n \u0111\u1ea1i v\u1edbi thi\u1ebft k\u1ebf g\u1ed7 k\u1ebft h\u1ee3p \u0111\u00e1 v\u00e2n m\u00e2y. T\u1ed1i \u01b0u kh\u00f4ng gian, t\u1ea1o \u0111i\u1ec3m nh\u1ea5n tinh t\u1ebf cho ph\u00f2ng kh\u00e1ch. Xem ngay!","og_url":"https:\/\/luan.webrt.net\/qhome\/san-pham\/ke-tivi-vach-ngan-phong-khach-vtvq17\/","og_site_name":"M\u1eabu web n\u1ed9i th\u1ea5t","article_publisher":"https:\/\/www.facebook.com\/noithatqghome","article_modified_time":"2025-11-12T07:04:51+00:00","og_image":[{"width":1024,"height":1024,"url":"https:\/\/luan.webrt.net\/qhome\/wp-content\/uploads\/2025\/03\/ke-tivi-vach-ngan-phong-khach-18.webp","type":"image\/webp"}],"twitter_card":"summary_large_image","twitter_misc":{"\u01af\u1edbc t\u00ednh th\u1eddi gian \u0111\u1ecdc":"7 ph\u00fat"},"schema":{"@context":"https:\/\/schema.org","@graph":[{"@type":"WebPage","@id":"https:\/\/luan.webrt.net\/qhome\/san-pham\/ke-tivi-vach-ngan-phong-khach-vtvq17\/","url":"https:\/\/luan.webrt.net\/qhome\/san-pham\/ke-tivi-vach-ngan-phong-khach-vtvq17\/","name":"K\u1ec7 tivi v\u00e1ch ng\u0103n ph\u00f2ng kh\u00e1ch VTVQ17","isPartOf":{"@id":"https:\/\/luan.webrt.net\/qhome\/#website"},"datePublished":"2025-03-13T14:01:44+00:00","dateModified":"2025-11-12T07:04:51+00:00","description":"K\u1ec7 tivi v\u00e1ch ng\u0103n ph\u00f2ng kh\u00e1ch sang tr\u1ecdng, hi\u1ec7n \u0111\u1ea1i v\u1edbi thi\u1ebft k\u1ebf g\u1ed7 k\u1ebft h\u1ee3p \u0111\u00e1 v\u00e2n m\u00e2y. T\u1ed1i \u01b0u kh\u00f4ng gian, t\u1ea1o \u0111i\u1ec3m nh\u1ea5n tinh t\u1ebf cho ph\u00f2ng kh\u00e1ch. Xem ngay!","breadcrumb":{"@id":"https:\/\/luan.webrt.net\/qhome\/san-pham\/ke-tivi-vach-ngan-phong-khach-vtvq17\/#breadcrumb"},"inLanguage":"vi","potentialAction":[{"@type":"ReadAction","target":["https:\/\/luan.webrt.net\/qhome\/san-pham\/ke-tivi-vach-ngan-phong-khach-vtvq17\/"]}]},{"@type":"BreadcrumbList","@id":"https:\/\/luan.webrt.net\/qhome\/san-pham\/ke-tivi-vach-ngan-phong-khach-vtvq17\/#breadcrumb","itemListElement":[{"@type":"ListItem","position":1,"name":"Trang ch\u1ee7","item":"https:\/\/luan.webrt.net\/qhome\/"},{"@type":"ListItem","position":2,"name":"Shop","item":"https:\/\/luan.webrt.net\/qhome\/shop\/"},{"@type":"ListItem","position":3,"name":"K\u1ec7 tivi v\u00e1ch ng\u0103n ph\u00f2ng kh\u00e1ch VTVQ17"}]},{"@type":"WebSite","@id":"https:\/\/luan.webrt.net\/qhome\/#website","url":"https:\/\/luan.webrt.net\/qhome\/","name":"M\u1eabu web n\u1ed9i th\u1ea5t","description":"QGHome Vi\u1ec7t Nam","publisher":{"@id":"https:\/\/luan.webrt.net\/qhome\/#organization"},"potentialAction":[{"@type":"SearchAction","target":{"@type":"EntryPoint","urlTemplate":"https:\/\/luan.webrt.net\/qhome\/?s={search_term_string}"},"query-input":"required name=search_term_string"}],"inLanguage":"vi"},{"@type":"Organization","@id":"https:\/\/luan.webrt.net\/qhome\/#organization","name":"QGHome","url":"https:\/\/luan.webrt.net\/qhome\/","logo":{"@type":"ImageObject","inLanguage":"vi","@id":"https:\/\/luan.webrt.net\/qhome\/#\/schema\/logo\/image\/","url":"https:\/\/qghome.vn\/wp-content\/uploads\/2025\/08\/logo-mau-MauTH-21.png","contentUrl":"https:\/\/qghome.vn\/wp-content\/uploads\/2025\/08\/logo-mau-MauTH-21.png","width":253,"height":99,"caption":"QGHome"},"image":{"@id":"https:\/\/luan.webrt.net\/qhome\/#\/schema\/logo\/image\/"},"sameAs":["https:\/\/www.tiktok.com\/@qghome.official","https:\/\/www.youtube.com\/channel\/UCeVBuKTXkv-u94DS421cklw","https:\/\/www.facebook.com\/noithatqghome"]}]}},"_links":{"self":[{"href":"https:\/\/luan.webrt.net\/qhome\/wp-json\/wp\/v2\/product\/14281","targetHints":{"allow":["GET"]}}],"collection":[{"href":"https:\/\/luan.webrt.net\/qhome\/wp-json\/wp\/v2\/product"}],"about":[{"href":"https:\/\/luan.webrt.net\/qhome\/wp-json\/wp\/v2\/types\/product"}],"replies":[{"embeddable":true,"href":"https:\/\/luan.webrt.net\/qhome\/wp-json\/wp\/v2\/comments?post=14281"}],"wp:featuredmedia":[{"embeddable":true,"href":"https:\/\/luan.webrt.net\/qhome\/wp-json\/wp\/v2\/media\/14283"}],"wp:attachment":[{"href":"https:\/\/luan.webrt.net\/qhome\/wp-json\/wp\/v2\/media?parent=14281"}],"wp:term":[{"taxonomy":"product_cat","embeddable":true,"href":"https:\/\/luan.webrt.net\/qhome\/wp-json\/wp\/v2\/product_cat?post=14281"},{"taxonomy":"product_tag","embeddable":true,"href":"https:\/\/luan.webrt.net\/qhome\/wp-json\/wp\/v2\/product_tag?post=14281"}],"curies":[{"name":"wp","href":"https:\/\/api.w.org\/{rel}","templated":true}]}}