{"id":13178,"date":"2024-12-30T20:21:31","date_gmt":"2024-12-30T20:21:31","guid":{"rendered":"https:\/\/qghome.vn\/?post_type=product&#038;p=13178"},"modified":"2024-12-30T20:22:43","modified_gmt":"2024-12-30T20:22:43","slug":"thiet-ke-noi-that-phong-khach-10m2-dep-hien-dai","status":"publish","type":"product","link":"https:\/\/luan.webrt.net\/qhome\/san-pham\/thiet-ke-noi-that-phong-khach-10m2-dep-hien-dai\/","title":{"rendered":"Thi\u1ebft k\u1ebf n\u1ed9i th\u1ea5t ph\u00f2ng kh\u00e1ch 10m2 \u0111\u1eb9p, hi\u1ec7n \u0111\u1ea1i"},"content":{"rendered":"<p>.B\u1ea1n c\u00f3 m\u1ed9t ph\u00f2ng kh\u00e1ch 10m2 v\u00e0 mu\u1ed1n t\u00ecm ki\u1ebfm gi\u1ea3i ph\u00e1p t\u1ed1i \u01b0u cho vi\u1ec7c thi\u1ebft k\u1ebf v\u00e0 b\u1ed1 tr\u00ed n\u1ed9i th\u1ea5t ph\u00f2ng kh\u00e1ch? \u0110\u1eebng v\u1ed9i b\u1ecf qua b\u00e0i vi\u1ebft n\u00e0y nh\u00e9.<\/p>\n<p>Trong b\u00e0i vi\u1ebft n\u00e0y, ch\u00fang t\u00f4i s\u1ebd \u0111em \u0111\u1ebfn cho b\u1ea1n m\u1ed9t m\u1eabu thi\u1ebft k\u1ebf ph\u00f2ng kh\u00e1ch 10m2 \u0111\u01a1n gi\u1ea3n m\u00e0 l\u1ea1i hi\u1ec7n \u0111\u1ea1i. R\u1ea5t ph\u00f9 h\u1ee3p v\u1edbi nh\u1eefng kh\u00f4ng gian ph\u00f2ng kh\u00e1ch chung c\u01b0, k\u1ebft h\u1ee3p v\u1edbi ban c\u00f4ng. V\u00e0 h\u01a1n h\u1ebft, nhu c\u1ea7u trang tr\u00ed n\u1ed9i th\u1ea5t c\u1ee7a b\u1ea1n \u01b0a th\u00edch phong c\u00e1ch t\u1ed1i gi\u1ea3n, hi\u1ec7n \u0111\u1ea1i.<\/p>\n<p>Nh\u01b0 b\u1ea1n \u0111\u00e3 bi\u1ebft, kh\u00f4ng gian c\u1ee7a ph\u00f2ng kh\u00e1ch c\u00f3 di\u1ec7n t\u00edch 10m2 l\u00e0 kh\u00f4ng qu\u00e1 r\u1ed9ng r\u00e3i. D\u00f9 l\u00e0 v\u1edbi ph\u00f2ng kh\u00e1ch l\u1edbn hay nh\u1ecf, th\u00ec m\u1ecdi gia ch\u1ee7 \u0111\u1ec1u mu\u1ed1n kh\u00f4ng gian sinh ho\u1ea1t chung n\u00e0y \u0111\u01b0\u1ee3c b\u1ed1 tr\u00ed h\u1ee3p l\u00fd, ti\u1ec7n nghi. \u0110\u1ed1i v\u1edbi di\u1ec7n t\u00edch 10m2, vi\u1ec7c s\u1eafp x\u1ebfp n\u1ed9i th\u1ea5t ph\u00f9 h\u1ee3p l\u00e0 \u0111i\u1ec1u kh\u00f4ng kh\u00f3 v\u1edbi m\u1eabu thi\u1ebft k\u1ebf n\u00e0y.<\/p>\n<p><img loading=\"lazy\" decoding=\"async\" class=\"size-full wp-image-13195 aligncenter\" src=\"http:\/\/qghome.vn\/wp-content\/uploads\/2024\/12\/pk.10m2.1-3.jpg\" alt=\"\" width=\"735\" height=\"817\" srcset=\"https:\/\/luan.webrt.net\/qhome\/wp-content\/uploads\/2024\/12\/pk.10m2.1-3.jpg 735w, https:\/\/luan.webrt.net\/qhome\/wp-content\/uploads\/2024\/12\/pk.10m2.1-3-510x567.jpg 510w, https:\/\/luan.webrt.net\/qhome\/wp-content\/uploads\/2024\/12\/pk.10m2.1-3-360x400.jpg 360w, https:\/\/luan.webrt.net\/qhome\/wp-content\/uploads\/2024\/12\/pk.10m2.1-3-720x800.jpg 720w\" sizes=\"auto, (max-width: 735px) 100vw, 735px\" \/><\/p>\n<p><span style=\"font-weight: 400;\">Ch\u1eafc h\u1eb3n sau khi b\u1ea1n s\u1edf h\u1eefu m\u1ed9t ng\u00f4i nh\u00e0 m\u1edbi, b\u1ea1n s\u1ebd c\u00f3 ch\u00fat \u0111\u1eafn \u0111o v\u1ec1 vi\u1ec7c thi\u1ebft k\u1ebf n\u1ed9i th\u1ea5t. \u0110\u1eb7c bi\u1ec7t \u0111\u00f3 l\u00e0 ph\u00f2ng kh\u00e1ch &#8211; kh\u00f4ng gian sinh ho\u1ea1t chung v\u00e0 c\u0169ng ch\u00ednh l\u00e0 b\u1ed9 m\u1eb7t c\u1ee7a ng\u00f4i nh\u00e0. B\u1ea1n ph\u1ea3i l\u00e0m sao \u0111\u1ec3 t\u1ea1o n\u00ean m\u1ed9t kh\u00f4ng gian l\u1ecbch s\u1ef1, trang tr\u1ecdng nh\u1ea5t khi c\u00f3 kh\u00e1ch \u0111\u1ebfn ch\u01a1i. V\u00e0 h\u01a1n h\u1ebft l\u00e0 n\u00f3 s\u1ebd mang \u0111\u1ebfn s\u1ef1 ti\u1ec7n nghi v\u00e0 tho\u1ea3i m\u00e1i cho c\u00e1c th\u00e0nh vi\u00ean trong gia \u0111\u00ecnh.<\/span><\/p>\n<h3><strong>N\u00ean t\u1ef1 thi\u1ebft k\u1ebf hay l\u1ef1a ch\u1ecdn d\u1ecbch v\u1ee5 tr\u1ecdn g\u00f3i n\u1ed9i th\u1ea5t ph\u00f2ng kh\u00e1ch?<\/strong><\/h3>\n<p><span style=\"font-weight: 400;\">T\u00f9y v\u00e0o ngu\u1ed3n l\u1ef1c kinh t\u1ebf v\u00e0 phong c\u00e1ch s\u1ed1ng, b\u1ea1n c\u00f3 th\u1ec3 t\u1ef1 \u0111\u1eb7t mua v\u00e0 b\u1ed1 tr\u00ed n\u1ed9i th\u1ea5t theo phong c\u00e1ch ri\u00eang. Ho\u1eb7c l\u00e0 m\u1ed9t s\u1ef1 l\u1ef1a ch\u1ecdn kh\u00e1 ph\u1ed5 bi\u1ebfn v\u00e0 ti\u1ec7n l\u1ee3i hi\u1ec7n nay l\u00e0 s\u1eed d\u1ee5ng d\u1ecbch v\u1ee5 l\u1eafp \u0111\u1eb7t tr\u1ecdn g\u00f3i n\u1ed9i th\u1ea5t.<\/span><\/p>\n<p><span style=\"font-weight: 400;\">B\u1ea1n s\u1ebd c\u00f3 th\u1ec3 ki\u1ec3m so\u00e1t chi ph\u00ed n\u1ebfu t\u1ef1 do thi\u1ebft k\u1ebf theo phong c\u00e1ch c\u1ee7a ri\u00eang m\u00ecnh. \u0110i\u1ec1u n\u00e0y c\u0169ng s\u1ebd mang l\u1ea1i cho b\u1ea1n c\u1ea3m gi\u00e1c th\u00e0nh t\u1ef1u v\u00e0 g\u1eafn b\u00f3 v\u1edbi kh\u00f4ng gian s\u1ed1ng. Tuy nhi\u00ean, vi\u1ec7c n\u00e0y c\u1ea7n nhi\u1ec1u th\u1eddi gian c\u00f3 th\u1ec3 s\u1ebd d\u1eabn \u0111\u1ebfn m\u1ed9t s\u1ed1 v\u1ea5n \u0111\u1ec1 ph\u00e1t sinh. Ch\u1eb3ng h\u1ea1n nh\u01b0 n\u1ed9i th\u1ea5t thi\u1ebfu \u0111\u1ed3ng b\u1ed9 v\u1ec1 m\u00e0u s\u1eafc, phong c\u00e1ch, ch\u1ea5t l\u01b0\u1ee3ng. \u0110\u1eb7c bi\u1ec7t l\u00e0 \u0111\u1ed1i v\u1edbi nh\u1eefng kh\u00f4ng gian ph\u00f2ng kh\u00e1ch nh\u1ecf 10m2 th\u00ec t\u1ef1 thi\u1ebft k\u1ebf c\u0169ng c\u00f3 th\u1ec3 s\u1ebd khi\u1ebfn b\u1ea1n ch\u01b0a th\u1ef1c s\u1ef1 t\u1ed1i \u01b0u \u0111\u01b0\u1ee3c di\u1ec7n t\u00edch.<\/span><\/p>\n<p><span style=\"font-weight: 400;\">V\u1eady s\u1eed d\u1ee5ng d\u1ecbch v\u1ee5 tr\u1ecdn g\u00f3i n\u1ed9i th\u1ea5t c\u00f3 th\u1ec3 gi\u1ea3i quy\u1ebft \u0111\u01b0\u1ee3c nh\u1eefng v\u1ea5n \u0111\u1ec1 n\u00e0y? C\u00e2u tr\u1ea3 l\u1eddi l\u00e0 c\u00f3 th\u1ec3. Tr\u1ecdn g\u00f3i n\u1ed9i th\u1ea5t s\u1ebd gi\u00fap b\u1ea1n ti\u1ebft ki\u1ec7m th\u1eddi gian, c\u00f4ng s\u1ee9c t\u00ecm ki\u1ebfm v\u00e0 l\u1eafp \u0111\u1eb7t. T\u00ednh th\u1ea9m m\u1ef9 c\u1ee7a thi\u1ebft k\u1ebf v\u1eabn l\u00e0 ho\u00e0n to\u00e0n do b\u1ea1n quy\u1ebft \u0111\u1ecbnh.<\/span><\/p>\n<p><span style=\"font-weight: 400;\">T\u1ea1i QG Home, v\u1edbi d\u1ecbch v\u1ee5 thi\u1ebft k\u1ebf v\u00e0 l\u1eafp \u0111\u1eb7t tr\u1ecdn g\u00f3i ph\u00f2ng kh\u00e1ch 10m2. Ch\u00fang t\u00f4i t\u1ef1 tin s\u1ebd \u0111em \u0111\u1ebfn s\u1ef1 h\u00e0i l\u00f2ng tuy\u1ec7t \u0111\u1ed1i cho kh\u00e1ch h\u00e0ng. B\u1ea1n ch\u1ec9 c\u1ea7n \u0111\u01b0a ra y\u00eau c\u1ea7u, qu\u00e1 tr\u00ecnh t\u1eeb t\u01b0 v\u1ea5n, b\u00e1o gi\u00e1 \u0111\u1ebfn b\u1ea3n v\u1ebd 3d, s\u1ea3n xu\u1ea5t v\u00e0 l\u1eafp \u0111\u1eb7t s\u1ebd do \u0111\u1ed9i ng\u0169 chuy\u00ean nghi\u1ec7p c\u1ee7a ch\u00fang t\u00f4i \u0111\u1ea3m nh\u1eadn. \u0110\u1ec3 b\u1ea1n d\u1ec5 d\u00e0ng c\u00f3 \u0111\u01b0\u1ee3c m\u1ed9t ph\u00f2ng kh\u00e1ch l\u00fd t\u01b0\u1edfng, \u01b0ng \u00fd.<\/span><\/p>\n<p><span style=\"font-weight: 400;\">Ch\u00fang t\u00f4i lu\u00f4n cung c\u1ea5p nh\u1eefng d\u1ecbch v\u1ee5 t\u1ed1t nh\u1ea5t v\u1edbi m\u1ee9c gi\u00e1 th\u00e0nh h\u1ee3p l\u00fd cho kh\u00e1ch h\u00e0ng. B\u1edfi s\u1ef1 tin t\u01b0\u1edfng v\u00e0 h\u00e0i l\u00f2ng c\u1ee7a b\u1ea1n ch\u00ednh l\u00e0 m\u1ed9t s\u1ef1 th\u00e0nh c\u00f4ng l\u1edbn nh\u1ea5t \u0111\u1ed1i v\u1edbi ch\u00fang t\u00f4i.<\/span><\/p>\n<h3><strong>Tr\u1ecdn b\u1ed9 n\u1ed9i th\u1ea5t g\u1ed3m nh\u1eefng s\u1ea3n ph\u1ea9m g\u00ec?<\/strong><\/h3>\n<p><strong><em>Combo n\u1ed9i th\u1ea5t bao g\u1ed3m:<\/em><\/strong><\/p>\n<ol>\n<li>Gh\u1ebf sofa v\u1ea3i g\u00f3c L: D\u00e0i 2200mm x R\u1ed9ng 1500mm &#8211; Gi\u00e1 6.800.000 VN\u0110<\/li>\n<li>T\u1ee7 tivi ch\u1eef L c\u00e1nh k\u00ednh: D\u00e0i 1800mm x R\u1ed9ng 400mm x Cao 2000mm &#8211; Gi\u00e1 5.400.000 VN\u0110<\/li>\n<\/ol>\n<p>Tr\u00ean \u0111\u00e2y l\u00e0 k\u00edch th\u01b0\u1edbc tham kh\u1ea3o cho ph\u00f2ng kh\u00e1ch 10m2. B\u1ea1n ho\u00e0n to\u00e0n c\u00f3 th\u1ec3 thay \u0111\u1ed5i ch\u00fang cho ph\u00f9 h\u1ee3p v\u1edbi nhu c\u1ea7u.<\/p>\n<p><strong><em>Ch\u1ea5t li\u1ec7u:<\/em><\/strong><\/p>\n<p>&#8211; Gh\u1ebf sofa: To\u00e0n b\u1ed9 b\u1ec1 m\u1eb7t sofa s\u1eed d\u1ee5ng ch\u1ea5t li\u1ec7u v\u1ea3i n\u1ec9 m\u1ec1m m\u1ea1i nh\u01b0ng d\u1ebbo dai v\u00e0 b\u1ec1n b\u1ec9. Gi\u00fap m\u00e1t m\u1ebb v\u00e0o m\u00f9a \u0111\u00f4ng v\u00e0 \u1ea5m \u00e1p v\u00e0o m\u00f9a h\u00e8, t\u1ea1o c\u1ea3m gi\u00e1c d\u1ec5 ch\u1ecbu khi ng\u1ed3i. V\u1ea3i nhanh kh\u00f4, d\u1ec5 d\u00e0ng gi\u1eb7t s\u1ea5y.<\/p>\n<p>&#8211; <span style=\"color: #800080;\"><a style=\"color: #800080;\" href=\"https:\/\/qghome.vn\/noi-that-chung-cu\/noi-that-phong-khach\/tu-tivi-qg\/\">T\u1ee7 tivi<\/a><\/span>: S\u1eed d\u1ee5ng ch\u1ea5t li\u1ec7u g\u1ed7 c\u00f4ng nghi\u1ec7p MDF ph\u1ee7 melamine cao c\u1ea5p, b\u1ec1n b\u1ec9. S\u1ea3n ph\u1ea9m \u0111\u01b0\u1ee3c l\u00e0m t\u1eeb g\u1ed7 mdf s\u1ebd kh\u00f4ng lo b\u1ecb co ng\u00f3t hay m\u1ed1i m\u1ecdt. D\u1ec5 d\u00e0ng v\u1ec7 sinh lau ch\u00f9i b\u1edfi b\u1ec1 m\u1eb7t tr\u01a1n v\u00e0 nh\u1eb5n nh\u1ee5i. Ph\u1ea7n c\u00e1nh k\u00ednh s\u1eed d\u1ee5ng lo\u1ea1i k\u00ednh trong su\u1ed1t ch\u1ecbu l\u1ef1c t\u1ed1t, d\u1ec5 v\u1ec7 sinh. T\u1ee7 k\u00ednh gi\u00fap t\u1ea1o s\u1ef1 ph\u1ea3n chi\u1ebfu cho kh\u00f4ng gian. Gi\u00fap cho ph\u00f2ng kh\u00e1ch c\u1ee7a b\u1ea1n th\u00eam l\u1ea5p l\u00e1nh, sang tr\u1ecdng.<\/p>\n<h3><strong><span style=\"color: #000000;\">T\u1ea1i sao b\u1ea1n n\u00ean l\u1ef1a ch\u1ecdn m\u1eabu thi\u1ebft k\u1ebf n\u00e0y?<\/span><\/strong><\/h3>\n<h4><span style=\"color: #333399;\">1. T\u1eadn d\u1ee5ng t\u1ed1t \u00e1nh s\u00e1ng t\u1ef1 nhi\u00ean<\/span><\/h4>\n<p>M\u1ed9t \u01b0u \u0111i\u1ec3m r\u1ea5t l\u1edbn khi b\u1ea1n k\u1ebft h\u1ee3p ph\u00f2ng kh\u00e1ch li\u1ec1n k\u1ec1 v\u1edbi ban c\u00f4ng \u0111\u00f3 l\u00e0 \u00e1nh s\u00e1ng v\u00e0 kh\u00ed tr\u1eddi. \u00c1nh s\u00e1ng t\u1ef1 nhi\u00ean gi\u00fap c\u0103n ph\u00f2ng \u0111\u01b0\u1ee3c th\u00f4ng tho\u00e1ng, r\u1ed9ng r\u00e3i. Ngo\u00e0i ra n\u00f3 c\u0169ng gi\u00fap mang l\u1ea1i v\u1eadn kh\u00ed t\u1ed1t cho gia ch\u1ee7. Nh\u1edd \u0111\u00f3, kh\u00f4ng gian ph\u00f2ng kh\u00e1ch c\u1ee7a b\u1ea1n nh\u01b0 \u0111\u01b0\u1ee3c m\u1edf r\u1ed9ng ra, kh\u00f4ng t\u1ea1o c\u1ea3m gi\u00e1c t\u00f9 t\u00fang, b\u00ed b\u00e1ch.<\/p>\n<p><span style=\"color: #333333;\">B\u00ean c\u1ea1nh \u0111\u00f3, s\u1eed d\u1ee5ng r\u00e8m c\u1eeda \u0111\u1ec3 che n\u1eafng khi c\u1ea7n v\u00e0 c\u0169ng l\u00e0 \u0111\u1ec3 t\u0103ng s\u1ef1 ri\u00eang t\u01b0.<\/span><\/p>\n<p><img loading=\"lazy\" decoding=\"async\" class=\"aligncenter wp-image-13196 size-full\" src=\"http:\/\/qghome.vn\/wp-content\/uploads\/2024\/12\/27a28585e4e2e0f04e9a973cb75a2624-1.jpg\" alt=\"\" width=\"736\" height=\"920\" srcset=\"https:\/\/luan.webrt.net\/qhome\/wp-content\/uploads\/2024\/12\/27a28585e4e2e0f04e9a973cb75a2624-1.jpg 736w, https:\/\/luan.webrt.net\/qhome\/wp-content\/uploads\/2024\/12\/27a28585e4e2e0f04e9a973cb75a2624-1-510x638.jpg 510w, https:\/\/luan.webrt.net\/qhome\/wp-content\/uploads\/2024\/12\/27a28585e4e2e0f04e9a973cb75a2624-1-320x400.jpg 320w, https:\/\/luan.webrt.net\/qhome\/wp-content\/uploads\/2024\/12\/27a28585e4e2e0f04e9a973cb75a2624-1-640x800.jpg 640w\" sizes=\"auto, (max-width: 736px) 100vw, 736px\" \/><\/p>\n<h4><span style=\"color: #000080;\">2. M\u00e0u s\u1eafc t\u01b0\u01a1i s\u00e1ng<\/span><\/h4>\n<p>Ngo\u00e0i \u00e1nh s\u00e1ng ngo\u00e0i tr\u1eddi, kh\u00f4ng gian nh\u1ecf c\u0169ng nh\u01b0 b\u1eebng s\u00e1ng l\u00ean qua c\u00e1c m\u00e0u trung t\u00ednh c\u1ee7a n\u1ed9i th\u1ea5t. T\u01b0\u1eddng, k\u1ec7 tivi, r\u00e8m c\u1eeda s\u1eed d\u1ee5ng m\u00e0u tr\u1eafng, k\u1ebft h\u1ee3p tinh t\u1ebf gi\u1eefa v\u1edbi m\u00e0u c\u1ee7a v\u00e1ch tivi v\u00e0 r\u00e8m c\u1eeda. Gh\u1ebf sofa c\u0169ng s\u1eed d\u1ee5ng m\u00e0u be r\u1ea5t n\u1ed5i b\u1eadt. S\u1ef1 k\u1ebft h\u1ee3p h\u00e0i h\u00f2a gi\u1eefa m\u00e0u s\u1eafc c\u1ee7a c\u00e1c s\u1ea3n ph\u1ea9m n\u1ed9i th\u1ea5t v\u00e0 m\u00e0u t\u01b0\u1eddng, n\u1ec1n nh\u00e0 gi\u00fap t\u1ea1o n\u00ean kh\u00f4ng gian tr\u1ebb trung, hi\u1ec7n \u0111\u1ea1i.<\/p>\n<h4><span style=\"color: #000080;\">3. S\u1eed d\u1ee5ng n\u1ed9i th\u1ea5t nh\u1ecf g\u1ecdn, \u0111a n\u0103ng<\/span><\/h4>\n<p>Tr\u01b0\u1edbc ti\u00ean, ta ph\u1ea3i n\u00f3i \u0111\u1ebfn vi\u1ec7c s\u1eed d\u1ee5ng sofa g\u00f3c gi\u00fap ti\u1ebft ki\u1ec7m di\u1ec7n t\u00edch. B\u1ea1n c\u0169ng c\u00f3 th\u1ec3 t\u1eadn d\u1ee5ng gh\u1ebf l\u00e0m ch\u1ed7 g\u00e1c ch\u00e2n ho\u1eb7c n\u1eb1m ngh\u1ec9. Ti\u1ebfp \u0111\u00f3, t\u1ee7 tivi g\u00f3c L sang tr\u1ecdng v\u1edbi ph\u1ea7n k\u1ec7 v\u00e0 t\u1ee7 gi\u00fap t\u1ed1i \u01b0u di\u1ec7n t\u00edch v\u00e0 c\u00f4ng n\u0103ng s\u1eed d\u1ee5ng. \u0110\u1ed1i v\u1edbi ph\u1ea7n t\u1ee7 k\u00ednh, b\u1ea1n c\u00f3 th\u1ec3 tr\u01b0ng b\u00e0y nh\u1eefng chai r\u01b0\u1ee3u, c\u1ed1c, ly hay \u0111\u1ed3 l\u01b0u ni\u1ec7m kh\u00e1c.<\/p>\n<p>Vi\u1ec7c l\u1ef1a ch\u1ecdn k\u00edch th\u01b0\u1edbc ph\u00f9 h\u1ee3p c\u0169ng r\u1ea5t quan tr\u1ecdng. \u0110\u1ec3 b\u1ea1n c\u00f3 th\u1ec3 v\u1eeba c\u00f3 \u0111\u1ee7 nh\u1eefng \u0111\u1ed3 n\u1ed9i th\u1ea5t c\u01a1 b\u1ea3n m\u00e0 kh\u00f4ng gian kh\u00f4ng tr\u1edf n\u00ean qu\u00e1 tr\u1eadt tr\u1ed9i.<\/p>\n<p style=\"text-align: center;\">***<\/p>\n<p>B\u1ea1n bi\u1ebft kh\u00f4ng, vi\u1ec7c mua <span style=\"color: #333399;\"><a style=\"color: #333399;\" href=\"https:\/\/qghome.vn\/noi-that-chung-cu\/tron-goi-noi-that-chung-cu\/tron-goi-noi-that-phong-khach\/\">n\u1ed9i th\u1ea5t tr\u1ecdn g\u00f3i<\/a><\/span> c\u00f3 th\u1ec3 gi\u00fap b\u1ea1n ti\u1ebft ki\u1ec7m th\u1eddi gian v\u00e0 ti\u1ec1n b\u1ea1c. H\u01a1n th\u1ebf n\u1eefa, t\u1ea1i QG Home th\u00ec c\u00e1c <span style=\"color: #333333;\">combo n\u1ed9i th\u1ea5t<\/span> lu\u00f4n \u0111i k\u00e8m v\u1edbi m\u1ee9c gi\u00e1 c\u1ea3 \u01b0u \u0111\u00e3i. Kh\u00e1ch h\u00e0ng s\u1ebd \u0111\u01b0\u1ee3c t\u01b0 v\u1ea5n v\u00e0 gi\u1ea3i \u0111\u00e1p k\u1ecbp th\u1eddi 24\/7. H\u00e3y \u0111\u1ec3 ch\u00fang t\u00f4i c\u00f9ng bi\u1ebfn kh\u00f4ng gian s\u1ed1ng c\u1ee7a b\u1ea1n tr\u1edf n\u00ean hi\u1ec7n \u0111\u1ea1i v\u00e0 ti\u1ec7n nghi h\u01a1n nh\u00e9.<\/p>\n<p>QG home ch\u00fang t\u00f4i lu\u00f4n m\u1edf b\u00e1n \u0111\u1ea7y \u0111\u1ee7 c\u00e1c s\u1ea3n ph\u1ea9m n\u1ed9i th\u1ea5t t\u1eeb <span style=\"color: #0000ff;\"><a style=\"color: #0000ff;\" href=\"https:\/\/qghome.vn\/noi-that-chung-cu\/\">n\u1ed9i th\u1ea5t chung c\u01b0<\/a><\/span> cho \u0111\u1ebfn <span style=\"color: #0000ff;\"><a style=\"color: #0000ff;\" href=\"https:\/\/qghome.vn\/san-pham\/noi-that-van-phong\/\">v\u0103n ph\u00f2ng<\/a><\/span>. Ngo\u00e0i ra c\u00f2n c\u00f3 tr\u1ecdn g\u00f3i thi\u1ebft k\u1ebf n\u1ed9i th\u1ea5t ph\u00f2ng kh\u00e1ch, ph\u00f2ng ng\u1ee7, ph\u00f2ng b\u1ebfp.<\/p>\n<p>H\u00e3y li\u00ean h\u1ec7 ngay v\u1edbi ch\u00fang t\u00f4i t\u1ea1i:<\/p>\n<p>\ud83d\udd75\ufe0f\u0110\u1ecba ch\u1ec9: S\u1ed1 72\/70 Xu\u00e2n Ph\u01b0\u01a1ng, Nam T\u1eeb Li\u00eam, H\u00e0 N\u1ed9i<\/p>\n<p>\ud83d\udcdeLi\u00ean h\u1ec7: 0983.368.623<\/p>\n<p>\ud83d\udce9Email: qghome.official@gmail.com<\/p>\n<p>Khu v\u1ef1c H\u00e0 N\u1ed9i: S\u1ed1 72\/70 Xu\u00e2n Ph\u01b0\u01a1ng, Qu\u1eadn Nam T\u1eeb Li\u00eam, H\u00e0 N\u1ed9i<\/p>\n<p>Khu v\u1ef1c H\u1ed3 Ch\u00ed Minh: 299 TL8, T\u00e2n Th\u1ea1nh T\u00e2y, C\u1ee7 Chi, Th\u00e0nh ph\u1ed1 H\u1ed3 Ch\u00ed Minh<\/p>\n<p>Khu v\u1ef1c B\u1eafc Giang: \u0110\u01b0\u1eddng 276, H. Hi\u1ec7p Ho\u00e0, B\u1eafc Giang<\/p>\n","protected":false},"excerpt":{"rendered":"<ol>\n<li><span style=\"color: #000080;\"><em>Gh\u1ebf sofa v\u1ea3i g\u00f3c L: D\u00e0i 2200mm x R\u1ed9ng 1500mm<\/em><\/span><\/li>\n<li><span style=\"color: #000080;\"><em>T\u1ee7 tivi ch\u1eef L c\u00e1nh k\u00ednh: D\u00e0i 1800mm x R\u1ed9ng 400mm x Cao 2000mm<\/em><\/span><\/li>\n<\/ol>\n","protected":false},"featured_media":13181,"comment_status":"open","ping_status":"closed","template":"","meta":[],"product_cat":[569,631,684,119],"product_tag":[],"class_list":["post-13178","product","type-product","status-publish","has-post-thumbnail","hentry","product_cat-noi-that-chung-cu","product_cat-tron-goi-noi-that-chung-cu","product_cat-tron-goi-noi-that-phong-khach","product_cat-san-pham"],"yoast_head":"<!-- This site is optimized with the Yoast SEO plugin v19.9 - https:\/\/yoast.com\/wordpress\/plugins\/seo\/ -->\n<title>Thi\u1ebft k\u1ebf n\u1ed9i th\u1ea5t ph\u00f2ng kh\u00e1ch 10m2 \u0111\u1eb9p, hi\u1ec7n \u0111\u1ea1i<\/title>\n<meta name=\"description\" content=\"Trong b\u00e0i vi\u1ebft n\u00e0y, ch\u00fang t\u00f4i s\u1ebd g\u1ee3i \u00fd cho b\u1ea1n m\u1eabu thi\u1ebft k\u1ebf cho ph\u00f2ng kh\u00e1ch 10m2 theo phong c\u00e1ch t\u1ed1i gi\u1ea3n nh\u01b0ng v\u1eabn mang l\u1ea1i s\u1ef1 ti\u1ec7n nghi v\u00e0 t\u1ed1i \u01b0u.\" \/>\n<meta name=\"robots\" content=\"index, follow, max-snippet:-1, max-image-preview:large, max-video-preview:-1\" \/>\n<link rel=\"canonical\" href=\"https:\/\/luan.webrt.net\/qhome\/san-pham\/thiet-ke-noi-that-phong-khach-10m2-dep-hien-dai\/\" \/>\n<meta property=\"og:locale\" content=\"vi_VN\" \/>\n<meta property=\"og:type\" content=\"article\" \/>\n<meta property=\"og:title\" content=\"Thi\u1ebft k\u1ebf n\u1ed9i th\u1ea5t ph\u00f2ng kh\u00e1ch 10m2 \u0111\u1eb9p, hi\u1ec7n \u0111\u1ea1i\" \/>\n<meta property=\"og:description\" content=\"Trong b\u00e0i vi\u1ebft n\u00e0y, ch\u00fang t\u00f4i s\u1ebd g\u1ee3i \u00fd cho b\u1ea1n m\u1eabu thi\u1ebft k\u1ebf cho ph\u00f2ng kh\u00e1ch 10m2 theo phong c\u00e1ch t\u1ed1i gi\u1ea3n nh\u01b0ng v\u1eabn mang l\u1ea1i s\u1ef1 ti\u1ec7n nghi v\u00e0 t\u1ed1i \u01b0u.\" \/>\n<meta property=\"og:url\" content=\"https:\/\/luan.webrt.net\/qhome\/san-pham\/thiet-ke-noi-that-phong-khach-10m2-dep-hien-dai\/\" \/>\n<meta property=\"og:site_name\" content=\"M\u1eabu web n\u1ed9i th\u1ea5t\" \/>\n<meta property=\"article:publisher\" content=\"https:\/\/www.facebook.com\/noithatqghome\" \/>\n<meta property=\"article:modified_time\" content=\"2024-12-30T20:22:43+00:00\" \/>\n<meta property=\"og:image\" content=\"https:\/\/luan.webrt.net\/qhome\/wp-content\/uploads\/2024\/12\/fee55484834f295ef81001d54fe04134.jpg\" \/>\n\t<meta property=\"og:image:width\" content=\"735\" \/>\n\t<meta property=\"og:image:height\" content=\"817\" \/>\n\t<meta property=\"og:image:type\" content=\"image\/jpeg\" \/>\n<meta name=\"twitter:card\" content=\"summary_large_image\" \/>\n<meta name=\"twitter:label1\" content=\"\u01af\u1edbc t\u00ednh th\u1eddi gian \u0111\u1ecdc\" \/>\n\t<meta name=\"twitter:data1\" content=\"8 ph\u00fat\" \/>\n<script type=\"application\/ld+json\" class=\"yoast-schema-graph\">{\"@context\":\"https:\/\/schema.org\",\"@graph\":[{\"@type\":\"WebPage\",\"@id\":\"https:\/\/luan.webrt.net\/qhome\/san-pham\/thiet-ke-noi-that-phong-khach-10m2-dep-hien-dai\/\",\"url\":\"https:\/\/luan.webrt.net\/qhome\/san-pham\/thiet-ke-noi-that-phong-khach-10m2-dep-hien-dai\/\",\"name\":\"Thi\u1ebft k\u1ebf n\u1ed9i th\u1ea5t ph\u00f2ng kh\u00e1ch 10m2 \u0111\u1eb9p, hi\u1ec7n \u0111\u1ea1i\",\"isPartOf\":{\"@id\":\"https:\/\/luan.webrt.net\/qhome\/#website\"},\"datePublished\":\"2024-12-30T20:21:31+00:00\",\"dateModified\":\"2024-12-30T20:22:43+00:00\",\"description\":\"Trong b\u00e0i vi\u1ebft n\u00e0y, ch\u00fang t\u00f4i s\u1ebd g\u1ee3i \u00fd cho b\u1ea1n m\u1eabu thi\u1ebft k\u1ebf cho ph\u00f2ng kh\u00e1ch 10m2 theo phong c\u00e1ch t\u1ed1i gi\u1ea3n nh\u01b0ng v\u1eabn mang l\u1ea1i s\u1ef1 ti\u1ec7n nghi v\u00e0 t\u1ed1i \u01b0u.\",\"breadcrumb\":{\"@id\":\"https:\/\/luan.webrt.net\/qhome\/san-pham\/thiet-ke-noi-that-phong-khach-10m2-dep-hien-dai\/#breadcrumb\"},\"inLanguage\":\"vi\",\"potentialAction\":[{\"@type\":\"ReadAction\",\"target\":[\"https:\/\/luan.webrt.net\/qhome\/san-pham\/thiet-ke-noi-that-phong-khach-10m2-dep-hien-dai\/\"]}]},{\"@type\":\"BreadcrumbList\",\"@id\":\"https:\/\/luan.webrt.net\/qhome\/san-pham\/thiet-ke-noi-that-phong-khach-10m2-dep-hien-dai\/#breadcrumb\",\"itemListElement\":[{\"@type\":\"ListItem\",\"position\":1,\"name\":\"Trang ch\u1ee7\",\"item\":\"https:\/\/luan.webrt.net\/qhome\/\"},{\"@type\":\"ListItem\",\"position\":2,\"name\":\"Shop\",\"item\":\"https:\/\/luan.webrt.net\/qhome\/shop\/\"},{\"@type\":\"ListItem\",\"position\":3,\"name\":\"Thi\u1ebft k\u1ebf n\u1ed9i th\u1ea5t ph\u00f2ng kh\u00e1ch 10m2 \u0111\u1eb9p, hi\u1ec7n \u0111\u1ea1i\"}]},{\"@type\":\"WebSite\",\"@id\":\"https:\/\/luan.webrt.net\/qhome\/#website\",\"url\":\"https:\/\/luan.webrt.net\/qhome\/\",\"name\":\"M\u1eabu web n\u1ed9i th\u1ea5t\",\"description\":\"QGHome Vi\u1ec7t Nam\",\"publisher\":{\"@id\":\"https:\/\/luan.webrt.net\/qhome\/#organization\"},\"potentialAction\":[{\"@type\":\"SearchAction\",\"target\":{\"@type\":\"EntryPoint\",\"urlTemplate\":\"https:\/\/luan.webrt.net\/qhome\/?s={search_term_string}\"},\"query-input\":\"required name=search_term_string\"}],\"inLanguage\":\"vi\"},{\"@type\":\"Organization\",\"@id\":\"https:\/\/luan.webrt.net\/qhome\/#organization\",\"name\":\"QGHome\",\"url\":\"https:\/\/luan.webrt.net\/qhome\/\",\"logo\":{\"@type\":\"ImageObject\",\"inLanguage\":\"vi\",\"@id\":\"https:\/\/luan.webrt.net\/qhome\/#\/schema\/logo\/image\/\",\"url\":\"https:\/\/qghome.vn\/wp-content\/uploads\/2025\/08\/logo-mau-MauTH-21.png\",\"contentUrl\":\"https:\/\/qghome.vn\/wp-content\/uploads\/2025\/08\/logo-mau-MauTH-21.png\",\"width\":253,\"height\":99,\"caption\":\"QGHome\"},\"image\":{\"@id\":\"https:\/\/luan.webrt.net\/qhome\/#\/schema\/logo\/image\/\"},\"sameAs\":[\"https:\/\/www.tiktok.com\/@qghome.official\",\"https:\/\/www.youtube.com\/channel\/UCeVBuKTXkv-u94DS421cklw\",\"https:\/\/www.facebook.com\/noithatqghome\"]}]}<\/script>\n<!-- \/ Yoast SEO plugin. -->","yoast_head_json":{"title":"Thi\u1ebft k\u1ebf n\u1ed9i th\u1ea5t ph\u00f2ng kh\u00e1ch 10m2 \u0111\u1eb9p, hi\u1ec7n \u0111\u1ea1i","description":"Trong b\u00e0i vi\u1ebft n\u00e0y, ch\u00fang t\u00f4i s\u1ebd g\u1ee3i \u00fd cho b\u1ea1n m\u1eabu thi\u1ebft k\u1ebf cho ph\u00f2ng kh\u00e1ch 10m2 theo phong c\u00e1ch t\u1ed1i gi\u1ea3n nh\u01b0ng v\u1eabn mang l\u1ea1i s\u1ef1 ti\u1ec7n nghi v\u00e0 t\u1ed1i \u01b0u.","robots":{"index":"index","follow":"follow","max-snippet":"max-snippet:-1","max-image-preview":"max-image-preview:large","max-video-preview":"max-video-preview:-1"},"canonical":"https:\/\/luan.webrt.net\/qhome\/san-pham\/thiet-ke-noi-that-phong-khach-10m2-dep-hien-dai\/","og_locale":"vi_VN","og_type":"article","og_title":"Thi\u1ebft k\u1ebf n\u1ed9i th\u1ea5t ph\u00f2ng kh\u00e1ch 10m2 \u0111\u1eb9p, hi\u1ec7n \u0111\u1ea1i","og_description":"Trong b\u00e0i vi\u1ebft n\u00e0y, ch\u00fang t\u00f4i s\u1ebd g\u1ee3i \u00fd cho b\u1ea1n m\u1eabu thi\u1ebft k\u1ebf cho ph\u00f2ng kh\u00e1ch 10m2 theo phong c\u00e1ch t\u1ed1i gi\u1ea3n nh\u01b0ng v\u1eabn mang l\u1ea1i s\u1ef1 ti\u1ec7n nghi v\u00e0 t\u1ed1i \u01b0u.","og_url":"https:\/\/luan.webrt.net\/qhome\/san-pham\/thiet-ke-noi-that-phong-khach-10m2-dep-hien-dai\/","og_site_name":"M\u1eabu web n\u1ed9i th\u1ea5t","article_publisher":"https:\/\/www.facebook.com\/noithatqghome","article_modified_time":"2024-12-30T20:22:43+00:00","og_image":[{"width":735,"height":817,"url":"https:\/\/luan.webrt.net\/qhome\/wp-content\/uploads\/2024\/12\/fee55484834f295ef81001d54fe04134.jpg","type":"image\/jpeg"}],"twitter_card":"summary_large_image","twitter_misc":{"\u01af\u1edbc t\u00ednh th\u1eddi gian \u0111\u1ecdc":"8 ph\u00fat"},"schema":{"@context":"https:\/\/schema.org","@graph":[{"@type":"WebPage","@id":"https:\/\/luan.webrt.net\/qhome\/san-pham\/thiet-ke-noi-that-phong-khach-10m2-dep-hien-dai\/","url":"https:\/\/luan.webrt.net\/qhome\/san-pham\/thiet-ke-noi-that-phong-khach-10m2-dep-hien-dai\/","name":"Thi\u1ebft k\u1ebf n\u1ed9i th\u1ea5t ph\u00f2ng kh\u00e1ch 10m2 \u0111\u1eb9p, hi\u1ec7n \u0111\u1ea1i","isPartOf":{"@id":"https:\/\/luan.webrt.net\/qhome\/#website"},"datePublished":"2024-12-30T20:21:31+00:00","dateModified":"2024-12-30T20:22:43+00:00","description":"Trong b\u00e0i vi\u1ebft n\u00e0y, ch\u00fang t\u00f4i s\u1ebd g\u1ee3i \u00fd cho b\u1ea1n m\u1eabu thi\u1ebft k\u1ebf cho ph\u00f2ng kh\u00e1ch 10m2 theo phong c\u00e1ch t\u1ed1i gi\u1ea3n nh\u01b0ng v\u1eabn mang l\u1ea1i s\u1ef1 ti\u1ec7n nghi v\u00e0 t\u1ed1i \u01b0u.","breadcrumb":{"@id":"https:\/\/luan.webrt.net\/qhome\/san-pham\/thiet-ke-noi-that-phong-khach-10m2-dep-hien-dai\/#breadcrumb"},"inLanguage":"vi","potentialAction":[{"@type":"ReadAction","target":["https:\/\/luan.webrt.net\/qhome\/san-pham\/thiet-ke-noi-that-phong-khach-10m2-dep-hien-dai\/"]}]},{"@type":"BreadcrumbList","@id":"https:\/\/luan.webrt.net\/qhome\/san-pham\/thiet-ke-noi-that-phong-khach-10m2-dep-hien-dai\/#breadcrumb","itemListElement":[{"@type":"ListItem","position":1,"name":"Trang ch\u1ee7","item":"https:\/\/luan.webrt.net\/qhome\/"},{"@type":"ListItem","position":2,"name":"Shop","item":"https:\/\/luan.webrt.net\/qhome\/shop\/"},{"@type":"ListItem","position":3,"name":"Thi\u1ebft k\u1ebf n\u1ed9i th\u1ea5t ph\u00f2ng kh\u00e1ch 10m2 \u0111\u1eb9p, hi\u1ec7n \u0111\u1ea1i"}]},{"@type":"WebSite","@id":"https:\/\/luan.webrt.net\/qhome\/#website","url":"https:\/\/luan.webrt.net\/qhome\/","name":"M\u1eabu web n\u1ed9i th\u1ea5t","description":"QGHome Vi\u1ec7t Nam","publisher":{"@id":"https:\/\/luan.webrt.net\/qhome\/#organization"},"potentialAction":[{"@type":"SearchAction","target":{"@type":"EntryPoint","urlTemplate":"https:\/\/luan.webrt.net\/qhome\/?s={search_term_string}"},"query-input":"required name=search_term_string"}],"inLanguage":"vi"},{"@type":"Organization","@id":"https:\/\/luan.webrt.net\/qhome\/#organization","name":"QGHome","url":"https:\/\/luan.webrt.net\/qhome\/","logo":{"@type":"ImageObject","inLanguage":"vi","@id":"https:\/\/luan.webrt.net\/qhome\/#\/schema\/logo\/image\/","url":"https:\/\/qghome.vn\/wp-content\/uploads\/2025\/08\/logo-mau-MauTH-21.png","contentUrl":"https:\/\/qghome.vn\/wp-content\/uploads\/2025\/08\/logo-mau-MauTH-21.png","width":253,"height":99,"caption":"QGHome"},"image":{"@id":"https:\/\/luan.webrt.net\/qhome\/#\/schema\/logo\/image\/"},"sameAs":["https:\/\/www.tiktok.com\/@qghome.official","https:\/\/www.youtube.com\/channel\/UCeVBuKTXkv-u94DS421cklw","https:\/\/www.facebook.com\/noithatqghome"]}]}},"_links":{"self":[{"href":"https:\/\/luan.webrt.net\/qhome\/wp-json\/wp\/v2\/product\/13178","targetHints":{"allow":["GET"]}}],"collection":[{"href":"https:\/\/luan.webrt.net\/qhome\/wp-json\/wp\/v2\/product"}],"about":[{"href":"https:\/\/luan.webrt.net\/qhome\/wp-json\/wp\/v2\/types\/product"}],"replies":[{"embeddable":true,"href":"https:\/\/luan.webrt.net\/qhome\/wp-json\/wp\/v2\/comments?post=13178"}],"wp:featuredmedia":[{"embeddable":true,"href":"https:\/\/luan.webrt.net\/qhome\/wp-json\/wp\/v2\/media\/13181"}],"wp:attachment":[{"href":"https:\/\/luan.webrt.net\/qhome\/wp-json\/wp\/v2\/media?parent=13178"}],"wp:term":[{"taxonomy":"product_cat","embeddable":true,"href":"https:\/\/luan.webrt.net\/qhome\/wp-json\/wp\/v2\/product_cat?post=13178"},{"taxonomy":"product_tag","embeddable":true,"href":"https:\/\/luan.webrt.net\/qhome\/wp-json\/wp\/v2\/product_tag?post=13178"}],"curies":[{"name":"wp","href":"https:\/\/api.w.org\/{rel}","templated":true}]}}