{"id":13076,"date":"2024-11-25T20:21:53","date_gmt":"2024-11-25T20:21:53","guid":{"rendered":"https:\/\/qghome.vn\/?post_type=product&#038;p=13076"},"modified":"2025-11-12T02:05:15","modified_gmt":"2025-11-12T02:05:15","slug":"noi-that-phong-khach-dep-gia-re","status":"publish","type":"product","link":"https:\/\/luan.webrt.net\/qhome\/san-pham\/noi-that-phong-khach-dep-gia-re\/","title":{"rendered":"N\u1ed9i th\u1ea5t ph\u00f2ng kh\u00e1ch \u0111\u1eb9p, gi\u00e1 r\u1ebb"},"content":{"rendered":"<p><span style=\"color: #000000;\">Thi\u1ebft k\u1ebf n\u1ed9i th\u1ea5t ph\u00f2ng kh\u00e1ch sao cho \u0111\u1eb9p, sang tr\u1ecdng v\u00e0 ph\u00f9 h\u1ee3p v\u1edbi di\u1ec7n t\u00edch c\u1ee7a c\u0103n ph\u00f2ng l\u00e0 v\u00f4 c\u00f9ng quan tr\u1ecdng. H\u00e3y \u0111\u1ebfn v\u1edbi QG Home \u0111\u1ec3 ch\u00fang t\u00f4i c\u00f3 th\u1ec3 gi\u00fap n\u00e2ng c\u1ea5p cho kh\u00f4ng gian s\u1ed1ng c\u1ee7a b\u1ea1n tr\u1edf n\u00ean ti\u1ec7n nghi v\u00e0 tinh t\u1ebf h\u01a1n.<\/span><\/p>\n<p><span style=\"color: #000000;\">B\u1edfi r\u1ea5t nhi\u1ec1u nh\u1eefng l\u1ee3i \u00edch mang l\u1ea1i, tr\u1ecdn b\u1ed9 n\u1ed9i th\u1ea5t ph\u00f2ng kh\u00e1ch t\u1eeb l\u00e2u \u0111\u00e3 tr\u1edf th\u00e0nh m\u1ed9t bi\u1ec7n ph\u00e1p t\u1ed1i \u01b0u. B\u1ea1n c\u00f3 th\u1ec3 ti\u1ebft ki\u1ec7m \u0111\u01b0\u1ee3c m\u1ed9t kho\u1ea3n ti\u1ec1n kh\u00f4ng nh\u1ecf, th\u1eddi gian v\u00e0 c\u00f4ng s\u1ee9c t\u00ecm ki\u1ebfm. V\u1eady n\u00ean, trong b\u00e0i vi\u1ebft n\u00e0y ch\u00fang t\u00f4i s\u1ebd gi\u1edbi thi\u1ec7u cho b\u1ea1n b\u1ed9 \u0111\u00f4i s\u1ea3n ph\u1ea9m n\u1ed9i th\u1ea5t cho ph\u00f2ng kh\u00e1ch v\u00f4 c\u00f9ng \u0111\u1eb9p v\u00e0 sang tr\u1ecdng.<\/span><\/p>\n<h1 style=\"text-align: center;\"><span style=\"color: #0000ff;\"><strong>N\u1ed9i th\u1ea5t ph\u00f2ng kh\u00e1ch \u0111\u1eb9p<\/strong><\/span><\/h1>\n<p><span style=\"color: #000000;\">Tr\u1ecdn b\u1ed9 n\u1ed9i th\u1ea5t ph\u00f2ng kh\u00e1ch g\u1ed3m b\u1ed9 02 s\u1ea3n ph\u1ea9m c\u01a1 b\u1ea3n:<\/span><\/p>\n<ol>\n<li><span style=\"color: #000000;\"><em><a style=\"color: #000000;\" href=\"https:\/\/qghome.vn\/ke-tivi-go-cong-nghiep\/\">K\u1ec7 tivi ph\u00f2ng kh\u00e1ch KTV05<\/a>: D\u00e0i 1300mm x Cao 500mm x S\u00e2u 400mm<\/em><\/span><\/li>\n<li><span style=\"color: #000000;\"><em><a style=\"color: #000000;\" href=\"https:\/\/qghome.vn\/wp-content\/uploads\/2024\/11\/sofa-go-cong-nghiep.jpg\">B\u1ed9 gh\u1ebf sofa cao c\u1ea5p QGSOFA09<\/a>: D\u00e0i 3000mm x R\u1ed9ng 600mm\/1800mm x Cao 750mm<\/em><\/span><\/li>\n<\/ol>\n<p><span style=\"color: #000000;\"><em>*B\u1ea1n c\u00f3 th\u1ec3 t\u00f9y ch\u1ec9nh k\u00edch th\u01b0\u1edbc cho ph\u00f9 h\u1ee3p di\u1ec7n t\u00edch c\u0103n ph\u00f2ng<\/em><\/span><\/p>\n<ul>\n<li><span style=\"color: #000000;\"><strong>Ch\u1ea5t li\u1ec7u<\/strong>: G\u1ed7 MDF ph\u1ee7 melamine cao c\u1ea5p, b\u1ec1n b\u1ec9.<\/span><\/li>\n<\/ul>\n<p><span style=\"color: #000000;\">Mang m\u1ed9t s\u1ed1 \u01b0u \u0111i\u1ec3m v\u01b0\u1ee3t tr\u1ed9i c\u00f3 th\u1ec3 k\u1ec3 \u0111\u1ebfn nh\u01b0: Ch\u1ea5t l\u01b0\u1ee3ng b\u1ec1n b\u1ec9, gi\u1eef \u0111\u01b0\u1ee3c v\u1ebb \u0111\u1eb9p theo th\u1eddi gian. Kh\u00f4ng lo b\u1ecb cong v\u00eanh, co ng\u00f3t hay m\u1ed1i m\u1ecdt. Kh\u1ea3 n\u0103ng ch\u1ecbu l\u1ef1c t\u1ed1t b\u1edfi k\u1ebft c\u1ea5u ch\u1eafc ch\u1eafn.<\/span><\/p>\n<p><span style=\"color: #000000;\">\u0110a d\u1ea1ng c\u00e1c lo\u1ea1i m\u00e0u s\u1eafc kh\u00e1c nhau \u0111\u1ec3 b\u1ea1n c\u00f3 th\u1ec3 t\u00f9y th\u00edch l\u1ef1a ch\u1ecdn theo s\u1edf th\u00edch c\u0169ng nh\u01b0 l\u00e0 phong c\u00e1ch s\u1ed1ng c\u1ee7a gia \u0111\u00ecnh.<\/span><\/p>\n<ul>\n<li><span style=\"color: #000000;\"><strong>M\u00e0u s\u1eafc<\/strong>: Nh\u1eadn \u0111\u1eb7t m\u00e0u s\u1eafc theo y\u00eau c\u1ea7u.<\/span><\/li>\n<li><span style=\"color: #000000;\">\u0110\u1ec3 bi\u1ebft th\u00eam th\u00f4ng tin chi ti\u1ebft v\u1ec1 t\u1eebng m\u1eabu s\u1ea3n ph\u1ea9m, m\u1eddi b\u1ea1n nh\u1ea5p v\u00e0o c\u00e1c <strong>\u0111\u01b0\u1eddng link b\u00ean d\u01b0\u1edbi<\/strong><\/span><\/li>\n<\/ul>\n<h3><span style=\"color: #000000;\">1. K\u1ec7 tivi ph\u00f2ng kh\u00e1ch\u00a0<\/span><\/h3>\n<p><span style=\"color: #000000;\">K\u1ec7 tivi g\u1ed7 mdf &#8211; KTV05 c\u00f3 thi\u1ebft k\u1ebf kh\u00f4ng qu\u00e1 c\u1ea7u k\u1ef3, ki\u1ec3u d\u00e1ng hi\u1ec7n \u0111\u1ea1i, \u0111a c\u00f4ng n\u0103ng. M\u1eabu k\u1ec7 tivi n\u00e0y ph\u00f9 h\u1ee3p cho nh\u1eefng kh\u00f4ng gian ph\u00f2ng kh\u00e1ch c\u00f3 di\u1ec7n t\u00edch nh\u1ecf, phong c\u00e1ch t\u1ed1i gi\u1ea3n.\u00a0<\/span><\/p>\n<figure id=\"attachment_13077\" aria-describedby=\"caption-attachment-13077\" style=\"width: 400px\" class=\"wp-caption aligncenter\"><img loading=\"lazy\" decoding=\"async\" class=\"wp-image-13077 size-medium\" src=\"http:\/\/qghome.vn\/wp-content\/uploads\/2024\/11\/KTV05-1-400x400.jpg\" alt=\"\" width=\"400\" height=\"400\" srcset=\"https:\/\/luan.webrt.net\/qhome\/wp-content\/uploads\/2024\/11\/KTV05-1-400x400.jpg 400w, https:\/\/luan.webrt.net\/qhome\/wp-content\/uploads\/2024\/11\/KTV05-1-100x100.jpg 100w, https:\/\/luan.webrt.net\/qhome\/wp-content\/uploads\/2024\/11\/KTV05-1-510x510.jpg 510w, https:\/\/luan.webrt.net\/qhome\/wp-content\/uploads\/2024\/11\/KTV05-1-280x280.jpg 280w, https:\/\/luan.webrt.net\/qhome\/wp-content\/uploads\/2024\/11\/KTV05-1.jpg 768w\" sizes=\"auto, (max-width: 400px) 100vw, 400px\" \/><figcaption id=\"caption-attachment-13077\" class=\"wp-caption-text\"><span style=\"text-decoration: underline;\"><em><a href=\"https:\/\/qghome.vn\/ke-tivi-go-cong-nghiep\/\"><span style=\"color: #000000; text-decoration: underline;\">K\u1ec7 tivi &#8211; KTV05<\/span><\/a><\/em><\/span><\/figcaption><\/figure>\n<h3><span style=\"color: #000000;\">2. Gh\u1ebf sofa cao c\u1ea5p cho n\u1ed9i th\u1ea5t ph\u00f2ng kh\u00e1ch \u0111\u1eb9p\u00a0<\/span><\/h3>\n<p><span style=\"color: #000000;\">B\u1ed9 gh\u1ebf sofa QGSOFA09 c\u00f3 k\u1ebft c\u1ea5u ch\u1eef L hi\u1ec7n \u0111\u1ea1i, thi\u1ebft k\u1ebf sang tr\u1ecdng, thanh l\u1ecbch.\u00a0<\/span><\/p>\n<figure id=\"attachment_13059\" aria-describedby=\"caption-attachment-13059\" style=\"width: 628px\" class=\"wp-caption aligncenter\"><img loading=\"lazy\" decoding=\"async\" class=\"wp-image-13059 size-full\" src=\"http:\/\/qghome.vn\/wp-content\/uploads\/2024\/11\/sofa-go-cong-nghiep.jpg\" alt=\"\" width=\"628\" height=\"353\" srcset=\"https:\/\/luan.webrt.net\/qhome\/wp-content\/uploads\/2024\/11\/sofa-go-cong-nghiep.jpg 628w, https:\/\/luan.webrt.net\/qhome\/wp-content\/uploads\/2024\/11\/sofa-go-cong-nghiep-510x287.jpg 510w\" sizes=\"auto, (max-width: 628px) 100vw, 628px\" \/><figcaption id=\"caption-attachment-13059\" class=\"wp-caption-text\"><span style=\"text-decoration: underline; color: #000000;\"><em><a style=\"color: #000000;\" href=\"https:\/\/qghome.vn\/wp-content\/uploads\/2024\/11\/sofa-go-cong-nghiep.jpg\">Gh\u1ebf sofa g\u1ed7 mdf &#8211; QGSOFA09<\/a><\/em><\/span><\/figcaption><\/figure>\n<p><span style=\"color: #000000;\"><em>*L\u01b0u \u00fd: N\u1ebfu b\u1ea1n mu\u1ed1n \u0111\u1eb7t th\u00eam m\u1eabu b\u00e0n tr\u00e0 nh\u01b0 tr\u00ean th\u00ec h\u00e3y li\u00ean h\u1ec7 ngay cho ch\u00fang t\u00f4i nh\u00e9!<\/em><\/span><\/p>\n<h4><span style=\"color: #000000;\">H\u00e3y \u0111\u1eb7t mua combo n\u1ed9i th\u1ea5t ph\u00f2ng kh\u00e1ch v\u1edbi thi\u1ebft k\u1ebf \u0111\u1eb9p, gi\u00e1 t\u1ed1t t\u1ea1i QG Home ngay h\u00f4m nay \u0111\u1ec3 nh\u1eadn \u0111\u01b0\u1ee3c nhi\u1ec1u \u01b0u \u0111\u00e3i \u0111\u1eb7c bi\u1ec7t b\u1ea1n nh\u00e9!<\/span><\/h4>\n<h4><span style=\"color: #000000;\">QG Home \u2013 \u0111\u01a1n v\u1ecb thi c\u00f4ng n\u1ed9i th\u1ea5t h\u00e0ng \u0111\u1ea7u Vi\u1ec7t Nam v\u1edbi nh\u1eefng m\u1eb7t h\u00e0ng ti\u00eau bi\u1ec3u:<\/span><\/h4>\n<ul style=\"list-style-type: square;\">\n<li><span style=\"color: #000000;\"><span style=\"color: #0000ff;\">\u00a0<a style=\"color: #0000ff;\" href=\"https:\/\/qghome.vn\/noi-that-chung-cu\/\">N\u1ed9i th\u1ea5t chung c\u01b0<\/a><\/span>\u00a0(thi\u1ebft k\u1ebf tr\u1ecdn g\u00f3i v\u00e0 c\u00e1c s\u1ea3n ph\u1ea9m c\u1ee7a ph\u00f2ng ng\u1ee7, ph\u00f2ng kh\u00e1ch, ph\u00f2ng b\u1ebfp,\u2026);<\/span><\/li>\n<li><span style=\"color: #000000;\">\u00a0<a style=\"color: #000000;\" href=\"https:\/\/qghome.vn\/san-pham\/noi-that-van-phong\/\"><span style=\"color: #0000ff;\">N\u1ed9i th\u1ea5t v\u0103n ph\u00f2ng<\/span><\/a><\/span><\/li>\n<\/ul>\n<div class=\"host-bincmiainjofjnhchmcalkanjebghoen\" style=\"position: relative; z-index: 2147483647;\"><\/div>\n","protected":false},"excerpt":{"rendered":"<p><span style=\"color: #008080;\"><em>Ti\u1ec7n \u00edch ph\u00f2ng kh\u00e1ch bao g\u1ed3m: 01 K\u1ec7 tivi &#8211; KTV05, 01 Gh\u1ebf sofa QGSOFA09<\/em><\/span><\/p>\n<div class=\"host-bincmiainjofjnhchmcalkanjebghoen\" style=\"position: relative; z-index: 2147483647;\"><\/div>\n","protected":false},"featured_media":13079,"comment_status":"open","ping_status":"closed","template":"","meta":[],"product_cat":[631,684,119],"product_tag":[721,720],"class_list":["post-13076","product","type-product","status-publish","has-post-thumbnail","hentry","product_cat-tron-goi-noi-that-chung-cu","product_cat-tron-goi-noi-that-phong-khach","product_cat-san-pham","product_tag-combo-noi-that-phong-khach","product_tag-noi-that-phong-khach-dep"],"yoast_head":"<!-- This site is optimized with the Yoast SEO plugin v19.9 - https:\/\/yoast.com\/wordpress\/plugins\/seo\/ -->\n<title>N\u1ed9i th\u1ea5t ph\u00f2ng kh\u00e1ch \u0111\u1eb9p, gi\u00e1 r\u1ebb<\/title>\n<meta name=\"description\" content=\"N\u1ed9i th\u1ea5t ph\u00f2ng kh\u00e1ch g\u1ed3m 02 s\u1ea3n ph\u1ea9m T\u1ee7 Tivi v\u00e0 Gh\u1ebf sofa c\u00f3 thi\u1ebft k\u1ebf \u0111\u1eb9p, hi\u1ec7n \u0111\u1ea1i, phong c\u00e1ch t\u1ed1i gi\u1ea3n. S\u1eed d\u1ee5ng g\u1ed7 mdf cao c\u1ea5p mang l\u1ea1i \u0111\u1ed9 b\u1ec1n cho s\u1ea3n ph\u1ea9m\" \/>\n<meta name=\"robots\" content=\"index, follow, max-snippet:-1, max-image-preview:large, max-video-preview:-1\" \/>\n<link rel=\"canonical\" href=\"https:\/\/luan.webrt.net\/qhome\/san-pham\/noi-that-phong-khach-dep-gia-re\/\" \/>\n<meta property=\"og:locale\" content=\"vi_VN\" \/>\n<meta property=\"og:type\" content=\"article\" \/>\n<meta property=\"og:title\" content=\"N\u1ed9i th\u1ea5t ph\u00f2ng kh\u00e1ch \u0111\u1eb9p, gi\u00e1 r\u1ebb\" \/>\n<meta property=\"og:description\" content=\"N\u1ed9i th\u1ea5t ph\u00f2ng kh\u00e1ch g\u1ed3m 02 s\u1ea3n ph\u1ea9m T\u1ee7 Tivi v\u00e0 Gh\u1ebf sofa c\u00f3 thi\u1ebft k\u1ebf \u0111\u1eb9p, hi\u1ec7n \u0111\u1ea1i, phong c\u00e1ch t\u1ed1i gi\u1ea3n. S\u1eed d\u1ee5ng g\u1ed7 mdf cao c\u1ea5p mang l\u1ea1i \u0111\u1ed9 b\u1ec1n cho s\u1ea3n ph\u1ea9m\" \/>\n<meta property=\"og:url\" content=\"https:\/\/luan.webrt.net\/qhome\/san-pham\/noi-that-phong-khach-dep-gia-re\/\" \/>\n<meta property=\"og:site_name\" content=\"M\u1eabu web n\u1ed9i th\u1ea5t\" \/>\n<meta property=\"article:publisher\" content=\"https:\/\/www.facebook.com\/noithatqghome\" \/>\n<meta property=\"article:modified_time\" content=\"2025-11-12T02:05:15+00:00\" \/>\n<meta property=\"og:image\" content=\"https:\/\/luan.webrt.net\/qhome\/wp-content\/uploads\/2024\/11\/sofa-go-cong-nghiep-1.jpg\" \/>\n\t<meta property=\"og:image:width\" content=\"628\" \/>\n\t<meta property=\"og:image:height\" content=\"353\" \/>\n\t<meta property=\"og:image:type\" content=\"image\/jpeg\" \/>\n<meta name=\"twitter:card\" content=\"summary_large_image\" \/>\n<meta name=\"twitter:label1\" content=\"\u01af\u1edbc t\u00ednh th\u1eddi gian \u0111\u1ecdc\" \/>\n\t<meta name=\"twitter:data1\" content=\"4 ph\u00fat\" \/>\n<script type=\"application\/ld+json\" class=\"yoast-schema-graph\">{\"@context\":\"https:\/\/schema.org\",\"@graph\":[{\"@type\":\"WebPage\",\"@id\":\"https:\/\/luan.webrt.net\/qhome\/san-pham\/noi-that-phong-khach-dep-gia-re\/\",\"url\":\"https:\/\/luan.webrt.net\/qhome\/san-pham\/noi-that-phong-khach-dep-gia-re\/\",\"name\":\"N\u1ed9i th\u1ea5t ph\u00f2ng kh\u00e1ch \u0111\u1eb9p, gi\u00e1 r\u1ebb\",\"isPartOf\":{\"@id\":\"https:\/\/luan.webrt.net\/qhome\/#website\"},\"datePublished\":\"2024-11-25T20:21:53+00:00\",\"dateModified\":\"2025-11-12T02:05:15+00:00\",\"description\":\"N\u1ed9i th\u1ea5t ph\u00f2ng kh\u00e1ch g\u1ed3m 02 s\u1ea3n ph\u1ea9m T\u1ee7 Tivi v\u00e0 Gh\u1ebf sofa c\u00f3 thi\u1ebft k\u1ebf \u0111\u1eb9p, hi\u1ec7n \u0111\u1ea1i, phong c\u00e1ch t\u1ed1i gi\u1ea3n. S\u1eed d\u1ee5ng g\u1ed7 mdf cao c\u1ea5p mang l\u1ea1i \u0111\u1ed9 b\u1ec1n cho s\u1ea3n ph\u1ea9m\",\"breadcrumb\":{\"@id\":\"https:\/\/luan.webrt.net\/qhome\/san-pham\/noi-that-phong-khach-dep-gia-re\/#breadcrumb\"},\"inLanguage\":\"vi\",\"potentialAction\":[{\"@type\":\"ReadAction\",\"target\":[\"https:\/\/luan.webrt.net\/qhome\/san-pham\/noi-that-phong-khach-dep-gia-re\/\"]}]},{\"@type\":\"BreadcrumbList\",\"@id\":\"https:\/\/luan.webrt.net\/qhome\/san-pham\/noi-that-phong-khach-dep-gia-re\/#breadcrumb\",\"itemListElement\":[{\"@type\":\"ListItem\",\"position\":1,\"name\":\"Trang ch\u1ee7\",\"item\":\"https:\/\/luan.webrt.net\/qhome\/\"},{\"@type\":\"ListItem\",\"position\":2,\"name\":\"Shop\",\"item\":\"https:\/\/luan.webrt.net\/qhome\/shop\/\"},{\"@type\":\"ListItem\",\"position\":3,\"name\":\"N\u1ed9i th\u1ea5t ph\u00f2ng kh\u00e1ch \u0111\u1eb9p, gi\u00e1 r\u1ebb\"}]},{\"@type\":\"WebSite\",\"@id\":\"https:\/\/luan.webrt.net\/qhome\/#website\",\"url\":\"https:\/\/luan.webrt.net\/qhome\/\",\"name\":\"M\u1eabu web n\u1ed9i th\u1ea5t\",\"description\":\"QGHome Vi\u1ec7t Nam\",\"publisher\":{\"@id\":\"https:\/\/luan.webrt.net\/qhome\/#organization\"},\"potentialAction\":[{\"@type\":\"SearchAction\",\"target\":{\"@type\":\"EntryPoint\",\"urlTemplate\":\"https:\/\/luan.webrt.net\/qhome\/?s={search_term_string}\"},\"query-input\":\"required name=search_term_string\"}],\"inLanguage\":\"vi\"},{\"@type\":\"Organization\",\"@id\":\"https:\/\/luan.webrt.net\/qhome\/#organization\",\"name\":\"QGHome\",\"url\":\"https:\/\/luan.webrt.net\/qhome\/\",\"logo\":{\"@type\":\"ImageObject\",\"inLanguage\":\"vi\",\"@id\":\"https:\/\/luan.webrt.net\/qhome\/#\/schema\/logo\/image\/\",\"url\":\"https:\/\/qghome.vn\/wp-content\/uploads\/2025\/08\/logo-mau-MauTH-21.png\",\"contentUrl\":\"https:\/\/qghome.vn\/wp-content\/uploads\/2025\/08\/logo-mau-MauTH-21.png\",\"width\":253,\"height\":99,\"caption\":\"QGHome\"},\"image\":{\"@id\":\"https:\/\/luan.webrt.net\/qhome\/#\/schema\/logo\/image\/\"},\"sameAs\":[\"https:\/\/www.tiktok.com\/@qghome.official\",\"https:\/\/www.youtube.com\/channel\/UCeVBuKTXkv-u94DS421cklw\",\"https:\/\/www.facebook.com\/noithatqghome\"]}]}<\/script>\n<!-- \/ Yoast SEO plugin. -->","yoast_head_json":{"title":"N\u1ed9i th\u1ea5t ph\u00f2ng kh\u00e1ch \u0111\u1eb9p, gi\u00e1 r\u1ebb","description":"N\u1ed9i th\u1ea5t ph\u00f2ng kh\u00e1ch g\u1ed3m 02 s\u1ea3n ph\u1ea9m T\u1ee7 Tivi v\u00e0 Gh\u1ebf sofa c\u00f3 thi\u1ebft k\u1ebf \u0111\u1eb9p, hi\u1ec7n \u0111\u1ea1i, phong c\u00e1ch t\u1ed1i gi\u1ea3n. S\u1eed d\u1ee5ng g\u1ed7 mdf cao c\u1ea5p mang l\u1ea1i \u0111\u1ed9 b\u1ec1n cho s\u1ea3n ph\u1ea9m","robots":{"index":"index","follow":"follow","max-snippet":"max-snippet:-1","max-image-preview":"max-image-preview:large","max-video-preview":"max-video-preview:-1"},"canonical":"https:\/\/luan.webrt.net\/qhome\/san-pham\/noi-that-phong-khach-dep-gia-re\/","og_locale":"vi_VN","og_type":"article","og_title":"N\u1ed9i th\u1ea5t ph\u00f2ng kh\u00e1ch \u0111\u1eb9p, gi\u00e1 r\u1ebb","og_description":"N\u1ed9i th\u1ea5t ph\u00f2ng kh\u00e1ch g\u1ed3m 02 s\u1ea3n ph\u1ea9m T\u1ee7 Tivi v\u00e0 Gh\u1ebf sofa c\u00f3 thi\u1ebft k\u1ebf \u0111\u1eb9p, hi\u1ec7n \u0111\u1ea1i, phong c\u00e1ch t\u1ed1i gi\u1ea3n. S\u1eed d\u1ee5ng g\u1ed7 mdf cao c\u1ea5p mang l\u1ea1i \u0111\u1ed9 b\u1ec1n cho s\u1ea3n ph\u1ea9m","og_url":"https:\/\/luan.webrt.net\/qhome\/san-pham\/noi-that-phong-khach-dep-gia-re\/","og_site_name":"M\u1eabu web n\u1ed9i th\u1ea5t","article_publisher":"https:\/\/www.facebook.com\/noithatqghome","article_modified_time":"2025-11-12T02:05:15+00:00","og_image":[{"width":628,"height":353,"url":"https:\/\/luan.webrt.net\/qhome\/wp-content\/uploads\/2024\/11\/sofa-go-cong-nghiep-1.jpg","type":"image\/jpeg"}],"twitter_card":"summary_large_image","twitter_misc":{"\u01af\u1edbc t\u00ednh th\u1eddi gian \u0111\u1ecdc":"4 ph\u00fat"},"schema":{"@context":"https:\/\/schema.org","@graph":[{"@type":"WebPage","@id":"https:\/\/luan.webrt.net\/qhome\/san-pham\/noi-that-phong-khach-dep-gia-re\/","url":"https:\/\/luan.webrt.net\/qhome\/san-pham\/noi-that-phong-khach-dep-gia-re\/","name":"N\u1ed9i th\u1ea5t ph\u00f2ng kh\u00e1ch \u0111\u1eb9p, gi\u00e1 r\u1ebb","isPartOf":{"@id":"https:\/\/luan.webrt.net\/qhome\/#website"},"datePublished":"2024-11-25T20:21:53+00:00","dateModified":"2025-11-12T02:05:15+00:00","description":"N\u1ed9i th\u1ea5t ph\u00f2ng kh\u00e1ch g\u1ed3m 02 s\u1ea3n ph\u1ea9m T\u1ee7 Tivi v\u00e0 Gh\u1ebf sofa c\u00f3 thi\u1ebft k\u1ebf \u0111\u1eb9p, hi\u1ec7n \u0111\u1ea1i, phong c\u00e1ch t\u1ed1i gi\u1ea3n. S\u1eed d\u1ee5ng g\u1ed7 mdf cao c\u1ea5p mang l\u1ea1i \u0111\u1ed9 b\u1ec1n cho s\u1ea3n ph\u1ea9m","breadcrumb":{"@id":"https:\/\/luan.webrt.net\/qhome\/san-pham\/noi-that-phong-khach-dep-gia-re\/#breadcrumb"},"inLanguage":"vi","potentialAction":[{"@type":"ReadAction","target":["https:\/\/luan.webrt.net\/qhome\/san-pham\/noi-that-phong-khach-dep-gia-re\/"]}]},{"@type":"BreadcrumbList","@id":"https:\/\/luan.webrt.net\/qhome\/san-pham\/noi-that-phong-khach-dep-gia-re\/#breadcrumb","itemListElement":[{"@type":"ListItem","position":1,"name":"Trang ch\u1ee7","item":"https:\/\/luan.webrt.net\/qhome\/"},{"@type":"ListItem","position":2,"name":"Shop","item":"https:\/\/luan.webrt.net\/qhome\/shop\/"},{"@type":"ListItem","position":3,"name":"N\u1ed9i th\u1ea5t ph\u00f2ng kh\u00e1ch \u0111\u1eb9p, gi\u00e1 r\u1ebb"}]},{"@type":"WebSite","@id":"https:\/\/luan.webrt.net\/qhome\/#website","url":"https:\/\/luan.webrt.net\/qhome\/","name":"M\u1eabu web n\u1ed9i th\u1ea5t","description":"QGHome Vi\u1ec7t Nam","publisher":{"@id":"https:\/\/luan.webrt.net\/qhome\/#organization"},"potentialAction":[{"@type":"SearchAction","target":{"@type":"EntryPoint","urlTemplate":"https:\/\/luan.webrt.net\/qhome\/?s={search_term_string}"},"query-input":"required name=search_term_string"}],"inLanguage":"vi"},{"@type":"Organization","@id":"https:\/\/luan.webrt.net\/qhome\/#organization","name":"QGHome","url":"https:\/\/luan.webrt.net\/qhome\/","logo":{"@type":"ImageObject","inLanguage":"vi","@id":"https:\/\/luan.webrt.net\/qhome\/#\/schema\/logo\/image\/","url":"https:\/\/qghome.vn\/wp-content\/uploads\/2025\/08\/logo-mau-MauTH-21.png","contentUrl":"https:\/\/qghome.vn\/wp-content\/uploads\/2025\/08\/logo-mau-MauTH-21.png","width":253,"height":99,"caption":"QGHome"},"image":{"@id":"https:\/\/luan.webrt.net\/qhome\/#\/schema\/logo\/image\/"},"sameAs":["https:\/\/www.tiktok.com\/@qghome.official","https:\/\/www.youtube.com\/channel\/UCeVBuKTXkv-u94DS421cklw","https:\/\/www.facebook.com\/noithatqghome"]}]}},"_links":{"self":[{"href":"https:\/\/luan.webrt.net\/qhome\/wp-json\/wp\/v2\/product\/13076","targetHints":{"allow":["GET"]}}],"collection":[{"href":"https:\/\/luan.webrt.net\/qhome\/wp-json\/wp\/v2\/product"}],"about":[{"href":"https:\/\/luan.webrt.net\/qhome\/wp-json\/wp\/v2\/types\/product"}],"replies":[{"embeddable":true,"href":"https:\/\/luan.webrt.net\/qhome\/wp-json\/wp\/v2\/comments?post=13076"}],"wp:featuredmedia":[{"embeddable":true,"href":"https:\/\/luan.webrt.net\/qhome\/wp-json\/wp\/v2\/media\/13079"}],"wp:attachment":[{"href":"https:\/\/luan.webrt.net\/qhome\/wp-json\/wp\/v2\/media?parent=13076"}],"wp:term":[{"taxonomy":"product_cat","embeddable":true,"href":"https:\/\/luan.webrt.net\/qhome\/wp-json\/wp\/v2\/product_cat?post=13076"},{"taxonomy":"product_tag","embeddable":true,"href":"https:\/\/luan.webrt.net\/qhome\/wp-json\/wp\/v2\/product_tag?post=13076"}],"curies":[{"name":"wp","href":"https:\/\/api.w.org\/{rel}","templated":true}]}}