{"id":13070,"date":"2024-11-21T21:35:17","date_gmt":"2024-11-21T21:35:17","guid":{"rendered":"https:\/\/qghome.vn\/?post_type=product&#038;p=13070"},"modified":"2025-11-12T09:57:12","modified_gmt":"2025-11-12T09:57:12","slug":"tron-bo-noi-that-phong-khach-go-mdf-hien-dai-gia-tot-nhat","status":"publish","type":"product","link":"https:\/\/luan.webrt.net\/qhome\/san-pham\/tron-bo-noi-that-phong-khach-go-mdf-hien-dai-gia-tot-nhat\/","title":{"rendered":"Tr\u1ecdn b\u1ed9 n\u1ed9i th\u1ea5t ph\u00f2ng kh\u00e1ch g\u1ed7 mdf hi\u1ec7n \u0111\u1ea1i &#8211; gi\u00e1 t\u1ed1t nh\u1ea5t"},"content":{"rendered":"<h1 style=\"text-align: center;\"><span style=\"color: #0000ff;\"><strong>Tr\u1ecdn b\u1ed9 n\u1ed9i th\u1ea5t ph\u00f2ng kh\u00e1ch<\/strong><\/span><\/h1>\n<p><span style=\"color: #000000;\">Combo n\u1ed9i th\u1ea5t ph\u00f2ng kh\u00e1ch n\u00e0y g\u1ed3m tr\u1ecdn b\u1ed9 02 s\u1ea3n ph\u1ea9m c\u01a1 b\u1ea3n:<\/span><\/p>\n<ol>\n<li><em><a href=\"https:\/\/qghome.vn\/mau-tu-tivi-phong-khach-dep-ttvg05\/\">T\u1ee7 tivi &#8211; TTV05<\/a><\/em>:<\/li>\n<\/ol>\n<ul>\n<li><span style=\"color: #000000;\">T\u1ee7 \u0111\u1ee9ng: 1200mm x 350mm x 2000mm\u00a0<\/span><\/li>\n<li><span style=\"color: #000000;\">K\u1ec7 tivi: 2400mm x 350mm x 400mm<\/span><\/li>\n<\/ul>\n<ol>\n<li><a href=\"https:\/\/qghome.vn\/ghe-sofa-chu-l-qgsofa04\/\"><em>Gh\u1ebf sofa &#8211; QGSOFA04<\/em><\/a>: <span style=\"color: #000000;\">D\u00e0i 3200mm x R\u1ed9ng 700\/1800mm x Cao 420mm<\/span><\/li>\n<\/ol>\n<p><span style=\"color: #000000;\">*L\u01b0u \u00fd: B\u1ea1n c\u00f3 th\u1ec3 thay \u0111\u1ed5i k\u00edch th\u01b0\u1edbc cho ph\u00f9 h\u1ee3p v\u1edbi di\u1ec7n t\u00edch ph\u00f2ng kh\u00e1ch c\u1ee7a gia \u0111\u00ecnh<\/span><\/p>\n<p><span style=\"color: #000000;\"><strong>Ch\u1ea5t li\u1ec7u<\/strong>: G\u1ed7 MDF ph\u1ee7 melamine cao c\u1ea5p, b\u1ec1n b\u1ec9.<\/span><\/p>\n<p><span style=\"color: #000000;\">Mang m\u1ed9t s\u1ed1 \u01b0u \u0111i\u1ec3m v\u01b0\u1ee3t tr\u1ed9i c\u00f3 th\u1ec3 k\u1ec3 \u0111\u1ebfn nh\u01b0: Ch\u1ea5t l\u01b0\u1ee3ng b\u1ec1n b\u1ec9, gi\u1eef \u0111\u01b0\u1ee3c v\u1ebb \u0111\u1eb9p theo th\u1eddi gian. Kh\u00f4ng lo b\u1ecb cong v\u00eanh, co ng\u00f3t hay m\u1ed1i m\u1ecdt. Kh\u1ea3 n\u0103ng ch\u1ecbu l\u1ef1c t\u1ed1t b\u1edfi k\u1ebft c\u1ea5u ch\u1eafc ch\u1eafn.<\/span><\/p>\n<p><span style=\"color: #000000;\">\u0110a d\u1ea1ng c\u00e1c lo\u1ea1i m\u00e0u s\u1eafc kh\u00e1c nhau \u0111\u1ec3 b\u1ea1n c\u00f3 th\u1ec3 t\u00f9y th\u00edch l\u1ef1a ch\u1ecdn theo s\u1edf th\u00edch c\u0169ng nh\u01b0 l\u00e0 phong c\u00e1ch s\u1ed1ng c\u1ee7a gia \u0111\u00ecnh.<\/span><\/p>\n<p><span style=\"color: #000000;\"><strong>M\u00e0u s\u1eafc<\/strong>: Nh\u1eadn \u0111\u1eb7t m\u00e0u s\u1eafc theo y\u00eau c\u1ea7u.<\/span><\/p>\n<p><span style=\"color: #000000;\">M\u1eddi b\u1ea1n tham kh\u1ea3o th\u00eam th\u00f4ng tin chi ti\u1ebft v\u1ec1 s\u1ea3n ph\u1ea9m t\u1ea1i c\u00e1c \u0111\u01b0\u1eddng link b\u00ean d\u01b0\u1edbi:<\/span><\/p>\n<h3><span style=\"color: #333399;\">1. T\u1ee7 tivi ph\u00f2ng kh\u00e1ch cao c\u1ea5p &#8211; TTV05<\/span><\/h3>\n<figure id=\"attachment_13071\" aria-describedby=\"caption-attachment-13071\" style=\"width: 400px\" class=\"wp-caption aligncenter\"><img loading=\"lazy\" decoding=\"async\" class=\"wp-image-13071 size-medium\" src=\"http:\/\/qghome.vn\/wp-content\/uploads\/2024\/11\/G05.5-400x400.jpg\" alt=\"\" width=\"400\" height=\"400\" srcset=\"https:\/\/luan.webrt.net\/qhome\/wp-content\/uploads\/2024\/11\/G05.5-400x400.jpg 400w, https:\/\/luan.webrt.net\/qhome\/wp-content\/uploads\/2024\/11\/G05.5-100x100.jpg 100w, https:\/\/luan.webrt.net\/qhome\/wp-content\/uploads\/2024\/11\/G05.5-510x510.jpg 510w, https:\/\/luan.webrt.net\/qhome\/wp-content\/uploads\/2024\/11\/G05.5-280x280.jpg 280w, https:\/\/luan.webrt.net\/qhome\/wp-content\/uploads\/2024\/11\/G05.5.jpg 600w\" sizes=\"auto, (max-width: 400px) 100vw, 400px\" \/><figcaption id=\"caption-attachment-13071\" class=\"wp-caption-text\"><em><a href=\"https:\/\/qghome.vn\/mau-tu-tivi-phong-khach-dep-ttvg05\/\">T\u1ee7 tivi ph\u00f2ng kh\u00e1ch hi\u1ec7n \u0111\u1ea1i<\/a><\/em><\/figcaption><\/figure>\n<h3><span style=\"color: #333399;\">2. Gh\u1ebf sofa ph\u00f2ng kh\u00e1ch ch\u1eef L &#8211; QGSOFA04<\/span><\/h3>\n<figure id=\"attachment_13072\" aria-describedby=\"caption-attachment-13072\" style=\"width: 549px\" class=\"wp-caption aligncenter\"><img loading=\"lazy\" decoding=\"async\" class=\"wp-image-13072 size-medium\" src=\"http:\/\/qghome.vn\/wp-content\/uploads\/2024\/11\/1-5-549x400.jpg\" alt=\"\" width=\"549\" height=\"400\" srcset=\"https:\/\/luan.webrt.net\/qhome\/wp-content\/uploads\/2024\/11\/1-5-549x400.jpg 549w, https:\/\/luan.webrt.net\/qhome\/wp-content\/uploads\/2024\/11\/1-5-510x371.jpg 510w, https:\/\/luan.webrt.net\/qhome\/wp-content\/uploads\/2024\/11\/1-5-1098x800.jpg 1098w, https:\/\/luan.webrt.net\/qhome\/wp-content\/uploads\/2024\/11\/1-5-768x559.jpg 768w, https:\/\/luan.webrt.net\/qhome\/wp-content\/uploads\/2024\/11\/1-5.jpg 1362w\" sizes=\"auto, (max-width: 549px) 100vw, 549px\" \/><figcaption id=\"caption-attachment-13072\" class=\"wp-caption-text\"><em><a href=\"https:\/\/qghome.vn\/ghe-sofa-chu-l-qgsofa04\/\">B\u1ed9 gh\u1ebf sofa sang tr\u1ecdng<\/a><\/em><\/figcaption><\/figure>\n<p><em>*L\u01b0u \u00fd: N\u1ebfu b\u1ea1n mu\u1ed1n \u0111\u1eb7t th\u00eam b\u00e0n tr\u00e0 c\u00f3 trong m\u1eabu th\u00ec h\u00e3y li\u00ean h\u1ec7 v\u1edbi ch\u00fang t\u00f4i nh\u00e9!<\/em><\/p>\n<p style=\"text-align: center;\">***<\/p>\n<p><span style=\"color: #000000;\">L\u1ef1a ch\u1ecdn tr\u1ecdn b\u1ed9 n\u1ed9i th\u1ea5t \u0111\u1ec3 vi\u1ec7c thi\u1ebft k\u1ebf ph\u00f2ng kh\u00e1ch c\u1ee7a b\u1ea1n tr\u1edf n\u00ean \u0111\u01a1n gi\u1ea3n v\u00e0 t\u1ed1i \u01b0u h\u01a1n b\u1ea1n nh\u00e9!<\/span><\/p>\n<p><span style=\"color: #000000;\">\u0110\u1eb7t mua combo n\u1ed9i th\u1ea5t ph\u00f2ng kh\u00e1ch t\u1ea1i QG Home ngay h\u00f4m nay \u0111\u1ec3 c\u00f3 m\u1ee9c gi\u00e1 si\u00eau h\u1eddi c\u00f9ng nhi\u1ec1u \u01b0u \u0111\u00e3i h\u1ea5p d\u1eabn!!!<\/span><\/p>\n<p><span style=\"color: #000000;\">H\u00e3y theo d\u00f5i ch\u00fang t\u00f4i \u0111\u1ec3 kh\u00e1m ph\u00e1 th\u00eam nhi\u1ec1u m\u1eabu <span style=\"color: #0000ff;\"><em><a style=\"color: #0000ff;\" href=\"https:\/\/qghome.vn\/noi-that-chung-cu\/tron-goi-noi-that-chung-cu\/tron-goi-noi-that-phong-khach\/\">combo n\u1ed9i th\u1ea5t ph\u00f2ng kh\u00e1ch<\/a><\/em><\/span>\u00a0g\u1ed7 mdf kh\u00e1c.<\/span><\/p>\n<h4><span style=\"color: #000000;\">QG Home \u2013 \u0111\u01a1n v\u1ecb thi c\u00f4ng n\u1ed9i th\u1ea5t h\u00e0ng \u0111\u1ea7u Vi\u1ec7t Nam v\u1edbi nh\u1eefng m\u1eb7t h\u00e0ng ti\u00eau bi\u1ec3u:\u00a0<span style=\"color: #0000ff;\"><a style=\"color: #0000ff;\" href=\"https:\/\/qghome.vn\/noi-that-chung-cu\/\">N\u1ed9i th\u1ea5t chung c\u01b0<\/a><\/span>\u00a0(thi\u1ebft k\u1ebf tr\u1ecdn g\u00f3i v\u00e0 c\u00e1c s\u1ea3n ph\u1ea9m c\u1ee7a ph\u00f2ng ng\u1ee7, ph\u00f2ng kh\u00e1ch, ph\u00f2ng b\u1ebfp,\u2026);\u00a0<span style=\"color: #0000ff;\"><a style=\"color: #0000ff;\" href=\"https:\/\/qghome.vn\/san-pham\/noi-that-van-phong\/\">N\u1ed9i th\u1ea5t v\u0103n ph\u00f2ng<\/a><\/span>;\u2026<\/span><\/h4>\n<div class=\"host-bincmiainjofjnhchmcalkanjebghoen\" style=\"position: relative; z-index: 2147483647;\"><\/div>\n","protected":false},"excerpt":{"rendered":"<p>&nbsp;<\/p>\n<div class=\"host-bincmiainjofjnhchmcalkanjebghoen\" style=\"position: relative; z-index: 2147483647;\"><\/div>\n","protected":false},"featured_media":13071,"comment_status":"open","ping_status":"closed","template":"","meta":[],"product_cat":[631,684,119],"product_tag":[],"class_list":["post-13070","product","type-product","status-publish","has-post-thumbnail","hentry","product_cat-tron-goi-noi-that-chung-cu","product_cat-tron-goi-noi-that-phong-khach","product_cat-san-pham"],"yoast_head":"<!-- This site is optimized with the Yoast SEO plugin v19.9 - https:\/\/yoast.com\/wordpress\/plugins\/seo\/ -->\n<title>Tr\u1ecdn b\u1ed9 n\u1ed9i th\u1ea5t ph\u00f2ng kh\u00e1ch g\u1ed7 mdf hi\u1ec7n \u0111\u1ea1i - gi\u00e1 t\u1ed1t nh\u1ea5t<\/title>\n<meta name=\"description\" content=\"Tr\u1ecdn b\u1ed9 ph\u00f2ng kh\u00e1ch g\u1ed3m 02 s\u1ea3n ph\u1ea9m n\u1ed9i th\u1ea5t c\u01a1 b\u1ea3n: T\u1ee7 tivi v\u00e0 b\u1ed9 gh\u1ebf Sofa. \u0110\u01b0\u1ee3c l\u00e0m t\u1eeb v\u00e1n g\u1ed7 c\u00f4ng nghi\u1ec7p mdf cao c\u1ea5p, b\u1ec1n b\u1ec9. Phong c\u00e1ch hi\u1ec7n \u0111\u1ea1i.\" \/>\n<meta name=\"robots\" content=\"index, follow, max-snippet:-1, max-image-preview:large, max-video-preview:-1\" \/>\n<link rel=\"canonical\" href=\"https:\/\/luan.webrt.net\/qhome\/san-pham\/tron-bo-noi-that-phong-khach-go-mdf-hien-dai-gia-tot-nhat\/\" \/>\n<meta property=\"og:locale\" content=\"vi_VN\" \/>\n<meta property=\"og:type\" content=\"article\" \/>\n<meta property=\"og:title\" content=\"Tr\u1ecdn b\u1ed9 n\u1ed9i th\u1ea5t ph\u00f2ng kh\u00e1ch g\u1ed7 mdf hi\u1ec7n \u0111\u1ea1i - gi\u00e1 t\u1ed1t nh\u1ea5t\" \/>\n<meta property=\"og:description\" content=\"Tr\u1ecdn b\u1ed9 ph\u00f2ng kh\u00e1ch g\u1ed3m 02 s\u1ea3n ph\u1ea9m n\u1ed9i th\u1ea5t c\u01a1 b\u1ea3n: T\u1ee7 tivi v\u00e0 b\u1ed9 gh\u1ebf Sofa. \u0110\u01b0\u1ee3c l\u00e0m t\u1eeb v\u00e1n g\u1ed7 c\u00f4ng nghi\u1ec7p mdf cao c\u1ea5p, b\u1ec1n b\u1ec9. Phong c\u00e1ch hi\u1ec7n \u0111\u1ea1i.\" \/>\n<meta property=\"og:url\" content=\"https:\/\/luan.webrt.net\/qhome\/san-pham\/tron-bo-noi-that-phong-khach-go-mdf-hien-dai-gia-tot-nhat\/\" \/>\n<meta property=\"og:site_name\" content=\"M\u1eabu web n\u1ed9i th\u1ea5t\" \/>\n<meta property=\"article:publisher\" content=\"https:\/\/www.facebook.com\/noithatqghome\" \/>\n<meta property=\"article:modified_time\" content=\"2025-11-12T09:57:12+00:00\" \/>\n<meta property=\"og:image\" content=\"https:\/\/luan.webrt.net\/qhome\/wp-content\/uploads\/2024\/11\/G05.5.jpg\" \/>\n\t<meta property=\"og:image:width\" content=\"600\" \/>\n\t<meta property=\"og:image:height\" content=\"600\" \/>\n\t<meta property=\"og:image:type\" content=\"image\/jpeg\" \/>\n<meta name=\"twitter:card\" content=\"summary_large_image\" \/>\n<meta name=\"twitter:label1\" content=\"\u01af\u1edbc t\u00ednh th\u1eddi gian \u0111\u1ecdc\" \/>\n\t<meta name=\"twitter:data1\" content=\"3 ph\u00fat\" \/>\n<script type=\"application\/ld+json\" class=\"yoast-schema-graph\">{\"@context\":\"https:\/\/schema.org\",\"@graph\":[{\"@type\":\"WebPage\",\"@id\":\"https:\/\/luan.webrt.net\/qhome\/san-pham\/tron-bo-noi-that-phong-khach-go-mdf-hien-dai-gia-tot-nhat\/\",\"url\":\"https:\/\/luan.webrt.net\/qhome\/san-pham\/tron-bo-noi-that-phong-khach-go-mdf-hien-dai-gia-tot-nhat\/\",\"name\":\"Tr\u1ecdn b\u1ed9 n\u1ed9i th\u1ea5t ph\u00f2ng kh\u00e1ch g\u1ed7 mdf hi\u1ec7n \u0111\u1ea1i - gi\u00e1 t\u1ed1t nh\u1ea5t\",\"isPartOf\":{\"@id\":\"https:\/\/luan.webrt.net\/qhome\/#website\"},\"datePublished\":\"2024-11-21T21:35:17+00:00\",\"dateModified\":\"2025-11-12T09:57:12+00:00\",\"description\":\"Tr\u1ecdn b\u1ed9 ph\u00f2ng kh\u00e1ch g\u1ed3m 02 s\u1ea3n ph\u1ea9m n\u1ed9i th\u1ea5t c\u01a1 b\u1ea3n: T\u1ee7 tivi v\u00e0 b\u1ed9 gh\u1ebf Sofa. \u0110\u01b0\u1ee3c l\u00e0m t\u1eeb v\u00e1n g\u1ed7 c\u00f4ng nghi\u1ec7p mdf cao c\u1ea5p, b\u1ec1n b\u1ec9. Phong c\u00e1ch hi\u1ec7n \u0111\u1ea1i.\",\"breadcrumb\":{\"@id\":\"https:\/\/luan.webrt.net\/qhome\/san-pham\/tron-bo-noi-that-phong-khach-go-mdf-hien-dai-gia-tot-nhat\/#breadcrumb\"},\"inLanguage\":\"vi\",\"potentialAction\":[{\"@type\":\"ReadAction\",\"target\":[\"https:\/\/luan.webrt.net\/qhome\/san-pham\/tron-bo-noi-that-phong-khach-go-mdf-hien-dai-gia-tot-nhat\/\"]}]},{\"@type\":\"BreadcrumbList\",\"@id\":\"https:\/\/luan.webrt.net\/qhome\/san-pham\/tron-bo-noi-that-phong-khach-go-mdf-hien-dai-gia-tot-nhat\/#breadcrumb\",\"itemListElement\":[{\"@type\":\"ListItem\",\"position\":1,\"name\":\"Trang ch\u1ee7\",\"item\":\"https:\/\/luan.webrt.net\/qhome\/\"},{\"@type\":\"ListItem\",\"position\":2,\"name\":\"Shop\",\"item\":\"https:\/\/luan.webrt.net\/qhome\/shop\/\"},{\"@type\":\"ListItem\",\"position\":3,\"name\":\"Tr\u1ecdn b\u1ed9 n\u1ed9i th\u1ea5t ph\u00f2ng kh\u00e1ch g\u1ed7 mdf hi\u1ec7n \u0111\u1ea1i &#8211; gi\u00e1 t\u1ed1t nh\u1ea5t\"}]},{\"@type\":\"WebSite\",\"@id\":\"https:\/\/luan.webrt.net\/qhome\/#website\",\"url\":\"https:\/\/luan.webrt.net\/qhome\/\",\"name\":\"M\u1eabu web n\u1ed9i th\u1ea5t\",\"description\":\"QGHome Vi\u1ec7t Nam\",\"publisher\":{\"@id\":\"https:\/\/luan.webrt.net\/qhome\/#organization\"},\"potentialAction\":[{\"@type\":\"SearchAction\",\"target\":{\"@type\":\"EntryPoint\",\"urlTemplate\":\"https:\/\/luan.webrt.net\/qhome\/?s={search_term_string}\"},\"query-input\":\"required name=search_term_string\"}],\"inLanguage\":\"vi\"},{\"@type\":\"Organization\",\"@id\":\"https:\/\/luan.webrt.net\/qhome\/#organization\",\"name\":\"QGHome\",\"url\":\"https:\/\/luan.webrt.net\/qhome\/\",\"logo\":{\"@type\":\"ImageObject\",\"inLanguage\":\"vi\",\"@id\":\"https:\/\/luan.webrt.net\/qhome\/#\/schema\/logo\/image\/\",\"url\":\"https:\/\/qghome.vn\/wp-content\/uploads\/2025\/08\/logo-mau-MauTH-21.png\",\"contentUrl\":\"https:\/\/qghome.vn\/wp-content\/uploads\/2025\/08\/logo-mau-MauTH-21.png\",\"width\":253,\"height\":99,\"caption\":\"QGHome\"},\"image\":{\"@id\":\"https:\/\/luan.webrt.net\/qhome\/#\/schema\/logo\/image\/\"},\"sameAs\":[\"https:\/\/www.tiktok.com\/@qghome.official\",\"https:\/\/www.youtube.com\/channel\/UCeVBuKTXkv-u94DS421cklw\",\"https:\/\/www.facebook.com\/noithatqghome\"]}]}<\/script>\n<!-- \/ Yoast SEO plugin. -->","yoast_head_json":{"title":"Tr\u1ecdn b\u1ed9 n\u1ed9i th\u1ea5t ph\u00f2ng kh\u00e1ch g\u1ed7 mdf hi\u1ec7n \u0111\u1ea1i - gi\u00e1 t\u1ed1t nh\u1ea5t","description":"Tr\u1ecdn b\u1ed9 ph\u00f2ng kh\u00e1ch g\u1ed3m 02 s\u1ea3n ph\u1ea9m n\u1ed9i th\u1ea5t c\u01a1 b\u1ea3n: T\u1ee7 tivi v\u00e0 b\u1ed9 gh\u1ebf Sofa. \u0110\u01b0\u1ee3c l\u00e0m t\u1eeb v\u00e1n g\u1ed7 c\u00f4ng nghi\u1ec7p mdf cao c\u1ea5p, b\u1ec1n b\u1ec9. Phong c\u00e1ch hi\u1ec7n \u0111\u1ea1i.","robots":{"index":"index","follow":"follow","max-snippet":"max-snippet:-1","max-image-preview":"max-image-preview:large","max-video-preview":"max-video-preview:-1"},"canonical":"https:\/\/luan.webrt.net\/qhome\/san-pham\/tron-bo-noi-that-phong-khach-go-mdf-hien-dai-gia-tot-nhat\/","og_locale":"vi_VN","og_type":"article","og_title":"Tr\u1ecdn b\u1ed9 n\u1ed9i th\u1ea5t ph\u00f2ng kh\u00e1ch g\u1ed7 mdf hi\u1ec7n \u0111\u1ea1i - gi\u00e1 t\u1ed1t nh\u1ea5t","og_description":"Tr\u1ecdn b\u1ed9 ph\u00f2ng kh\u00e1ch g\u1ed3m 02 s\u1ea3n ph\u1ea9m n\u1ed9i th\u1ea5t c\u01a1 b\u1ea3n: T\u1ee7 tivi v\u00e0 b\u1ed9 gh\u1ebf Sofa. \u0110\u01b0\u1ee3c l\u00e0m t\u1eeb v\u00e1n g\u1ed7 c\u00f4ng nghi\u1ec7p mdf cao c\u1ea5p, b\u1ec1n b\u1ec9. Phong c\u00e1ch hi\u1ec7n \u0111\u1ea1i.","og_url":"https:\/\/luan.webrt.net\/qhome\/san-pham\/tron-bo-noi-that-phong-khach-go-mdf-hien-dai-gia-tot-nhat\/","og_site_name":"M\u1eabu web n\u1ed9i th\u1ea5t","article_publisher":"https:\/\/www.facebook.com\/noithatqghome","article_modified_time":"2025-11-12T09:57:12+00:00","og_image":[{"width":600,"height":600,"url":"https:\/\/luan.webrt.net\/qhome\/wp-content\/uploads\/2024\/11\/G05.5.jpg","type":"image\/jpeg"}],"twitter_card":"summary_large_image","twitter_misc":{"\u01af\u1edbc t\u00ednh th\u1eddi gian \u0111\u1ecdc":"3 ph\u00fat"},"schema":{"@context":"https:\/\/schema.org","@graph":[{"@type":"WebPage","@id":"https:\/\/luan.webrt.net\/qhome\/san-pham\/tron-bo-noi-that-phong-khach-go-mdf-hien-dai-gia-tot-nhat\/","url":"https:\/\/luan.webrt.net\/qhome\/san-pham\/tron-bo-noi-that-phong-khach-go-mdf-hien-dai-gia-tot-nhat\/","name":"Tr\u1ecdn b\u1ed9 n\u1ed9i th\u1ea5t ph\u00f2ng kh\u00e1ch g\u1ed7 mdf hi\u1ec7n \u0111\u1ea1i - gi\u00e1 t\u1ed1t nh\u1ea5t","isPartOf":{"@id":"https:\/\/luan.webrt.net\/qhome\/#website"},"datePublished":"2024-11-21T21:35:17+00:00","dateModified":"2025-11-12T09:57:12+00:00","description":"Tr\u1ecdn b\u1ed9 ph\u00f2ng kh\u00e1ch g\u1ed3m 02 s\u1ea3n ph\u1ea9m n\u1ed9i th\u1ea5t c\u01a1 b\u1ea3n: T\u1ee7 tivi v\u00e0 b\u1ed9 gh\u1ebf Sofa. \u0110\u01b0\u1ee3c l\u00e0m t\u1eeb v\u00e1n g\u1ed7 c\u00f4ng nghi\u1ec7p mdf cao c\u1ea5p, b\u1ec1n b\u1ec9. Phong c\u00e1ch hi\u1ec7n \u0111\u1ea1i.","breadcrumb":{"@id":"https:\/\/luan.webrt.net\/qhome\/san-pham\/tron-bo-noi-that-phong-khach-go-mdf-hien-dai-gia-tot-nhat\/#breadcrumb"},"inLanguage":"vi","potentialAction":[{"@type":"ReadAction","target":["https:\/\/luan.webrt.net\/qhome\/san-pham\/tron-bo-noi-that-phong-khach-go-mdf-hien-dai-gia-tot-nhat\/"]}]},{"@type":"BreadcrumbList","@id":"https:\/\/luan.webrt.net\/qhome\/san-pham\/tron-bo-noi-that-phong-khach-go-mdf-hien-dai-gia-tot-nhat\/#breadcrumb","itemListElement":[{"@type":"ListItem","position":1,"name":"Trang ch\u1ee7","item":"https:\/\/luan.webrt.net\/qhome\/"},{"@type":"ListItem","position":2,"name":"Shop","item":"https:\/\/luan.webrt.net\/qhome\/shop\/"},{"@type":"ListItem","position":3,"name":"Tr\u1ecdn b\u1ed9 n\u1ed9i th\u1ea5t ph\u00f2ng kh\u00e1ch g\u1ed7 mdf hi\u1ec7n \u0111\u1ea1i &#8211; gi\u00e1 t\u1ed1t nh\u1ea5t"}]},{"@type":"WebSite","@id":"https:\/\/luan.webrt.net\/qhome\/#website","url":"https:\/\/luan.webrt.net\/qhome\/","name":"M\u1eabu web n\u1ed9i th\u1ea5t","description":"QGHome Vi\u1ec7t Nam","publisher":{"@id":"https:\/\/luan.webrt.net\/qhome\/#organization"},"potentialAction":[{"@type":"SearchAction","target":{"@type":"EntryPoint","urlTemplate":"https:\/\/luan.webrt.net\/qhome\/?s={search_term_string}"},"query-input":"required name=search_term_string"}],"inLanguage":"vi"},{"@type":"Organization","@id":"https:\/\/luan.webrt.net\/qhome\/#organization","name":"QGHome","url":"https:\/\/luan.webrt.net\/qhome\/","logo":{"@type":"ImageObject","inLanguage":"vi","@id":"https:\/\/luan.webrt.net\/qhome\/#\/schema\/logo\/image\/","url":"https:\/\/qghome.vn\/wp-content\/uploads\/2025\/08\/logo-mau-MauTH-21.png","contentUrl":"https:\/\/qghome.vn\/wp-content\/uploads\/2025\/08\/logo-mau-MauTH-21.png","width":253,"height":99,"caption":"QGHome"},"image":{"@id":"https:\/\/luan.webrt.net\/qhome\/#\/schema\/logo\/image\/"},"sameAs":["https:\/\/www.tiktok.com\/@qghome.official","https:\/\/www.youtube.com\/channel\/UCeVBuKTXkv-u94DS421cklw","https:\/\/www.facebook.com\/noithatqghome"]}]}},"_links":{"self":[{"href":"https:\/\/luan.webrt.net\/qhome\/wp-json\/wp\/v2\/product\/13070","targetHints":{"allow":["GET"]}}],"collection":[{"href":"https:\/\/luan.webrt.net\/qhome\/wp-json\/wp\/v2\/product"}],"about":[{"href":"https:\/\/luan.webrt.net\/qhome\/wp-json\/wp\/v2\/types\/product"}],"replies":[{"embeddable":true,"href":"https:\/\/luan.webrt.net\/qhome\/wp-json\/wp\/v2\/comments?post=13070"}],"wp:featuredmedia":[{"embeddable":true,"href":"https:\/\/luan.webrt.net\/qhome\/wp-json\/wp\/v2\/media\/13071"}],"wp:attachment":[{"href":"https:\/\/luan.webrt.net\/qhome\/wp-json\/wp\/v2\/media?parent=13070"}],"wp:term":[{"taxonomy":"product_cat","embeddable":true,"href":"https:\/\/luan.webrt.net\/qhome\/wp-json\/wp\/v2\/product_cat?post=13070"},{"taxonomy":"product_tag","embeddable":true,"href":"https:\/\/luan.webrt.net\/qhome\/wp-json\/wp\/v2\/product_tag?post=13070"}],"curies":[{"name":"wp","href":"https:\/\/api.w.org\/{rel}","templated":true}]}}