{"id":13049,"date":"2024-11-18T21:12:51","date_gmt":"2024-11-18T21:12:51","guid":{"rendered":"https:\/\/qghome.vn\/?post_type=product&#038;p=13049"},"modified":"2025-11-12T07:07:17","modified_gmt":"2025-11-12T07:07:17","slug":"ghe-sofa-nho-gon-hien-dai-gia-re-qgsofa08","status":"publish","type":"product","link":"https:\/\/luan.webrt.net\/qhome\/san-pham\/ghe-sofa-nho-gon-hien-dai-gia-re-qgsofa08\/","title":{"rendered":"Gh\u1ebf sofa nh\u1ecf g\u1ecdn, hi\u1ec7n \u0111\u1ea1i, gi\u00e1 r\u1ebb &#8211; QGSOFA08"},"content":{"rendered":"<h1><span style=\"color: #0000ff;\">Gh\u1ebf sofa nh\u1ecf g\u1ecdn &#8211; QGSOFA08<\/span><\/h1>\n<p><span style=\"color: #000000;\">Gh\u1ebf sofa nh\u1ecf \u0111\u1eb9p &#8211; QGSOFA08 \u0111\u01b0\u1ee3c thi\u1ebft k\u1ebf v\u1edbi k\u00edch th\u01b0\u1edbc sofa mini. Ph\u00f9 h\u1ee3p cho m\u1ecdi nh\u1eefng kh\u00f4ng gian ph\u00f2ng kh\u00e1ch c\u00f3 di\u1ec7n t\u00edch h\u1ea1n ch\u1ebf, hay ph\u00f2ng ng\u1ee7 nh\u1ecf.\u00a0<\/span><\/p>\n<p><span style=\"color: #000000;\">M\u1eddi b\u1ea1n t\u00ecm hi\u1ec3u th\u00f4ng tin chi ti\u1ebft v\u1ec1 s\u1ea3n ph\u1ea9m:<\/span><\/p>\n<h3><em><span style=\"font-weight: 400; color: #000000;\">Th\u00f4ng s\u1ed1 s\u1ea3n ph\u1ea9m<\/span><\/em><\/h3>\n<table style=\"width: 90.2517%;\">\n<tbody>\n<tr>\n<td><span style=\"font-weight: 400; color: #000000;\">K\u00edch th\u01b0\u1edbc sofa<\/span><\/td>\n<td>\n<ul>\n<li style=\"font-weight: 400;\" aria-level=\"1\"><span style=\"font-weight: 400; color: #000000;\">D\u00e0i 2000mm x R\u1ed9ng 650mm x Cao 220\/650mm<\/span><\/li>\n<\/ul>\n<\/td>\n<\/tr>\n<tr>\n<td><span style=\"font-weight: 400; color: #000000;\">Ch\u1ea5t li\u1ec7u<\/span><\/td>\n<td><span style=\"font-weight: 400; color: #000000;\">V\u00e1n g\u1ed7 c\u00f4ng nghi\u1ec7p MDF ph\u1ee7 melamine ch\u1ea5t l\u01b0\u1ee3ng cao v\u1edbi m\u1ed9t s\u1ed1 \u01b0u \u0111i\u1ec3m c\u00f3 th\u1ec3 k\u1ec3 \u0111\u1ebfn nh\u01b0:<\/span><\/p>\n<ul>\n<li style=\"font-weight: 400;\" aria-level=\"1\"><span style=\"font-weight: 400; color: #000000;\">B\u1ec1n b\u1ec9 theo th\u1eddi gian.<\/span><\/li>\n<li style=\"font-weight: 400;\" aria-level=\"1\"><span style=\"font-weight: 400; color: #000000;\">H\u1ea1n ch\u1ebf cong v\u00eanh.<\/span><\/li>\n<li style=\"font-weight: 400;\" aria-level=\"1\"><span style=\"font-weight: 400; color: #000000;\">Ch\u1ed1ng m\u1ed1i m\u1ecdt, ch\u1ed1ng \u1ea9m, ch\u1ed1ng co ng\u00f3t.<\/span><\/li>\n<li style=\"font-weight: 400;\" aria-level=\"1\"><span style=\"font-weight: 400; color: #000000;\">D\u1ec5 d\u00e0ng v\u1ec7 sinh.<\/span><\/li>\n<\/ul>\n<p><span style=\"font-weight: 400; color: #000000;\">\u0110\u1ec7m m\u00fat theo y\u00eau c\u1ea7u.<\/span><\/td>\n<\/tr>\n<tr>\n<td><span style=\"font-weight: 400; color: #000000;\">M\u00e0u s\u1eafc<\/span><\/td>\n<td><span style=\"font-weight: 400; color: #000000;\">M\u00e0u tr\u1eafng \u0111\u1ee5c k\u1ebft h\u1ee3p v\u00e2n g\u1ed7 sang tr\u1ecdng, thanh l\u1ecbch.<\/span><\/p>\n<p><span style=\"font-weight: 400; color: #000000;\">* Kh\u00e1ch h\u00e0ng c\u00f3 th\u1ec3 l\u1ef1a ch\u1ecdn m\u00e0u s\u1eafc t\u00f9y th\u00edch.<\/span><\/td>\n<\/tr>\n<\/tbody>\n<\/table>\n<p>&nbsp;<\/p>\n<figure id=\"attachment_13051\" aria-describedby=\"caption-attachment-13051\" style=\"width: 522px\" class=\"wp-caption aligncenter\"><img loading=\"lazy\" decoding=\"async\" class=\"wp-image-13051 size-medium\" src=\"http:\/\/qghome.vn\/wp-content\/uploads\/2024\/11\/8.1-1-522x400.jpg\" alt=\"\" width=\"522\" height=\"400\" srcset=\"https:\/\/luan.webrt.net\/qhome\/wp-content\/uploads\/2024\/11\/8.1-1-522x400.jpg 522w, https:\/\/luan.webrt.net\/qhome\/wp-content\/uploads\/2024\/11\/8.1-1-510x391.jpg 510w, https:\/\/luan.webrt.net\/qhome\/wp-content\/uploads\/2024\/11\/8.1-1.jpg 600w\" sizes=\"auto, (max-width: 522px) 100vw, 522px\" \/><figcaption id=\"caption-attachment-13051\" class=\"wp-caption-text\">Gh\u1ebf sofa g\u1ed7 c\u00f4ng nghi\u1ec7p mdf<\/figcaption><\/figure>\n<h3><span style=\"color: #000000;\"><em>\u01afu \u0111i\u1ec3m v\u01b0\u1ee3t tr\u1ed9i c\u1ee7a gh\u1ebf sofa g\u1ed7 mdf nh\u1ecf g\u1ecdn &#8211; QGSOFA08<\/em><\/span><\/h3>\n<ul>\n<li><span style=\"color: #000000;\">Thi\u1ebft k\u1ebf nh\u1ecf g\u1ecdn, ti\u1ec7n l\u1ee3i.<\/span><\/li>\n<li><span style=\"color: #000000;\">K\u1ebft c\u1ea5u ch\u1eafc ch\u1eafn, v\u00e1t c\u1ea1nh tinh t\u1ebf, t\u1ec9 m\u1ec9.<\/span><\/li>\n<li><span style=\"color: #000000;\">\u0110a c\u00f4ng n\u0103ng: B\u1ea1n c\u00f3 th\u1ec3 s\u1eed d\u1ee5ng gh\u1ebf nh\u01b0 m\u1ed9t n\u01a1i ti\u1ebfp kh\u00e1ch b\u00ecnh th\u01b0\u1eddng. B\u00ean c\u1ea1nh \u0111\u00f3, m\u1eabu gh\u1ebf sofa mini n\u00e0y c\u00f2n c\u00f3 th\u1ec3 tr\u1edf th\u00e0nh chi\u1ebfc gi\u01b0\u1eddng nh\u1ecf xinh cho b\u1ea1n ngh\u1ec9 ng\u01a1i th\u01b0 gi\u00e3n.\u00a0<\/span><\/li>\n<li><span style=\"color: #000000;\">T\u00edch h\u1ee3p c\u00e1c ng\u0103n k\u00e9o l\u1edbn, r\u1ed9ng r\u00e3i. Gi\u00fap b\u1ea1n c\u1ea5t tr\u1eef m\u1ed9t s\u1ed1 \u0111\u1ed3 l\u1eb7t v\u1eb7t nh\u1ecf m\u1ed9t c\u00e1ch g\u1ecdn g\u00e0ng v\u00e0 ti\u1ec7n l\u1ee3i.<\/span><\/li>\n<\/ul>\n<p>&nbsp;<\/p>\n<p><img loading=\"lazy\" decoding=\"async\" class=\"wp-image-13052 size-medium\" src=\"http:\/\/qghome.vn\/wp-content\/uploads\/2024\/11\/ghe-sofa-lam-bang-go-cong-nghiep-500x400.jpg\" alt=\"\" width=\"500\" height=\"400\" srcset=\"https:\/\/luan.webrt.net\/qhome\/wp-content\/uploads\/2024\/11\/ghe-sofa-lam-bang-go-cong-nghiep-500x400.jpg 500w, https:\/\/luan.webrt.net\/qhome\/wp-content\/uploads\/2024\/11\/ghe-sofa-lam-bang-go-cong-nghiep-510x408.jpg 510w, https:\/\/luan.webrt.net\/qhome\/wp-content\/uploads\/2024\/11\/ghe-sofa-lam-bang-go-cong-nghiep.jpg 600w\" sizes=\"auto, (max-width: 500px) 100vw, 500px\" \/><\/p>\n<h3><span style=\"color: #000000;\"><em>S\u1eed d\u1ee5ng v\u00e1n g\u1ed7 c\u00f4ng nghi\u1ec7p mdf ch\u1ea5t l\u01b0\u1ee3ng cao<\/em><\/span><\/h3>\n<ul>\n<li aria-level=\"1\"><span style=\"color: #000000;\">Ch\u1ea5t l\u01b0\u1ee3ng b\u1ec1n b\u1ec9, gi\u1eef \u0111\u01b0\u1ee3c v\u1ebb \u0111\u1eb9p theo th\u1eddi gian.<\/span><\/li>\n<li aria-level=\"1\"><span style=\"color: #000000;\">Kh\u00f4ng lo b\u1ecb cong v\u00eanh, co ng\u00f3t hay m\u1ed1i m\u1ecdt.<\/span><\/li>\n<li aria-level=\"1\"><span style=\"color: #000000;\">Kh\u1ea3 n\u0103ng ch\u1ecbu l\u1ef1c t\u1ed1t b\u1edfi k\u1ebft c\u1ea5u ch\u1eafc ch\u1eafn.<\/span><\/li>\n<li aria-level=\"1\"><span style=\"color: #000000;\">D\u1ec5 d\u00e0ng v\u1ec7 sinh lau ch\u00f9i b\u1edfi b\u1ec1 m\u1eb7t nh\u1eb5n nhv\u00e0 s\u00e1ng b\u00f3ng.<\/span><\/li>\n<li aria-level=\"1\"><span style=\"color: #000000;\">\u0110a d\u1ea1ng c\u00e1c lo\u1ea1i m\u00e0u s\u1eafc kh\u00e1c nhau \u0111\u1ec3 b\u1ea1n c\u00f3 th\u1ec3 t\u00f9y th\u00edch l\u1ef1a ch\u1ecdn theo s\u1edf th\u00edch c\u0169ng nh\u01b0 l\u00e0 phong c\u00e1ch s\u1ed1ng c\u1ee7a gia \u0111\u00ecnh.<\/span><\/li>\n<\/ul>\n<figure id=\"attachment_13053\" aria-describedby=\"caption-attachment-13053\" style=\"width: 585px\" class=\"wp-caption aligncenter\"><img loading=\"lazy\" decoding=\"async\" class=\"wp-image-13053 size-medium\" src=\"http:\/\/qghome.vn\/wp-content\/uploads\/2024\/11\/kich-thuoc-ghe-sofa-go-cong-nghiep-585x400.jpg\" alt=\"\" width=\"585\" height=\"400\" srcset=\"https:\/\/luan.webrt.net\/qhome\/wp-content\/uploads\/2024\/11\/kich-thuoc-ghe-sofa-go-cong-nghiep-585x400.jpg 585w, https:\/\/luan.webrt.net\/qhome\/wp-content\/uploads\/2024\/11\/kich-thuoc-ghe-sofa-go-cong-nghiep-510x349.jpg 510w, https:\/\/luan.webrt.net\/qhome\/wp-content\/uploads\/2024\/11\/kich-thuoc-ghe-sofa-go-cong-nghiep.jpg 600w\" sizes=\"auto, (max-width: 585px) 100vw, 585px\" \/><figcaption id=\"caption-attachment-13053\" class=\"wp-caption-text\">K\u00edch th\u01b0\u1edbc gh\u1ebf sofa<\/figcaption><\/figure>\n<p><span style=\"color: #000000;\">H\u00e3y \u0111\u1eb7t h\u00e0ng ngay h\u00f4m nay \u0111\u1ec3 nh\u1eadn \u0111\u01b0\u1ee3c nhi\u1ec1u g\u00f3i \u01b0u \u0111\u00e3i h\u1ea5p d\u1eabn b\u1ea1n nh\u00e9!<\/span><\/p>\n<p><span style=\"color: #000000;\">M\u1eddi b\u1ea1n tham kh\u1ea3o th\u00eam c\u00e1c m\u1eabu gh\u1ebf sofa kh\u00e1c<span style=\"color: #0000ff;\"><a style=\"color: #0000ff;\" href=\"https:\/\/qghome.vn\/noi-that-chung-cu\/noi-that-phong-khach\/ghe-sofa\/\">\u00a0t\u1ea1i \u0111\u00e2y<\/a>.<\/span><\/span><\/p>\n<p><span style=\"color: #000000;\">QG Home \u2013 \u0111\u01a1n v\u1ecb thi c\u00f4ng n\u1ed9i th\u1ea5t h\u00e0ng \u0111\u1ea7u Vi\u1ec7t Nam v\u1edbi nh\u1eefng m\u1eb7t h\u00e0ng ti\u00eau bi\u1ec3u:\u00a0<span style=\"color: #3366ff;\"><a style=\"color: #3366ff;\" href=\"https:\/\/qghome.vn\/noi-that-chung-cu\/\">N\u1ed9i th\u1ea5t chung c\u01b0<\/a>\u00a0<\/span>(thi\u1ebft k\u1ebf tr\u1ecdn g\u00f3i v\u00e0 c\u00e1c s\u1ea3n ph\u1ea9m c\u1ee7a ph\u00f2ng ng\u1ee7, ph\u00f2ng kh\u00e1ch, ph\u00f2ng b\u1ebfp,\u2026);\u00a0<span style=\"color: #3366ff;\"><a style=\"color: #3366ff;\" href=\"https:\/\/qghome.vn\/san-pham\/noi-that-van-phong\/\">N\u1ed9i th\u1ea5t v\u0103n ph\u00f2ng<\/a>;<\/span>\u2026<\/span><\/p>\n<div class=\"host-bincmiainjofjnhchmcalkanjebghoen\" style=\"position: relative; z-index: 2147483647;\"><\/div>\n","protected":false},"excerpt":{"rendered":"<p>&nbsp;<\/p>\n<div class=\"host-bincmiainjofjnhchmcalkanjebghoen\" style=\"position: relative; z-index: 2147483647;\"><\/div>\n","protected":false},"featured_media":13051,"comment_status":"open","ping_status":"closed","template":"","meta":[],"product_cat":[494,682,119],"product_tag":[717,718,719],"class_list":["post-13049","product","type-product","status-publish","has-post-thumbnail","hentry","product_cat-ghe-sofa","product_cat-noi-that-phong-khach","product_cat-san-pham","product_tag-ghe-sofa-mini","product_tag-ghe-sofa-nho-gon","product_tag-ghe-sofa-thong-minh"],"yoast_head":"<!-- This site is optimized with the Yoast SEO plugin v19.9 - https:\/\/yoast.com\/wordpress\/plugins\/seo\/ -->\n<title>Gh\u1ebf sofa nh\u1ecf g\u1ecdn, hi\u1ec7n \u0111\u1ea1i, gi\u00e1 r\u1ebb - QGSOFA08<\/title>\n<meta name=\"description\" content=\"Gh\u1ebf sofa nh\u1ecf QGSOFA08 \u0111\u01b0\u1ee3c l\u00e0m t\u1eeb g\u1ed7 c\u00f4ng nghi\u1ec7p cao c\u1ea5p, b\u1ec1n b\u1ec9. Phong c\u00e1ch hi\u1ec7n \u0111\u1ea1i, sang tr\u1ecdng, \u0111i k\u00e8m v\u1edbi c\u00f4ng d\u1ee5ng t\u1ed1i \u01b0u.\" \/>\n<meta name=\"robots\" content=\"index, follow, max-snippet:-1, max-image-preview:large, max-video-preview:-1\" \/>\n<link rel=\"canonical\" href=\"https:\/\/luan.webrt.net\/qhome\/san-pham\/ghe-sofa-nho-gon-hien-dai-gia-re-qgsofa08\/\" \/>\n<meta property=\"og:locale\" content=\"vi_VN\" \/>\n<meta property=\"og:type\" content=\"article\" \/>\n<meta property=\"og:title\" content=\"Gh\u1ebf sofa nh\u1ecf g\u1ecdn, hi\u1ec7n \u0111\u1ea1i, gi\u00e1 r\u1ebb - QGSOFA08\" \/>\n<meta property=\"og:description\" content=\"Gh\u1ebf sofa nh\u1ecf QGSOFA08 \u0111\u01b0\u1ee3c l\u00e0m t\u1eeb g\u1ed7 c\u00f4ng nghi\u1ec7p cao c\u1ea5p, b\u1ec1n b\u1ec9. Phong c\u00e1ch hi\u1ec7n \u0111\u1ea1i, sang tr\u1ecdng, \u0111i k\u00e8m v\u1edbi c\u00f4ng d\u1ee5ng t\u1ed1i \u01b0u.\" \/>\n<meta property=\"og:url\" content=\"https:\/\/luan.webrt.net\/qhome\/san-pham\/ghe-sofa-nho-gon-hien-dai-gia-re-qgsofa08\/\" \/>\n<meta property=\"og:site_name\" content=\"M\u1eabu web n\u1ed9i th\u1ea5t\" \/>\n<meta property=\"article:publisher\" content=\"https:\/\/www.facebook.com\/noithatqghome\" \/>\n<meta property=\"article:modified_time\" content=\"2025-11-12T07:07:17+00:00\" \/>\n<meta property=\"og:image\" content=\"https:\/\/luan.webrt.net\/qhome\/wp-content\/uploads\/2024\/11\/8.1-1.jpg\" \/>\n\t<meta property=\"og:image:width\" content=\"600\" \/>\n\t<meta property=\"og:image:height\" content=\"460\" \/>\n\t<meta property=\"og:image:type\" content=\"image\/jpeg\" \/>\n<meta name=\"twitter:card\" content=\"summary_large_image\" \/>\n<meta name=\"twitter:label1\" content=\"\u01af\u1edbc t\u00ednh th\u1eddi gian \u0111\u1ecdc\" \/>\n\t<meta name=\"twitter:data1\" content=\"3 ph\u00fat\" \/>\n<script type=\"application\/ld+json\" class=\"yoast-schema-graph\">{\"@context\":\"https:\/\/schema.org\",\"@graph\":[{\"@type\":\"WebPage\",\"@id\":\"https:\/\/luan.webrt.net\/qhome\/san-pham\/ghe-sofa-nho-gon-hien-dai-gia-re-qgsofa08\/\",\"url\":\"https:\/\/luan.webrt.net\/qhome\/san-pham\/ghe-sofa-nho-gon-hien-dai-gia-re-qgsofa08\/\",\"name\":\"Gh\u1ebf sofa nh\u1ecf g\u1ecdn, hi\u1ec7n \u0111\u1ea1i, gi\u00e1 r\u1ebb - QGSOFA08\",\"isPartOf\":{\"@id\":\"https:\/\/luan.webrt.net\/qhome\/#website\"},\"datePublished\":\"2024-11-18T21:12:51+00:00\",\"dateModified\":\"2025-11-12T07:07:17+00:00\",\"description\":\"Gh\u1ebf sofa nh\u1ecf QGSOFA08 \u0111\u01b0\u1ee3c l\u00e0m t\u1eeb g\u1ed7 c\u00f4ng nghi\u1ec7p cao c\u1ea5p, b\u1ec1n b\u1ec9. Phong c\u00e1ch hi\u1ec7n \u0111\u1ea1i, sang tr\u1ecdng, \u0111i k\u00e8m v\u1edbi c\u00f4ng d\u1ee5ng t\u1ed1i \u01b0u.\",\"breadcrumb\":{\"@id\":\"https:\/\/luan.webrt.net\/qhome\/san-pham\/ghe-sofa-nho-gon-hien-dai-gia-re-qgsofa08\/#breadcrumb\"},\"inLanguage\":\"vi\",\"potentialAction\":[{\"@type\":\"ReadAction\",\"target\":[\"https:\/\/luan.webrt.net\/qhome\/san-pham\/ghe-sofa-nho-gon-hien-dai-gia-re-qgsofa08\/\"]}]},{\"@type\":\"BreadcrumbList\",\"@id\":\"https:\/\/luan.webrt.net\/qhome\/san-pham\/ghe-sofa-nho-gon-hien-dai-gia-re-qgsofa08\/#breadcrumb\",\"itemListElement\":[{\"@type\":\"ListItem\",\"position\":1,\"name\":\"Trang ch\u1ee7\",\"item\":\"https:\/\/luan.webrt.net\/qhome\/\"},{\"@type\":\"ListItem\",\"position\":2,\"name\":\"Shop\",\"item\":\"https:\/\/luan.webrt.net\/qhome\/shop\/\"},{\"@type\":\"ListItem\",\"position\":3,\"name\":\"Gh\u1ebf sofa nh\u1ecf g\u1ecdn, hi\u1ec7n \u0111\u1ea1i, gi\u00e1 r\u1ebb &#8211; QGSOFA08\"}]},{\"@type\":\"WebSite\",\"@id\":\"https:\/\/luan.webrt.net\/qhome\/#website\",\"url\":\"https:\/\/luan.webrt.net\/qhome\/\",\"name\":\"M\u1eabu web n\u1ed9i th\u1ea5t\",\"description\":\"QGHome Vi\u1ec7t Nam\",\"publisher\":{\"@id\":\"https:\/\/luan.webrt.net\/qhome\/#organization\"},\"potentialAction\":[{\"@type\":\"SearchAction\",\"target\":{\"@type\":\"EntryPoint\",\"urlTemplate\":\"https:\/\/luan.webrt.net\/qhome\/?s={search_term_string}\"},\"query-input\":\"required name=search_term_string\"}],\"inLanguage\":\"vi\"},{\"@type\":\"Organization\",\"@id\":\"https:\/\/luan.webrt.net\/qhome\/#organization\",\"name\":\"QGHome\",\"url\":\"https:\/\/luan.webrt.net\/qhome\/\",\"logo\":{\"@type\":\"ImageObject\",\"inLanguage\":\"vi\",\"@id\":\"https:\/\/luan.webrt.net\/qhome\/#\/schema\/logo\/image\/\",\"url\":\"https:\/\/qghome.vn\/wp-content\/uploads\/2025\/08\/logo-mau-MauTH-21.png\",\"contentUrl\":\"https:\/\/qghome.vn\/wp-content\/uploads\/2025\/08\/logo-mau-MauTH-21.png\",\"width\":253,\"height\":99,\"caption\":\"QGHome\"},\"image\":{\"@id\":\"https:\/\/luan.webrt.net\/qhome\/#\/schema\/logo\/image\/\"},\"sameAs\":[\"https:\/\/www.tiktok.com\/@qghome.official\",\"https:\/\/www.youtube.com\/channel\/UCeVBuKTXkv-u94DS421cklw\",\"https:\/\/www.facebook.com\/noithatqghome\"]}]}<\/script>\n<!-- \/ Yoast SEO plugin. -->","yoast_head_json":{"title":"Gh\u1ebf sofa nh\u1ecf g\u1ecdn, hi\u1ec7n \u0111\u1ea1i, gi\u00e1 r\u1ebb - QGSOFA08","description":"Gh\u1ebf sofa nh\u1ecf QGSOFA08 \u0111\u01b0\u1ee3c l\u00e0m t\u1eeb g\u1ed7 c\u00f4ng nghi\u1ec7p cao c\u1ea5p, b\u1ec1n b\u1ec9. Phong c\u00e1ch hi\u1ec7n \u0111\u1ea1i, sang tr\u1ecdng, \u0111i k\u00e8m v\u1edbi c\u00f4ng d\u1ee5ng t\u1ed1i \u01b0u.","robots":{"index":"index","follow":"follow","max-snippet":"max-snippet:-1","max-image-preview":"max-image-preview:large","max-video-preview":"max-video-preview:-1"},"canonical":"https:\/\/luan.webrt.net\/qhome\/san-pham\/ghe-sofa-nho-gon-hien-dai-gia-re-qgsofa08\/","og_locale":"vi_VN","og_type":"article","og_title":"Gh\u1ebf sofa nh\u1ecf g\u1ecdn, hi\u1ec7n \u0111\u1ea1i, gi\u00e1 r\u1ebb - QGSOFA08","og_description":"Gh\u1ebf sofa nh\u1ecf QGSOFA08 \u0111\u01b0\u1ee3c l\u00e0m t\u1eeb g\u1ed7 c\u00f4ng nghi\u1ec7p cao c\u1ea5p, b\u1ec1n b\u1ec9. Phong c\u00e1ch hi\u1ec7n \u0111\u1ea1i, sang tr\u1ecdng, \u0111i k\u00e8m v\u1edbi c\u00f4ng d\u1ee5ng t\u1ed1i \u01b0u.","og_url":"https:\/\/luan.webrt.net\/qhome\/san-pham\/ghe-sofa-nho-gon-hien-dai-gia-re-qgsofa08\/","og_site_name":"M\u1eabu web n\u1ed9i th\u1ea5t","article_publisher":"https:\/\/www.facebook.com\/noithatqghome","article_modified_time":"2025-11-12T07:07:17+00:00","og_image":[{"width":600,"height":460,"url":"https:\/\/luan.webrt.net\/qhome\/wp-content\/uploads\/2024\/11\/8.1-1.jpg","type":"image\/jpeg"}],"twitter_card":"summary_large_image","twitter_misc":{"\u01af\u1edbc t\u00ednh th\u1eddi gian \u0111\u1ecdc":"3 ph\u00fat"},"schema":{"@context":"https:\/\/schema.org","@graph":[{"@type":"WebPage","@id":"https:\/\/luan.webrt.net\/qhome\/san-pham\/ghe-sofa-nho-gon-hien-dai-gia-re-qgsofa08\/","url":"https:\/\/luan.webrt.net\/qhome\/san-pham\/ghe-sofa-nho-gon-hien-dai-gia-re-qgsofa08\/","name":"Gh\u1ebf sofa nh\u1ecf g\u1ecdn, hi\u1ec7n \u0111\u1ea1i, gi\u00e1 r\u1ebb - QGSOFA08","isPartOf":{"@id":"https:\/\/luan.webrt.net\/qhome\/#website"},"datePublished":"2024-11-18T21:12:51+00:00","dateModified":"2025-11-12T07:07:17+00:00","description":"Gh\u1ebf sofa nh\u1ecf QGSOFA08 \u0111\u01b0\u1ee3c l\u00e0m t\u1eeb g\u1ed7 c\u00f4ng nghi\u1ec7p cao c\u1ea5p, b\u1ec1n b\u1ec9. Phong c\u00e1ch hi\u1ec7n \u0111\u1ea1i, sang tr\u1ecdng, \u0111i k\u00e8m v\u1edbi c\u00f4ng d\u1ee5ng t\u1ed1i \u01b0u.","breadcrumb":{"@id":"https:\/\/luan.webrt.net\/qhome\/san-pham\/ghe-sofa-nho-gon-hien-dai-gia-re-qgsofa08\/#breadcrumb"},"inLanguage":"vi","potentialAction":[{"@type":"ReadAction","target":["https:\/\/luan.webrt.net\/qhome\/san-pham\/ghe-sofa-nho-gon-hien-dai-gia-re-qgsofa08\/"]}]},{"@type":"BreadcrumbList","@id":"https:\/\/luan.webrt.net\/qhome\/san-pham\/ghe-sofa-nho-gon-hien-dai-gia-re-qgsofa08\/#breadcrumb","itemListElement":[{"@type":"ListItem","position":1,"name":"Trang ch\u1ee7","item":"https:\/\/luan.webrt.net\/qhome\/"},{"@type":"ListItem","position":2,"name":"Shop","item":"https:\/\/luan.webrt.net\/qhome\/shop\/"},{"@type":"ListItem","position":3,"name":"Gh\u1ebf sofa nh\u1ecf g\u1ecdn, hi\u1ec7n \u0111\u1ea1i, gi\u00e1 r\u1ebb &#8211; QGSOFA08"}]},{"@type":"WebSite","@id":"https:\/\/luan.webrt.net\/qhome\/#website","url":"https:\/\/luan.webrt.net\/qhome\/","name":"M\u1eabu web n\u1ed9i th\u1ea5t","description":"QGHome Vi\u1ec7t Nam","publisher":{"@id":"https:\/\/luan.webrt.net\/qhome\/#organization"},"potentialAction":[{"@type":"SearchAction","target":{"@type":"EntryPoint","urlTemplate":"https:\/\/luan.webrt.net\/qhome\/?s={search_term_string}"},"query-input":"required name=search_term_string"}],"inLanguage":"vi"},{"@type":"Organization","@id":"https:\/\/luan.webrt.net\/qhome\/#organization","name":"QGHome","url":"https:\/\/luan.webrt.net\/qhome\/","logo":{"@type":"ImageObject","inLanguage":"vi","@id":"https:\/\/luan.webrt.net\/qhome\/#\/schema\/logo\/image\/","url":"https:\/\/qghome.vn\/wp-content\/uploads\/2025\/08\/logo-mau-MauTH-21.png","contentUrl":"https:\/\/qghome.vn\/wp-content\/uploads\/2025\/08\/logo-mau-MauTH-21.png","width":253,"height":99,"caption":"QGHome"},"image":{"@id":"https:\/\/luan.webrt.net\/qhome\/#\/schema\/logo\/image\/"},"sameAs":["https:\/\/www.tiktok.com\/@qghome.official","https:\/\/www.youtube.com\/channel\/UCeVBuKTXkv-u94DS421cklw","https:\/\/www.facebook.com\/noithatqghome"]}]}},"_links":{"self":[{"href":"https:\/\/luan.webrt.net\/qhome\/wp-json\/wp\/v2\/product\/13049","targetHints":{"allow":["GET"]}}],"collection":[{"href":"https:\/\/luan.webrt.net\/qhome\/wp-json\/wp\/v2\/product"}],"about":[{"href":"https:\/\/luan.webrt.net\/qhome\/wp-json\/wp\/v2\/types\/product"}],"replies":[{"embeddable":true,"href":"https:\/\/luan.webrt.net\/qhome\/wp-json\/wp\/v2\/comments?post=13049"}],"wp:featuredmedia":[{"embeddable":true,"href":"https:\/\/luan.webrt.net\/qhome\/wp-json\/wp\/v2\/media\/13051"}],"wp:attachment":[{"href":"https:\/\/luan.webrt.net\/qhome\/wp-json\/wp\/v2\/media?parent=13049"}],"wp:term":[{"taxonomy":"product_cat","embeddable":true,"href":"https:\/\/luan.webrt.net\/qhome\/wp-json\/wp\/v2\/product_cat?post=13049"},{"taxonomy":"product_tag","embeddable":true,"href":"https:\/\/luan.webrt.net\/qhome\/wp-json\/wp\/v2\/product_tag?post=13049"}],"curies":[{"name":"wp","href":"https:\/\/api.w.org\/{rel}","templated":true}]}}