{"id":13040,"date":"2024-11-17T17:42:10","date_gmt":"2024-11-17T17:42:10","guid":{"rendered":"https:\/\/qghome.vn\/?post_type=product&#038;p=13040"},"modified":"2025-11-11T04:53:06","modified_gmt":"2025-11-11T04:53:06","slug":"ghe-sofa-giuong-go-gap-thong-minh-gia-re-qgsofa06","status":"publish","type":"product","link":"https:\/\/luan.webrt.net\/qhome\/san-pham\/ghe-sofa-giuong-go-gap-thong-minh-gia-re-qgsofa06\/","title":{"rendered":"Gh\u1ebf sofa gi\u01b0\u1eddng g\u1ed7 g\u1ea5p th\u00f4ng minh, gi\u00e1 r\u1ebb &#8211; QGSOFA06"},"content":{"rendered":"<p><span style=\"color: #000000;\">\u0110\u1eebng b\u1ecf qua b\u00e0i vi\u1ebft n\u00e0y n\u1ebfu b\u1ea1n \u0111ang mu\u1ed1n t\u00ecm ki\u1ebfm m\u1eabu sofa c\u00f3 ki\u1ec3u d\u00e1ng nh\u1ecf g\u1ecdn, c\u00f4ng n\u0103ng t\u1ed1i \u01b0u cho kh\u00f4ng gian ph\u00f2ng kh\u00e1ch nh\u00e0 m\u00ecnh nh\u00e9! B\u1edfi ch\u00fang t\u00f4i s\u1ebd chia s\u1ebb cho b\u1ea1n m\u1ed9t m\u1eabu gh\u1ebf sofa gi\u01b0\u1eddng g\u1ed7 g\u1ea5p c\u00f3 thi\u1ebft k\u1ebf th\u00f4ng minh v\u00e0 v\u00f4 c\u00f9ng ti\u1ec7n l\u1ee3i.<\/span><\/p>\n<h1><span style=\"color: #0000ff;\">Gh\u1ebf sofa gi\u01b0\u1eddng g\u1ed7 g\u1ea5p th\u00f4ng minh &#8211; QGSOFA06<\/span><\/h1>\n<p><span style=\"color: #000000;\">M\u1eabu gh\u1ebf sofa ki\u1ec3u gi\u01b0\u1eddng g\u1ed7 g\u1ea5p hi\u1ec7n \u0111\u1ea1i &#8211; QGSOFA06 ch\u00ednh l\u00e0 m\u1ed9t s\u1ef1 l\u1ef1a ch\u1ecdn ho\u00e0n h\u1ea3o cho kh\u00f4ng gian ph\u00f2ng kh\u00e1ch nh\u1ecf. Thi\u1ebft k\u1ebf t\u1ed1i \u01b0u c\u00f9ng ch\u1ea5t li\u1ec7u g\u1ed7 mdf cao c\u1ea5p, b\u1ec1n b\u1ec9. M\u1eabu sofa ph\u00f2ng kh\u00e1ch n\u00e0y th\u1ec3 hi\u1ec7n s\u1ef1 \u0111\u1ed5i m\u1edbi, ho\u00e0n h\u1ea3o pha n\u00e9t hi\u1ec7n \u0111\u1ea1i. B\u1ed9c l\u1ed7 r\u00f5 gu th\u1ea9m m\u1ef9 n\u1ed9i th\u1ea5t tinh t\u1ebf v\u00e0 \u0111\u1ec9nh cao c\u1ee7a gia ch\u1ee7.<\/span><\/p>\n<h2><span style=\"color: #000000;\"><b>Th\u00f4ng s\u1ed1 s\u1ea3n ph\u1ea9m<\/b><\/span><\/h2>\n<table style=\"width: 100%; height: 301px;\">\n<tbody>\n<tr style=\"height: 50px;\">\n<td style=\"width: 18.2573%; height: 50px;\"><span style=\"font-weight: 400; color: #000000;\">K\u00edch th\u01b0\u1edbc\u00a0<\/span><\/td>\n<td style=\"width: 80.2905%; height: 50px;\">\n<ul>\n<li><span style=\"color: #000000;\">Gh\u1ebf: D\u00e0i 2000mm x R\u1ed9ng 600\/700mm x Cao 350\/800mm<\/span><\/li>\n<li><span style=\"color: #000000;\">Khi m\u1edf ra th\u00e0nh gi\u01b0\u1eddng: D\u00e0i 2000mm x R\u1ed9ng 1200mm x Cao 320mm<\/span><\/li>\n<\/ul>\n<\/td>\n<\/tr>\n<tr style=\"height: 165px;\">\n<td style=\"width: 18.2573%; height: 165px;\"><span style=\"font-weight: 400; color: #000000;\">Ch\u1ea5t li\u1ec7u<\/span><\/td>\n<td style=\"width: 80.2905%; height: 165px;\"><span style=\"font-weight: 400; color: #000000;\">V\u00e1n g\u1ed7 c\u00f4ng nghi\u1ec7p MDF ph\u1ee7 melamine ch\u1ea5t l\u01b0\u1ee3ng cao v\u1edbi m\u1ed9t s\u1ed1 \u01b0u \u0111i\u1ec3m c\u00f3 th\u1ec3 k\u1ec3 \u0111\u1ebfn nh\u01b0:<\/span><\/p>\n<ul>\n<li style=\"font-weight: 400;\" aria-level=\"1\"><span style=\"font-weight: 400; color: #000000;\">B\u1ec1n b\u1ec9 theo th\u1eddi gian.<\/span><\/li>\n<li style=\"font-weight: 400;\" aria-level=\"1\"><span style=\"font-weight: 400; color: #000000;\">H\u1ea1n ch\u1ebf cong v\u00eanh.<\/span><\/li>\n<li style=\"font-weight: 400;\" aria-level=\"1\"><span style=\"font-weight: 400; color: #000000;\">Ch\u1ed1ng m\u1ed1i m\u1ecdt, ch\u1ed1ng \u1ea9m, ch\u1ed1ng co ng\u00f3t.<\/span><\/li>\n<li style=\"font-weight: 400;\" aria-level=\"1\"><span style=\"font-weight: 400; color: #000000;\">D\u1ec5 d\u00e0ng v\u1ec7 sinh.<\/span><\/li>\n<\/ul>\n<p><span style=\"color: #000000;\">Ray bi v\u00e0 b\u1ea3n l\u1ec1 s\u1eed d\u1ee5ng kim lo\u1ea1i cao c\u1ea5p, ch\u1ed1ng han g\u1ec9, ho\u1ea1t \u0111\u1ed9ng tr\u01a1n tru.<\/span><\/td>\n<\/tr>\n<tr style=\"height: 86px;\">\n<td style=\"width: 18.2573%; height: 86px;\"><span style=\"font-weight: 400; color: #000000;\">M\u00e0u s\u1eafc<\/span><\/td>\n<td style=\"width: 80.2905%; height: 86px;\"><span style=\"font-weight: 400; color: #000000;\">M\u00e0u v\u00e2n g\u1ed7 sang tr\u1ecdng, thanh l\u1ecbch.<\/span><\/p>\n<p><span style=\"font-weight: 400; color: #000000;\">* Kh\u00e1ch h\u00e0ng c\u00f3 th\u1ec3 l\u1ef1a ch\u1ecdn m\u00e0u s\u1eafc t\u00f9y th\u00edch.<\/span><\/td>\n<\/tr>\n<\/tbody>\n<\/table>\n<h2><strong>Thi\u1ebft k\u1ebf th\u00f4ng minh mang \u0111\u1ebfn s\u1ef1 t\u1ed1i \u01b0u di\u1ec7n t\u00edch v\u00e0 c\u00f4ng n\u0103ng s\u1eed d\u1ee5ng<\/strong><\/h2>\n<p><span style=\"color: #000000;\">Ki\u1ec3u d\u00e1ng hi\u1ec7n \u0111\u1ea1i, th\u00f4ng minh. Ph\u00f9 h\u1ee3p cho nh\u1eefng kh\u00f4ng gian ph\u00f2ng kh\u00e1ch c\u00f3 di\u1ec7n t\u00edch h\u1ea1n ch\u1ebf.<\/span><\/p>\n<p><span style=\"color: #000000;\">S\u1ef1 \u0111\u1ed9c \u0111\u00e1o \u0111\u1eadm ch\u1ea5t ri\u00eang c\u1ee7a m\u1eabu gh\u1ebf sofa hi\u1ec7n \u0111\u1ea1i QGSOFA06 l\u00e0 \u1edf ch\u1ed7 n\u00f3 kh\u00f4ng ch\u1ec9 l\u00e0 m\u1ed9t gh\u1ebf sofa b\u00ecnh th\u01b0\u1eddng. Khi b\u1ea1n mu\u1ed1n ng\u1ed3i xem tivi, u\u1ed1ng n\u01b0\u1edbc hay ti\u1ebfp kh\u00e1ch th\u00ec n\u00f3 v\u1eabn \u0111\u1ea3m nh\u1eadn vai tr\u00f2 c\u1ee7a m\u1ed9t chi\u1ebfc gh\u1ebf ng\u1ed3i.<\/span><\/p>\n<p><span style=\"color: #000000;\"> Khi b\u1ea1n mu\u1ed1n ngh\u1ec9 ng\u01a1i, th\u01b0 gi\u00e3n. Ch\u1ec9 c\u1ea7n m\u1edf ph\u1ea7n m\u1eb7t gh\u1ebf b\u00ean tr\u00ean ra l\u00e0 \u0111\u00e3 c\u00f3 ngay m\u1ed9t chi\u1ebfc gi\u01b0\u1eddng nh\u1ecf xinh. K\u1ebft c\u1ea5u gh\u1ebf \u0111\u01b0\u1ee3c l\u1eafp \u0111\u1eb7t ch\u1eafc ch\u1eafn n\u00ean b\u1ea1n ho\u00e0n to\u00e0n c\u00f3 th\u1ec3 y\u00ean t\u00e2m s\u1eed d\u1ee5ng.<\/span><\/p>\n<figure id=\"attachment_13042\" aria-describedby=\"caption-attachment-13042\" style=\"width: 600px\" class=\"wp-caption aligncenter\"><img loading=\"lazy\" decoding=\"async\" class=\"wp-image-13042 size-full\" src=\"http:\/\/qghome.vn\/wp-content\/uploads\/2024\/11\/ghe-sofa-guong-go-thong-minh-600x400-2.jpg\" alt=\"\" width=\"600\" height=\"400\" srcset=\"https:\/\/luan.webrt.net\/qhome\/wp-content\/uploads\/2024\/11\/ghe-sofa-guong-go-thong-minh-600x400-2.jpg 600w, https:\/\/luan.webrt.net\/qhome\/wp-content\/uploads\/2024\/11\/ghe-sofa-guong-go-thong-minh-600x400-2-510x340.jpg 510w\" sizes=\"auto, (max-width: 600px) 100vw, 600px\" \/><figcaption id=\"caption-attachment-13042\" class=\"wp-caption-text\">Ng\u0103n k\u00e9o ti\u1ec7n l\u1ee3i<\/figcaption><\/figure>\n<p><span style=\"color: #000000;\">T\u00edch h\u1ee3p 02 ng\u0103n k\u00e9o l\u1edbn, r\u1ed9ng r\u00e3i. Gi\u00fap b\u1ea1n c\u00f3 th\u1ec3 thu\u1eadn ti\u1ec7n \u0111\u1ec3 m\u1ed9t v\u00e0i \u0111\u1ed3 l\u1eb7t v\u1eb7t nh\u1ecf nh\u01b0 s\u00e1ch, b\u00e1o,&#8230;<\/span><\/p>\n<h2><span style=\"color: #000000;\"><b>V\u00e1n g\u1ed7 c\u00f4ng nghi\u1ec7p mdf ch\u1ea5t l\u01b0\u1ee3ng cao\u00a0<\/b><\/span><\/h2>\n<p><span style=\"color: #000000;\">M\u1eb7c d\u00f9 kh\u00f4ng th\u1ec3 so s\u00e1nh ch\u1ea5t l\u01b0\u1ee3ng \u0111\u01b0\u1ee3c v\u1edbi g\u1ed7 t\u1ef1 nhi\u00ean, th\u1ebf nh\u01b0ng d\u00f2ng g\u1ed7 c\u00f4ng nghi\u1ec7p MDF n\u00e0y v\u1eabn mang \u0111\u1ebfn r\u1ea5t nhi\u1ec1u c\u00f4ng d\u1ee5ng c\u00f3 th\u1ec3 k\u1ec3 \u0111\u1ebfn nh\u01b0:<\/span><\/p>\n<ul>\n<li aria-level=\"1\"><span style=\"color: #000000;\">Ch\u1ea5t l\u01b0\u1ee3ng b\u1ec1n b\u1ec9, gi\u1eef \u0111\u01b0\u1ee3c v\u1ebb \u0111\u1eb9p theo th\u1eddi gian.<\/span><\/li>\n<li aria-level=\"1\"><span style=\"color: #000000;\">Kh\u00f4ng lo b\u1ecb cong v\u00eanh, co ng\u00f3t hay m\u1ed1i m\u1ecdt.<\/span><\/li>\n<li aria-level=\"1\"><span style=\"color: #000000;\">Kh\u1ea3 n\u0103ng ch\u1ecbu l\u1ef1c t\u1ed1t b\u1edfi k\u1ebft c\u1ea5u ch\u1eafc ch\u1eafn.<\/span><\/li>\n<li aria-level=\"1\"><span style=\"color: #000000;\">D\u1ec5 d\u00e0ng v\u1ec7 sinh lau ch\u00f9i b\u1edfi b\u1ec1 m\u1eb7t nh\u1eb5n nhv\u00e0 s\u00e1ng b\u00f3ng. R\u1ea5t ph\u00f9 h\u1ee3p cho c\u00e1c m\u1eabu b\u00e0n tr\u00e0 ph\u00f2ng kh\u00e1ch.<\/span><\/li>\n<li aria-level=\"1\"><span style=\"color: #000000;\">\u0110a d\u1ea1ng c\u00e1c lo\u1ea1i m\u00e0u s\u1eafc kh\u00e1c nhau \u0111\u1ec3 b\u1ea1n c\u00f3 th\u1ec3 t\u00f9y th\u00edch l\u1ef1a ch\u1ecdn theo s\u1edf th\u00edch c\u0169ng nh\u01b0 l\u00e0 phong c\u00e1ch s\u1ed1ng c\u1ee7a gia \u0111\u00ecnh.<\/span><\/li>\n<\/ul>\n<p><span style=\"color: #000000;\">H\u00e3y \u0111\u1eb7t h\u00e0ng t\u1ea1i QG Home ngay h\u00f4m nay \u0111\u1ec3 nh\u1eadn \u0111\u01b0\u1ee3c nhi\u1ec1u \u01b0u \u0111\u00e3i h\u1ea5p d\u1eabn!<\/span><\/p>\n<p><span style=\"color: #000000;\">Ch\u00fang t\u00f4i r\u1ea5t tr\u00e2n tr\u1ecdng kho\u1ea3ng th\u1eddi gian qu\u00fd gi\u00e1 m\u00e0 b\u1ea1n \u0111\u00e3 d\u00e0nh cho b\u00e0i vi\u1ebft n\u00e0y thay v\u00ec h\u00e0ng tr\u0103m b\u00e0i vi\u1ebft kh\u00e1c.<\/span><\/p>\n<p><span style=\"color: #000000;\">M\u1eddi b\u1ea1n tham kh\u1ea3o th\u00eam c\u00e1c m\u1eabu gh\u1ebf sofa kh\u00e1c<\/span><a href=\"https:\/\/qghome.vn\/noi-that-chung-cu\/noi-that-phong-khach\/ghe-sofa\/\">\u00a0<span style=\"color: #0000ff;\">t\u1ea1i \u0111\u00e2y<\/span><\/a><span style=\"color: #0000ff;\">.<\/span><\/p>\n<p><span style=\"color: #000000;\">QG Home \u2013 \u0111\u01a1n v\u1ecb thi c\u00f4ng n\u1ed9i th\u1ea5t h\u00e0ng \u0111\u1ea7u Vi\u1ec7t Nam v\u1edbi nh\u1eefng m\u1eb7t h\u00e0ng ti\u00eau bi\u1ec3u:\u00a0<\/span><span style=\"color: #0000ff;\"><a style=\"color: #0000ff;\" href=\"https:\/\/qghome.vn\/noi-that-chung-cu\/\">N\u1ed9i th\u1ea5t chung c\u01b0<\/a><\/span>\u00a0<span style=\"color: #000000;\">(thi\u1ebft k\u1ebf tr\u1ecdn g\u00f3i v\u00e0 c\u00e1c s\u1ea3n ph\u1ea9m c\u1ee7a ph\u00f2ng ng\u1ee7, ph\u00f2ng kh\u00e1ch, ph\u00f2ng b\u1ebfp,\u2026);\u00a0<\/span><a href=\"https:\/\/qghome.vn\/san-pham\/noi-that-van-phong\/\">N\u1ed9i th\u1ea5t v\u0103n ph\u00f2ng<\/a>;\u2026<\/p>\n<div class=\"host-bincmiainjofjnhchmcalkanjebghoen\" style=\"position: relative; z-index: 2147483647;\"><\/div>\n","protected":false},"excerpt":{"rendered":"<p><span style=\"color: #000000;\"><i>K\u00edch th\u01b0\u1edbc<\/i><\/span><\/p>\n<p><em><span style=\"color: #000000;\">Gh\u1ebf: D\u00e0i 2000mm x R\u1ed9ng 600\/700mm x Cao 350\/800mm<\/span><\/em><\/p>\n<p><em><span style=\"color: #000000;\">Khi m\u1edf gi\u01b0\u1eddng: D\u00e0i 2000mm x R\u1ed9ng 1200mm x Cao 320mm<\/span><\/em><\/p>\n<div class=\"host-bincmiainjofjnhchmcalkanjebghoen\" style=\"position: relative; z-index: 2147483647;\"><\/div>\n","protected":false},"featured_media":13042,"comment_status":"open","ping_status":"closed","template":"","meta":[],"product_cat":[494,682,119],"product_tag":[713,714],"class_list":["post-13040","product","type-product","status-publish","has-post-thumbnail","hentry","product_cat-ghe-sofa","product_cat-noi-that-phong-khach","product_cat-san-pham","product_tag-ghe-sofa-giuong-gap","product_tag-ghe-sofa-hien-dai"],"yoast_head":"<!-- This site is optimized with the Yoast SEO plugin v19.9 - https:\/\/yoast.com\/wordpress\/plugins\/seo\/ -->\n<title>Gh\u1ebf sofa gi\u01b0\u1eddng g\u1ed7 g\u1ea5p th\u00f4ng minh, gi\u00e1 r\u1ebb - QGSOFA06<\/title>\n<meta name=\"description\" content=\"Gh\u1ebf sofa gi\u01b0\u1eddng g\u1ed7 g\u1ea5p QGSOFA06 c\u00f3 ch\u1ea5t l\u01b0\u1ee3ng cao, v\u00e1n g\u1ed7 b\u1ec1n b\u1ec9. Thi\u1ebft k\u1ebf hi\u1ec7n \u0111\u1ea1i, th\u00f4ng minh mang \u0111\u1ebfn nh\u1eefng ti\u1ec7n nghi v\u00e0 gi\u00e1 tr\u1ecb t\u1ed1t cho ng\u01b0\u1eddi s\u1eed d\u1ee5ng\" \/>\n<meta name=\"robots\" content=\"index, follow, max-snippet:-1, max-image-preview:large, max-video-preview:-1\" \/>\n<link rel=\"canonical\" href=\"https:\/\/luan.webrt.net\/qhome\/san-pham\/ghe-sofa-giuong-go-gap-thong-minh-gia-re-qgsofa06\/\" \/>\n<meta property=\"og:locale\" content=\"vi_VN\" \/>\n<meta property=\"og:type\" content=\"article\" \/>\n<meta property=\"og:title\" content=\"Gh\u1ebf sofa gi\u01b0\u1eddng g\u1ed7 g\u1ea5p th\u00f4ng minh, gi\u00e1 r\u1ebb - QGSOFA06\" \/>\n<meta property=\"og:description\" content=\"Gh\u1ebf sofa gi\u01b0\u1eddng g\u1ed7 g\u1ea5p QGSOFA06 c\u00f3 ch\u1ea5t l\u01b0\u1ee3ng cao, v\u00e1n g\u1ed7 b\u1ec1n b\u1ec9. Thi\u1ebft k\u1ebf hi\u1ec7n \u0111\u1ea1i, th\u00f4ng minh mang \u0111\u1ebfn nh\u1eefng ti\u1ec7n nghi v\u00e0 gi\u00e1 tr\u1ecb t\u1ed1t cho ng\u01b0\u1eddi s\u1eed d\u1ee5ng\" \/>\n<meta property=\"og:url\" content=\"https:\/\/luan.webrt.net\/qhome\/san-pham\/ghe-sofa-giuong-go-gap-thong-minh-gia-re-qgsofa06\/\" \/>\n<meta property=\"og:site_name\" content=\"M\u1eabu web n\u1ed9i th\u1ea5t\" \/>\n<meta property=\"article:publisher\" content=\"https:\/\/www.facebook.com\/noithatqghome\" \/>\n<meta property=\"article:modified_time\" content=\"2025-11-11T04:53:06+00:00\" \/>\n<meta property=\"og:image\" content=\"https:\/\/luan.webrt.net\/qhome\/wp-content\/uploads\/2024\/11\/ghe-sofa-guong-go-thong-minh-600x400-2.jpg\" \/>\n\t<meta property=\"og:image:width\" content=\"600\" \/>\n\t<meta property=\"og:image:height\" content=\"400\" \/>\n\t<meta property=\"og:image:type\" content=\"image\/jpeg\" \/>\n<meta name=\"twitter:card\" content=\"summary_large_image\" \/>\n<meta name=\"twitter:label1\" content=\"\u01af\u1edbc t\u00ednh th\u1eddi gian \u0111\u1ecdc\" \/>\n\t<meta name=\"twitter:data1\" content=\"4 ph\u00fat\" \/>\n<script type=\"application\/ld+json\" class=\"yoast-schema-graph\">{\"@context\":\"https:\/\/schema.org\",\"@graph\":[{\"@type\":\"WebPage\",\"@id\":\"https:\/\/luan.webrt.net\/qhome\/san-pham\/ghe-sofa-giuong-go-gap-thong-minh-gia-re-qgsofa06\/\",\"url\":\"https:\/\/luan.webrt.net\/qhome\/san-pham\/ghe-sofa-giuong-go-gap-thong-minh-gia-re-qgsofa06\/\",\"name\":\"Gh\u1ebf sofa gi\u01b0\u1eddng g\u1ed7 g\u1ea5p th\u00f4ng minh, gi\u00e1 r\u1ebb - QGSOFA06\",\"isPartOf\":{\"@id\":\"https:\/\/luan.webrt.net\/qhome\/#website\"},\"datePublished\":\"2024-11-17T17:42:10+00:00\",\"dateModified\":\"2025-11-11T04:53:06+00:00\",\"description\":\"Gh\u1ebf sofa gi\u01b0\u1eddng g\u1ed7 g\u1ea5p QGSOFA06 c\u00f3 ch\u1ea5t l\u01b0\u1ee3ng cao, v\u00e1n g\u1ed7 b\u1ec1n b\u1ec9. Thi\u1ebft k\u1ebf hi\u1ec7n \u0111\u1ea1i, th\u00f4ng minh mang \u0111\u1ebfn nh\u1eefng ti\u1ec7n nghi v\u00e0 gi\u00e1 tr\u1ecb t\u1ed1t cho ng\u01b0\u1eddi s\u1eed d\u1ee5ng\",\"breadcrumb\":{\"@id\":\"https:\/\/luan.webrt.net\/qhome\/san-pham\/ghe-sofa-giuong-go-gap-thong-minh-gia-re-qgsofa06\/#breadcrumb\"},\"inLanguage\":\"vi\",\"potentialAction\":[{\"@type\":\"ReadAction\",\"target\":[\"https:\/\/luan.webrt.net\/qhome\/san-pham\/ghe-sofa-giuong-go-gap-thong-minh-gia-re-qgsofa06\/\"]}]},{\"@type\":\"BreadcrumbList\",\"@id\":\"https:\/\/luan.webrt.net\/qhome\/san-pham\/ghe-sofa-giuong-go-gap-thong-minh-gia-re-qgsofa06\/#breadcrumb\",\"itemListElement\":[{\"@type\":\"ListItem\",\"position\":1,\"name\":\"Trang ch\u1ee7\",\"item\":\"https:\/\/luan.webrt.net\/qhome\/\"},{\"@type\":\"ListItem\",\"position\":2,\"name\":\"Shop\",\"item\":\"https:\/\/luan.webrt.net\/qhome\/shop\/\"},{\"@type\":\"ListItem\",\"position\":3,\"name\":\"Gh\u1ebf sofa gi\u01b0\u1eddng g\u1ed7 g\u1ea5p th\u00f4ng minh, gi\u00e1 r\u1ebb &#8211; QGSOFA06\"}]},{\"@type\":\"WebSite\",\"@id\":\"https:\/\/luan.webrt.net\/qhome\/#website\",\"url\":\"https:\/\/luan.webrt.net\/qhome\/\",\"name\":\"M\u1eabu web n\u1ed9i th\u1ea5t\",\"description\":\"QGHome Vi\u1ec7t Nam\",\"publisher\":{\"@id\":\"https:\/\/luan.webrt.net\/qhome\/#organization\"},\"potentialAction\":[{\"@type\":\"SearchAction\",\"target\":{\"@type\":\"EntryPoint\",\"urlTemplate\":\"https:\/\/luan.webrt.net\/qhome\/?s={search_term_string}\"},\"query-input\":\"required name=search_term_string\"}],\"inLanguage\":\"vi\"},{\"@type\":\"Organization\",\"@id\":\"https:\/\/luan.webrt.net\/qhome\/#organization\",\"name\":\"QGHome\",\"url\":\"https:\/\/luan.webrt.net\/qhome\/\",\"logo\":{\"@type\":\"ImageObject\",\"inLanguage\":\"vi\",\"@id\":\"https:\/\/luan.webrt.net\/qhome\/#\/schema\/logo\/image\/\",\"url\":\"https:\/\/qghome.vn\/wp-content\/uploads\/2025\/08\/logo-mau-MauTH-21.png\",\"contentUrl\":\"https:\/\/qghome.vn\/wp-content\/uploads\/2025\/08\/logo-mau-MauTH-21.png\",\"width\":253,\"height\":99,\"caption\":\"QGHome\"},\"image\":{\"@id\":\"https:\/\/luan.webrt.net\/qhome\/#\/schema\/logo\/image\/\"},\"sameAs\":[\"https:\/\/www.tiktok.com\/@qghome.official\",\"https:\/\/www.youtube.com\/channel\/UCeVBuKTXkv-u94DS421cklw\",\"https:\/\/www.facebook.com\/noithatqghome\"]}]}<\/script>\n<!-- \/ Yoast SEO plugin. -->","yoast_head_json":{"title":"Gh\u1ebf sofa gi\u01b0\u1eddng g\u1ed7 g\u1ea5p th\u00f4ng minh, gi\u00e1 r\u1ebb - QGSOFA06","description":"Gh\u1ebf sofa gi\u01b0\u1eddng g\u1ed7 g\u1ea5p QGSOFA06 c\u00f3 ch\u1ea5t l\u01b0\u1ee3ng cao, v\u00e1n g\u1ed7 b\u1ec1n b\u1ec9. Thi\u1ebft k\u1ebf hi\u1ec7n \u0111\u1ea1i, th\u00f4ng minh mang \u0111\u1ebfn nh\u1eefng ti\u1ec7n nghi v\u00e0 gi\u00e1 tr\u1ecb t\u1ed1t cho ng\u01b0\u1eddi s\u1eed d\u1ee5ng","robots":{"index":"index","follow":"follow","max-snippet":"max-snippet:-1","max-image-preview":"max-image-preview:large","max-video-preview":"max-video-preview:-1"},"canonical":"https:\/\/luan.webrt.net\/qhome\/san-pham\/ghe-sofa-giuong-go-gap-thong-minh-gia-re-qgsofa06\/","og_locale":"vi_VN","og_type":"article","og_title":"Gh\u1ebf sofa gi\u01b0\u1eddng g\u1ed7 g\u1ea5p th\u00f4ng minh, gi\u00e1 r\u1ebb - QGSOFA06","og_description":"Gh\u1ebf sofa gi\u01b0\u1eddng g\u1ed7 g\u1ea5p QGSOFA06 c\u00f3 ch\u1ea5t l\u01b0\u1ee3ng cao, v\u00e1n g\u1ed7 b\u1ec1n b\u1ec9. Thi\u1ebft k\u1ebf hi\u1ec7n \u0111\u1ea1i, th\u00f4ng minh mang \u0111\u1ebfn nh\u1eefng ti\u1ec7n nghi v\u00e0 gi\u00e1 tr\u1ecb t\u1ed1t cho ng\u01b0\u1eddi s\u1eed d\u1ee5ng","og_url":"https:\/\/luan.webrt.net\/qhome\/san-pham\/ghe-sofa-giuong-go-gap-thong-minh-gia-re-qgsofa06\/","og_site_name":"M\u1eabu web n\u1ed9i th\u1ea5t","article_publisher":"https:\/\/www.facebook.com\/noithatqghome","article_modified_time":"2025-11-11T04:53:06+00:00","og_image":[{"width":600,"height":400,"url":"https:\/\/luan.webrt.net\/qhome\/wp-content\/uploads\/2024\/11\/ghe-sofa-guong-go-thong-minh-600x400-2.jpg","type":"image\/jpeg"}],"twitter_card":"summary_large_image","twitter_misc":{"\u01af\u1edbc t\u00ednh th\u1eddi gian \u0111\u1ecdc":"4 ph\u00fat"},"schema":{"@context":"https:\/\/schema.org","@graph":[{"@type":"WebPage","@id":"https:\/\/luan.webrt.net\/qhome\/san-pham\/ghe-sofa-giuong-go-gap-thong-minh-gia-re-qgsofa06\/","url":"https:\/\/luan.webrt.net\/qhome\/san-pham\/ghe-sofa-giuong-go-gap-thong-minh-gia-re-qgsofa06\/","name":"Gh\u1ebf sofa gi\u01b0\u1eddng g\u1ed7 g\u1ea5p th\u00f4ng minh, gi\u00e1 r\u1ebb - QGSOFA06","isPartOf":{"@id":"https:\/\/luan.webrt.net\/qhome\/#website"},"datePublished":"2024-11-17T17:42:10+00:00","dateModified":"2025-11-11T04:53:06+00:00","description":"Gh\u1ebf sofa gi\u01b0\u1eddng g\u1ed7 g\u1ea5p QGSOFA06 c\u00f3 ch\u1ea5t l\u01b0\u1ee3ng cao, v\u00e1n g\u1ed7 b\u1ec1n b\u1ec9. Thi\u1ebft k\u1ebf hi\u1ec7n \u0111\u1ea1i, th\u00f4ng minh mang \u0111\u1ebfn nh\u1eefng ti\u1ec7n nghi v\u00e0 gi\u00e1 tr\u1ecb t\u1ed1t cho ng\u01b0\u1eddi s\u1eed d\u1ee5ng","breadcrumb":{"@id":"https:\/\/luan.webrt.net\/qhome\/san-pham\/ghe-sofa-giuong-go-gap-thong-minh-gia-re-qgsofa06\/#breadcrumb"},"inLanguage":"vi","potentialAction":[{"@type":"ReadAction","target":["https:\/\/luan.webrt.net\/qhome\/san-pham\/ghe-sofa-giuong-go-gap-thong-minh-gia-re-qgsofa06\/"]}]},{"@type":"BreadcrumbList","@id":"https:\/\/luan.webrt.net\/qhome\/san-pham\/ghe-sofa-giuong-go-gap-thong-minh-gia-re-qgsofa06\/#breadcrumb","itemListElement":[{"@type":"ListItem","position":1,"name":"Trang ch\u1ee7","item":"https:\/\/luan.webrt.net\/qhome\/"},{"@type":"ListItem","position":2,"name":"Shop","item":"https:\/\/luan.webrt.net\/qhome\/shop\/"},{"@type":"ListItem","position":3,"name":"Gh\u1ebf sofa gi\u01b0\u1eddng g\u1ed7 g\u1ea5p th\u00f4ng minh, gi\u00e1 r\u1ebb &#8211; QGSOFA06"}]},{"@type":"WebSite","@id":"https:\/\/luan.webrt.net\/qhome\/#website","url":"https:\/\/luan.webrt.net\/qhome\/","name":"M\u1eabu web n\u1ed9i th\u1ea5t","description":"QGHome Vi\u1ec7t Nam","publisher":{"@id":"https:\/\/luan.webrt.net\/qhome\/#organization"},"potentialAction":[{"@type":"SearchAction","target":{"@type":"EntryPoint","urlTemplate":"https:\/\/luan.webrt.net\/qhome\/?s={search_term_string}"},"query-input":"required name=search_term_string"}],"inLanguage":"vi"},{"@type":"Organization","@id":"https:\/\/luan.webrt.net\/qhome\/#organization","name":"QGHome","url":"https:\/\/luan.webrt.net\/qhome\/","logo":{"@type":"ImageObject","inLanguage":"vi","@id":"https:\/\/luan.webrt.net\/qhome\/#\/schema\/logo\/image\/","url":"https:\/\/qghome.vn\/wp-content\/uploads\/2025\/08\/logo-mau-MauTH-21.png","contentUrl":"https:\/\/qghome.vn\/wp-content\/uploads\/2025\/08\/logo-mau-MauTH-21.png","width":253,"height":99,"caption":"QGHome"},"image":{"@id":"https:\/\/luan.webrt.net\/qhome\/#\/schema\/logo\/image\/"},"sameAs":["https:\/\/www.tiktok.com\/@qghome.official","https:\/\/www.youtube.com\/channel\/UCeVBuKTXkv-u94DS421cklw","https:\/\/www.facebook.com\/noithatqghome"]}]}},"_links":{"self":[{"href":"https:\/\/luan.webrt.net\/qhome\/wp-json\/wp\/v2\/product\/13040","targetHints":{"allow":["GET"]}}],"collection":[{"href":"https:\/\/luan.webrt.net\/qhome\/wp-json\/wp\/v2\/product"}],"about":[{"href":"https:\/\/luan.webrt.net\/qhome\/wp-json\/wp\/v2\/types\/product"}],"replies":[{"embeddable":true,"href":"https:\/\/luan.webrt.net\/qhome\/wp-json\/wp\/v2\/comments?post=13040"}],"wp:featuredmedia":[{"embeddable":true,"href":"https:\/\/luan.webrt.net\/qhome\/wp-json\/wp\/v2\/media\/13042"}],"wp:attachment":[{"href":"https:\/\/luan.webrt.net\/qhome\/wp-json\/wp\/v2\/media?parent=13040"}],"wp:term":[{"taxonomy":"product_cat","embeddable":true,"href":"https:\/\/luan.webrt.net\/qhome\/wp-json\/wp\/v2\/product_cat?post=13040"},{"taxonomy":"product_tag","embeddable":true,"href":"https:\/\/luan.webrt.net\/qhome\/wp-json\/wp\/v2\/product_tag?post=13040"}],"curies":[{"name":"wp","href":"https:\/\/api.w.org\/{rel}","templated":true}]}}