{"id":11021,"date":"2024-07-29T02:23:05","date_gmt":"2024-07-29T02:23:05","guid":{"rendered":"https:\/\/qghome.vn\/?page_id=11021"},"modified":"2025-11-03T04:06:16","modified_gmt":"2025-11-03T04:06:16","slug":"huong-dan-mua-hang","status":"publish","type":"page","link":"https:\/\/luan.webrt.net\/qhome\/huong-dan-mua-hang\/","title":{"rendered":"H\u01b0\u1edbng d\u1eabn mua h\u00e0ng"},"content":{"rendered":"\n\n\n<h1 class=\"wp-block-heading\">H\u01b0\u1edbng d\u1eabn mua h\u00e0ng<\/h1>\n\n\n\n<h3 class=\"wp-block-heading\">Khi mua h\u00e0ng Online, b\u1ea1n c\u00f3 th\u1ec3 l\u1ef1a ch\u1ecdn m\u1ed9t trong c\u00e1ch mua h\u00e0ng sau.<\/h3>\n\n\n\n<p><strong>C\u00e1ch 1:<\/strong><br>G\u1ecdi \u0111i\u1ec7n \u0111\u1ebfn t\u1ed5ng \u0111\u00e0i (Mi\u1ec5n ph\u00ed cu\u1ed9c g\u1ecdi \u0111\u1ebfn) <a href=\"tel:0983567623\">0983 567 623<\/a> t\u1eeb 8h \u0111\u1ebfn 21h t\u1ea5t c\u1ea3 c\u00e1c ng\u00e0y trong tu\u1ea7n. Nh\u00e2n vi\u00ean b\u00e1n h\u00e0ng Online s\u1ebd ghi nh\u1eadn th\u00f4ng tin \u0111\u1eb7t h\u00e0ng c\u1ee7a b\u1ea1n.<br><strong>C\u00e1ch 2:<\/strong> \u0110\u1eb7t h\u00e0ng tr\u00ean website<br>B\u1ea1n c\u00f3 th\u1ec3 truy c\u1eadp v\u00e0o website www.qghome.vn v\u00e0 th\u1ef1c hi\u1ec7n c\u00e1c c\u00e1ch \u0111\u1eb7t h\u00e0ng \u0111\u01a1n gi\u1ea3n sau:<\/p>\n\n\n\n<ul class=\"wp-block-list\">\n<li>L\u1ef1a ch\u1ecdn s\u1ea3n ph\u1ea9m b\u1ea1n mu\u1ed1n mua h\u00e0ng, xem chi ti\u1ebft v\u1ec1 s\u1ea3n ph\u1ea9m.<\/li>\n\n\n\n<li>Click n\u00fat Th\u00eam v\u00e0o gi\u1ecf h\u00e0ng.<\/li>\n\n\n\n<li>Xem gi\u1ecf h\u00e0ng \u0111i\u1ec1n th\u00f4ng tin mua h\u00e0ng \u0111\u1ec1 ho\u00e0n th\u00e0nh thanh to\u00e1n.<\/li>\n<\/ul>\n\n\n\n<h3 class=\"wp-block-heading\">Ch\u1ecdn h\u00ecnh th\u1ee9c thanh to\u00e1n<\/h3>\n\n\n\n<ul class=\"wp-block-list\">\n<li>Thanh to\u00e1n khi nh\u1eadn h\u00e0ng<\/li>\n\n\n\n<li>Thanh to\u00e1n online qua c\u1ed5ng Napas b\u1eb1ng th\u1ebb ATM n\u1ed9i \u0111\u1ecba<\/li>\n\n\n\n<li>Thanh to\u00e1n online qua c\u1ed5ng Napas b\u1eb1ng th\u1ebb Visa\/Master Card<\/li>\n\n\n\n<li>N\u1ebfu c\u00f3 m\u00e3 gi\u1ea3m gi\u00e1, b\u1ea1n h\u00e3y \u0111i\u1ec1n \u0111\u1ea7y \u0111\u1ee7 ngay d\u01b0\u1edbi \u00f4 &#8220;M\u00c3 GI\u1ea2M GI\u00c1&#8221;<\/li>\n\n\n\n<li>Sau khi \u0111i\u1ec1n \u0111\u1ea7y \u0111\u1ee7 th\u00f4ng tin v\u00e0 ki\u1ec3m tra l\u1ea1i \u0111\u01a1n h\u00e0ng, gi\u00e1 ti\u1ec1n, b\u1ea1n h\u00e3y b\u1ea5m v\u00e0o n\u00fat HO\u00c0N T\u1ea4T \u0110\u01a0N H\u00c0NG g\u1eedi v\u1ec1 cho QGhome.<br>QGhome s\u1ebd g\u1eedi cho b\u1ea1n Email ho\u1eb7c s\u1ebd g\u1ecdi \u0111i\u1ec7n l\u1ea1i \u0111\u1ec3 x\u00e1c nh\u1eadn \u0111\u01a1n h\u00e0ng v\u00e0 th\u00f4ng tin giao h\u00e0ng.<\/li>\n<\/ul>\n","protected":false},"excerpt":{"rendered":"<p>H\u01b0\u1edbng d\u1eabn mua h\u00e0ng Khi mua h\u00e0ng Online, b\u1ea1n c\u00f3 th\u1ec3 l\u1ef1a ch\u1ecdn m\u1ed9t trong c\u00e1ch mua h\u00e0ng sau. C\u00e1ch 1:G\u1ecdi \u0111i\u1ec7n \u0111\u1ebfn t\u1ed5ng \u0111\u00e0i (Mi\u1ec5n ph\u00ed cu\u1ed9c g\u1ecdi \u0111\u1ebfn) 0983 567 623 t\u1eeb 8h \u0111\u1ebfn 21h t\u1ea5t c\u1ea3 c\u00e1c ng\u00e0y trong tu\u1ea7n. Nh\u00e2n vi\u00ean b\u00e1n h\u00e0ng Online s\u1ebd ghi nh\u1eadn th\u00f4ng tin \u0111\u1eb7t h\u00e0ng&#8230;<\/p>\n","protected":false},"author":5,"featured_media":0,"parent":0,"menu_order":0,"comment_status":"closed","ping_status":"closed","template":"","meta":{"footnotes":""},"class_list":["post-11021","page","type-page","status-publish","hentry"],"yoast_head":"<!-- This site is optimized with the Yoast SEO plugin v19.9 - https:\/\/yoast.com\/wordpress\/plugins\/seo\/ -->\n<title>H\u01b0\u1edbng d\u1eabn mua h\u00e0ng<\/title>\n<meta name=\"description\" content=\"H\u01b0\u1edbng d\u1eabn mua h\u00e0ng\" \/>\n<meta name=\"robots\" content=\"index, follow, max-snippet:-1, max-image-preview:large, max-video-preview:-1\" \/>\n<link rel=\"canonical\" href=\"https:\/\/luan.webrt.net\/qhome\/huong-dan-mua-hang\/\" \/>\n<meta property=\"og:locale\" content=\"vi_VN\" \/>\n<meta property=\"og:type\" content=\"article\" \/>\n<meta property=\"og:title\" content=\"H\u01b0\u1edbng d\u1eabn mua h\u00e0ng\" \/>\n<meta property=\"og:description\" content=\"H\u01b0\u1edbng d\u1eabn mua h\u00e0ng\" \/>\n<meta property=\"og:url\" content=\"https:\/\/luan.webrt.net\/qhome\/huong-dan-mua-hang\/\" \/>\n<meta property=\"og:site_name\" content=\"M\u1eabu web n\u1ed9i th\u1ea5t\" \/>\n<meta property=\"article:publisher\" content=\"https:\/\/www.facebook.com\/noithatqghome\" \/>\n<meta property=\"article:modified_time\" content=\"2025-11-03T04:06:16+00:00\" \/>\n<meta property=\"og:image\" content=\"https:\/\/luan.webrt.net\/qhome\/wp-content\/uploads\/2025\/08\/logo-mau-MauTH-21.png\" \/>\n\t<meta property=\"og:image:width\" content=\"253\" \/>\n\t<meta property=\"og:image:height\" content=\"99\" \/>\n\t<meta property=\"og:image:type\" content=\"image\/png\" \/>\n<meta name=\"twitter:card\" content=\"summary_large_image\" \/>\n<meta name=\"twitter:label1\" content=\"\u01af\u1edbc t\u00ednh th\u1eddi gian \u0111\u1ecdc\" \/>\n\t<meta name=\"twitter:data1\" content=\"2 ph\u00fat\" \/>\n<script type=\"application\/ld+json\" class=\"yoast-schema-graph\">{\"@context\":\"https:\/\/schema.org\",\"@graph\":[{\"@type\":\"WebPage\",\"@id\":\"https:\/\/luan.webrt.net\/qhome\/huong-dan-mua-hang\/\",\"url\":\"https:\/\/luan.webrt.net\/qhome\/huong-dan-mua-hang\/\",\"name\":\"H\u01b0\u1edbng d\u1eabn mua h\u00e0ng\",\"isPartOf\":{\"@id\":\"https:\/\/luan.webrt.net\/qhome\/#website\"},\"datePublished\":\"2024-07-29T02:23:05+00:00\",\"dateModified\":\"2025-11-03T04:06:16+00:00\",\"description\":\"H\u01b0\u1edbng d\u1eabn mua h\u00e0ng\",\"breadcrumb\":{\"@id\":\"https:\/\/luan.webrt.net\/qhome\/huong-dan-mua-hang\/#breadcrumb\"},\"inLanguage\":\"vi\",\"potentialAction\":[{\"@type\":\"ReadAction\",\"target\":[\"https:\/\/luan.webrt.net\/qhome\/huong-dan-mua-hang\/\"]}]},{\"@type\":\"BreadcrumbList\",\"@id\":\"https:\/\/luan.webrt.net\/qhome\/huong-dan-mua-hang\/#breadcrumb\",\"itemListElement\":[{\"@type\":\"ListItem\",\"position\":1,\"name\":\"Trang ch\u1ee7\",\"item\":\"https:\/\/luan.webrt.net\/qhome\/\"},{\"@type\":\"ListItem\",\"position\":2,\"name\":\"H\u01b0\u1edbng d\u1eabn mua h\u00e0ng\"}]},{\"@type\":\"WebSite\",\"@id\":\"https:\/\/luan.webrt.net\/qhome\/#website\",\"url\":\"https:\/\/luan.webrt.net\/qhome\/\",\"name\":\"M\u1eabu web n\u1ed9i th\u1ea5t\",\"description\":\"QGHome Vi\u1ec7t Nam\",\"publisher\":{\"@id\":\"https:\/\/luan.webrt.net\/qhome\/#organization\"},\"potentialAction\":[{\"@type\":\"SearchAction\",\"target\":{\"@type\":\"EntryPoint\",\"urlTemplate\":\"https:\/\/luan.webrt.net\/qhome\/?s={search_term_string}\"},\"query-input\":\"required name=search_term_string\"}],\"inLanguage\":\"vi\"},{\"@type\":\"Organization\",\"@id\":\"https:\/\/luan.webrt.net\/qhome\/#organization\",\"name\":\"QGHome\",\"url\":\"https:\/\/luan.webrt.net\/qhome\/\",\"logo\":{\"@type\":\"ImageObject\",\"inLanguage\":\"vi\",\"@id\":\"https:\/\/luan.webrt.net\/qhome\/#\/schema\/logo\/image\/\",\"url\":\"https:\/\/qghome.vn\/wp-content\/uploads\/2025\/08\/logo-mau-MauTH-21.png\",\"contentUrl\":\"https:\/\/qghome.vn\/wp-content\/uploads\/2025\/08\/logo-mau-MauTH-21.png\",\"width\":253,\"height\":99,\"caption\":\"QGHome\"},\"image\":{\"@id\":\"https:\/\/luan.webrt.net\/qhome\/#\/schema\/logo\/image\/\"},\"sameAs\":[\"https:\/\/www.tiktok.com\/@qghome.official\",\"https:\/\/www.youtube.com\/channel\/UCeVBuKTXkv-u94DS421cklw\",\"https:\/\/www.facebook.com\/noithatqghome\"]}]}<\/script>\n<!-- \/ Yoast SEO plugin. -->","yoast_head_json":{"title":"H\u01b0\u1edbng d\u1eabn mua h\u00e0ng","description":"H\u01b0\u1edbng d\u1eabn mua h\u00e0ng","robots":{"index":"index","follow":"follow","max-snippet":"max-snippet:-1","max-image-preview":"max-image-preview:large","max-video-preview":"max-video-preview:-1"},"canonical":"https:\/\/luan.webrt.net\/qhome\/huong-dan-mua-hang\/","og_locale":"vi_VN","og_type":"article","og_title":"H\u01b0\u1edbng d\u1eabn mua h\u00e0ng","og_description":"H\u01b0\u1edbng d\u1eabn mua h\u00e0ng","og_url":"https:\/\/luan.webrt.net\/qhome\/huong-dan-mua-hang\/","og_site_name":"M\u1eabu web n\u1ed9i th\u1ea5t","article_publisher":"https:\/\/www.facebook.com\/noithatqghome","article_modified_time":"2025-11-03T04:06:16+00:00","og_image":[{"width":253,"height":99,"url":"https:\/\/luan.webrt.net\/qhome\/wp-content\/uploads\/2025\/08\/logo-mau-MauTH-21.png","type":"image\/png"}],"twitter_card":"summary_large_image","twitter_misc":{"\u01af\u1edbc t\u00ednh th\u1eddi gian \u0111\u1ecdc":"2 ph\u00fat"},"schema":{"@context":"https:\/\/schema.org","@graph":[{"@type":"WebPage","@id":"https:\/\/luan.webrt.net\/qhome\/huong-dan-mua-hang\/","url":"https:\/\/luan.webrt.net\/qhome\/huong-dan-mua-hang\/","name":"H\u01b0\u1edbng d\u1eabn mua h\u00e0ng","isPartOf":{"@id":"https:\/\/luan.webrt.net\/qhome\/#website"},"datePublished":"2024-07-29T02:23:05+00:00","dateModified":"2025-11-03T04:06:16+00:00","description":"H\u01b0\u1edbng d\u1eabn mua h\u00e0ng","breadcrumb":{"@id":"https:\/\/luan.webrt.net\/qhome\/huong-dan-mua-hang\/#breadcrumb"},"inLanguage":"vi","potentialAction":[{"@type":"ReadAction","target":["https:\/\/luan.webrt.net\/qhome\/huong-dan-mua-hang\/"]}]},{"@type":"BreadcrumbList","@id":"https:\/\/luan.webrt.net\/qhome\/huong-dan-mua-hang\/#breadcrumb","itemListElement":[{"@type":"ListItem","position":1,"name":"Trang ch\u1ee7","item":"https:\/\/luan.webrt.net\/qhome\/"},{"@type":"ListItem","position":2,"name":"H\u01b0\u1edbng d\u1eabn mua h\u00e0ng"}]},{"@type":"WebSite","@id":"https:\/\/luan.webrt.net\/qhome\/#website","url":"https:\/\/luan.webrt.net\/qhome\/","name":"M\u1eabu web n\u1ed9i th\u1ea5t","description":"QGHome Vi\u1ec7t Nam","publisher":{"@id":"https:\/\/luan.webrt.net\/qhome\/#organization"},"potentialAction":[{"@type":"SearchAction","target":{"@type":"EntryPoint","urlTemplate":"https:\/\/luan.webrt.net\/qhome\/?s={search_term_string}"},"query-input":"required name=search_term_string"}],"inLanguage":"vi"},{"@type":"Organization","@id":"https:\/\/luan.webrt.net\/qhome\/#organization","name":"QGHome","url":"https:\/\/luan.webrt.net\/qhome\/","logo":{"@type":"ImageObject","inLanguage":"vi","@id":"https:\/\/luan.webrt.net\/qhome\/#\/schema\/logo\/image\/","url":"https:\/\/qghome.vn\/wp-content\/uploads\/2025\/08\/logo-mau-MauTH-21.png","contentUrl":"https:\/\/qghome.vn\/wp-content\/uploads\/2025\/08\/logo-mau-MauTH-21.png","width":253,"height":99,"caption":"QGHome"},"image":{"@id":"https:\/\/luan.webrt.net\/qhome\/#\/schema\/logo\/image\/"},"sameAs":["https:\/\/www.tiktok.com\/@qghome.official","https:\/\/www.youtube.com\/channel\/UCeVBuKTXkv-u94DS421cklw","https:\/\/www.facebook.com\/noithatqghome"]}]}},"_links":{"self":[{"href":"https:\/\/luan.webrt.net\/qhome\/wp-json\/wp\/v2\/pages\/11021","targetHints":{"allow":["GET"]}}],"collection":[{"href":"https:\/\/luan.webrt.net\/qhome\/wp-json\/wp\/v2\/pages"}],"about":[{"href":"https:\/\/luan.webrt.net\/qhome\/wp-json\/wp\/v2\/types\/page"}],"author":[{"embeddable":true,"href":"https:\/\/luan.webrt.net\/qhome\/wp-json\/wp\/v2\/users\/5"}],"replies":[{"embeddable":true,"href":"https:\/\/luan.webrt.net\/qhome\/wp-json\/wp\/v2\/comments?post=11021"}],"version-history":[{"count":3,"href":"https:\/\/luan.webrt.net\/qhome\/wp-json\/wp\/v2\/pages\/11021\/revisions"}],"predecessor-version":[{"id":16877,"href":"https:\/\/luan.webrt.net\/qhome\/wp-json\/wp\/v2\/pages\/11021\/revisions\/16877"}],"wp:attachment":[{"href":"https:\/\/luan.webrt.net\/qhome\/wp-json\/wp\/v2\/media?parent=11021"}],"curies":[{"name":"wp","href":"https:\/\/api.w.org\/{rel}","templated":true}]}}